{"id":892,"date":"2016-06-01T20:38:38","date_gmt":"2016-06-01T20:38:38","guid":{"rendered":"https:\/\/capri-matique.com\/client\/aprfae5\/?page_id=8"},"modified":"2018-03-27T16:47:24","modified_gmt":"2018-03-27T20:47:24","slug":"photos-et-videos","status":"publish","type":"page","link":"https:\/\/www.capri-matique.com\/client\/aprfae5\/photos-et-videos\/","title":{"rendered":"Photos et vid\u00e9os"},"content":{"rendered":"<section id=\"homepagepage-id-8\" class=\"builder-section builder-section-first builder-section-text builder-section-last builder-text-columns-3\" style=\"\">\n<div class=\"builder-section-content\">\n<div class=\"builder-text-column builder-text-column-1\" id=\"builder-section-1464813256748-column-1\">\n<div class=\"builder-text-content\">\n\n<\/p><\/div>\n<\/p><\/div>\n<div class=\"builder-text-column builder-text-column-2\" id=\"builder-section-1464813256748-column-2\">\n<div class=\"builder-text-content\">\n<p style=\"text-align: center;\"><strong>Montages vid\u00e9os des diff\u00e9rentes activit\u00e9s <\/strong><\/p>\n<p style=\"text-align: center;\"><a href=\"https:\/\/youtu.be\/VTOLsdEePtQ\" target=\"_blank\">Haute-Yamaska, initiation \u00e0 la danse folklorique<\/a><\/p>\n<p style=\"text-align: center;\"><a href=\"https:\/\/youtu.be\/xbvx4WcCgq8\" target=\"_blank\"><strong>ann\u00e9e 2016-2017\u00a0<\/strong><\/a><\/p>\n<p style=\"text-align: center;\"><a href=\"https:\/\/www.youtube.com\/watch?v=JuckFZlPT6s\" target=\"_blank\">ann\u00e9e 2016<\/a><\/p>\n<p style=\"text-align: center;\"><a href=\"https:\/\/www.youtube.com\/watch?v=x3u2mBduTYY&amp;feature=youtu.be\" target=\"_blank\">ann\u00e9e 2015<\/a><\/p>\n<p style=\"text-align: center;\"><a href=\"https:\/\/www.youtube.com\/watch?v=KQxUDN6tsrw\" target=\"_blank\">APRFAE : 5 ans d\u00e9j\u00e0!<\/a><\/p>\n<p style=\"text-align: center;\"><a href=\"https:\/\/www.youtube.com\/watch?v=NhOjqlZupps\" target=\"_blank\">ann\u00e9e 2014<\/a><\/p>\n<p style=\"text-align: center;\"><a href=\"https:\/\/www.youtube.com\/watch?v=sPauYVkt4aI\" target=\"_blank\">ann\u00e9e 2013<\/a><\/p>\n<p style=\"text-align: center;\"><a href=\"https:\/\/www.youtube.com\/watch?v=SzIK5tcoTfo\" target=\"_blank\">ann\u00e9e 2012<\/a><\/p>\n<p style=\"text-align: center;\"><a href=\"https:\/\/www.youtube.com\/watch?v=hs3vx_OvHlE\" target=\"_blank\">ann\u00e9e 2011<\/a><\/p>\n<p style=\"text-align: center;\"><a href=\"https:\/\/www.youtube.com\/watch?v=F7M8OHAXNO4\" target=\"_blank\">ann\u00e9e 2010<\/a><\/p>\n<\/p><\/div>\n<\/p><\/div>\n<div class=\"builder-text-column builder-text-column-3\" id=\"builder-section-1464813256748-column-3\">\n<div class=\"builder-text-content\">\n\n<\/p><\/div>\n<\/p><\/div>\n<\/p><\/div>\n<\/section>\n","protected":false},"excerpt":{"rendered":"<p>Montages vid\u00e9os des diff\u00e9rentes activit\u00e9s Haute-Yamaska, initiation \u00e0 la danse folklorique ann\u00e9e 2016-2017\u00a0 ann\u00e9e 2016 ann\u00e9e 2015 APRFAE : 5 ans d\u00e9j\u00e0! ann\u00e9e 2014 ann\u00e9e 2013 ann\u00e9e 2012 ann\u00e9e 2011 ann\u00e9e 2010<\/p>\n","protected":false},"author":2,"featured_media":0,"parent":0,"menu_order":0,"comment_status":"closed","ping_status":"closed","template":"template-builder.php","meta":{"footnotes":""},"class_list":["post-892","page","type-page","status-publish","hentry"],"yoast_head":"<!-- This site is optimized with the Yoast SEO plugin v17.3 - https:\/\/yoast.com\/wordpress\/plugins\/seo\/ -->\n<title>Photos et vid\u00e9os - Association de personnes retrait\u00e9es de la FAE<\/title>\n<meta name=\"robots\" content=\"noindex, follow, max-snippet:-1, max-image-preview:large, max-video-preview:-1\" \/>\n<meta property=\"og:locale\" content=\"fr_FR\" \/>\n<meta property=\"og:type\" content=\"article\" \/>\n<meta property=\"og:title\" content=\"Photos et vid\u00e9os - Association de personnes retrait\u00e9es de la FAE\" \/>\n<meta property=\"og:description\" content=\"Montages vid\u00e9os des diff\u00e9rentes activit\u00e9s Haute-Yamaska, initiation \u00e0 la danse folklorique ann\u00e9e 2016-2017\u00a0 ann\u00e9e 2016 ann\u00e9e 2015 APRFAE : 5 ans d\u00e9j\u00e0! ann\u00e9e 2014 ann\u00e9e 2013 ann\u00e9e 2012 ann\u00e9e 2011 ann\u00e9e 2010\" \/>\n<meta property=\"og:url\" content=\"https:\/\/www.capri-matique.com\/client\/aprfae5\/photos-et-videos\/\" \/>\n<meta property=\"og:site_name\" content=\"Association de personnes retrait\u00e9es de la FAE\" \/>\n<meta property=\"article:modified_time\" content=\"2018-03-27T20:47:24+00:00\" \/>\n<meta name=\"twitter:card\" content=\"summary\" \/>\n<script type=\"application\/ld+json\" class=\"yoast-schema-graph\">{\"@context\":\"https:\/\/schema.org\",\"@graph\":[{\"@type\":\"WebSite\",\"@id\":\"https:\/\/www.capri-matique.com\/client\/aprfae5\/#website\",\"url\":\"https:\/\/www.capri-matique.com\/client\/aprfae5\/\",\"name\":\"Association de personnes retrait\\u00e9es de la FAE\",\"description\":\"L&#039;association qui nous unit\",\"potentialAction\":[{\"@type\":\"SearchAction\",\"target\":{\"@type\":\"EntryPoint\",\"urlTemplate\":\"https:\/\/www.capri-matique.com\/client\/aprfae5\/?s={search_term_string}\"},\"query-input\":\"required name=search_term_string\"}],\"inLanguage\":\"fr-FR\"},{\"@type\":\"WebPage\",\"@id\":\"https:\/\/www.capri-matique.com\/client\/aprfae5\/photos-et-videos\/#webpage\",\"url\":\"https:\/\/www.capri-matique.com\/client\/aprfae5\/photos-et-videos\/\",\"name\":\"Photos et vid\\u00e9os - Association de personnes retrait\\u00e9es de la FAE\",\"isPartOf\":{\"@id\":\"https:\/\/www.capri-matique.com\/client\/aprfae5\/#website\"},\"datePublished\":\"2016-06-01T20:38:38+00:00\",\"dateModified\":\"2018-03-27T20:47:24+00:00\",\"breadcrumb\":{\"@id\":\"https:\/\/www.capri-matique.com\/client\/aprfae5\/photos-et-videos\/#breadcrumb\"},\"inLanguage\":\"fr-FR\",\"potentialAction\":[{\"@type\":\"ReadAction\",\"target\":[\"https:\/\/www.capri-matique.com\/client\/aprfae5\/photos-et-videos\/\"]}]},{\"@type\":\"BreadcrumbList\",\"@id\":\"https:\/\/www.capri-matique.com\/client\/aprfae5\/photos-et-videos\/#breadcrumb\",\"itemListElement\":[{\"@type\":\"ListItem\",\"position\":1,\"name\":\"Accueil\",\"item\":\"https:\/\/www.capri-matique.com\/client\/aprfae5\/\"},{\"@type\":\"ListItem\",\"position\":2,\"name\":\"Photos et vid\\u00e9os\"}]}]}<\/script>\n<!-- \/ Yoast SEO plugin. -->","yoast_head_json":{"title":"Photos et vid\u00e9os - Association de personnes retrait\u00e9es de la FAE","robots":{"index":"noindex","follow":"follow","max-snippet":"max-snippet:-1","max-image-preview":"max-image-preview:large","max-video-preview":"max-video-preview:-1"},"og_locale":"fr_FR","og_type":"article","og_title":"Photos et vid\u00e9os - Association de personnes retrait\u00e9es de la FAE","og_description":"Montages vid\u00e9os des diff\u00e9rentes activit\u00e9s Haute-Yamaska, initiation \u00e0 la danse folklorique ann\u00e9e 2016-2017\u00a0 ann\u00e9e 2016 ann\u00e9e 2015 APRFAE : 5 ans d\u00e9j\u00e0! ann\u00e9e 2014 ann\u00e9e 2013 ann\u00e9e 2012 ann\u00e9e 2011 ann\u00e9e 2010","og_url":"https:\/\/www.capri-matique.com\/client\/aprfae5\/photos-et-videos\/","og_site_name":"Association de personnes retrait\u00e9es de la FAE","article_modified_time":"2018-03-27T20:47:24+00:00","twitter_card":"summary","schema":{"@context":"https:\/\/schema.org","@graph":[{"@type":"WebSite","@id":"https:\/\/www.capri-matique.com\/client\/aprfae5\/#website","url":"https:\/\/www.capri-matique.com\/client\/aprfae5\/","name":"Association de personnes retrait\u00e9es de la FAE","description":"L&#039;association qui nous unit","potentialAction":[{"@type":"SearchAction","target":{"@type":"EntryPoint","urlTemplate":"https:\/\/www.capri-matique.com\/client\/aprfae5\/?s={search_term_string}"},"query-input":"required name=search_term_string"}],"inLanguage":"fr-FR"},{"@type":"WebPage","@id":"https:\/\/www.capri-matique.com\/client\/aprfae5\/photos-et-videos\/#webpage","url":"https:\/\/www.capri-matique.com\/client\/aprfae5\/photos-et-videos\/","name":"Photos et vid\u00e9os - Association de personnes retrait\u00e9es de la FAE","isPartOf":{"@id":"https:\/\/www.capri-matique.com\/client\/aprfae5\/#website"},"datePublished":"2016-06-01T20:38:38+00:00","dateModified":"2018-03-27T20:47:24+00:00","breadcrumb":{"@id":"https:\/\/www.capri-matique.com\/client\/aprfae5\/photos-et-videos\/#breadcrumb"},"inLanguage":"fr-FR","potentialAction":[{"@type":"ReadAction","target":["https:\/\/www.capri-matique.com\/client\/aprfae5\/photos-et-videos\/"]}]},{"@type":"BreadcrumbList","@id":"https:\/\/www.capri-matique.com\/client\/aprfae5\/photos-et-videos\/#breadcrumb","itemListElement":[{"@type":"ListItem","position":1,"name":"Accueil","item":"https:\/\/www.capri-matique.com\/client\/aprfae5\/"},{"@type":"ListItem","position":2,"name":"Photos et vid\u00e9os"}]}]}},"_links":{"self":[{"href":"https:\/\/www.capri-matique.com\/client\/aprfae5\/wp-json\/wp\/v2\/pages\/892","targetHints":{"allow":["GET"]}}],"collection":[{"href":"https:\/\/www.capri-matique.com\/client\/aprfae5\/wp-json\/wp\/v2\/pages"}],"about":[{"href":"https:\/\/www.capri-matique.com\/client\/aprfae5\/wp-json\/wp\/v2\/types\/page"}],"author":[{"embeddable":true,"href":"https:\/\/www.capri-matique.com\/client\/aprfae5\/wp-json\/wp\/v2\/users\/2"}],"replies":[{"embeddable":true,"href":"https:\/\/www.capri-matique.com\/client\/aprfae5\/wp-json\/wp\/v2\/comments?post=892"}],"version-history":[{"count":19,"href":"https:\/\/www.capri-matique.com\/client\/aprfae5\/wp-json\/wp\/v2\/pages\/892\/revisions"}],"predecessor-version":[{"id":2427,"href":"https:\/\/www.capri-matique.com\/client\/aprfae5\/wp-json\/wp\/v2\/pages\/892\/revisions\/2427"}],"wp:attachment":[{"href":"https:\/\/www.capri-matique.com\/client\/aprfae5\/wp-json\/wp\/v2\/media?parent=892"}],"curies":[{"name":"wp","href":"https:\/\/api.w.org\/{rel}","templated":true}]}}

Photos et vidéos

<section id="homepagepage-id-8" class="builder-section builder-section-first builder-section-text builder-section-last builder-text-columns-3" style="">
<div class="builder-section-content">
<div class="builder-text-column builder-text-column-1" id="builder-section-1464813256748-column-1">
<div class="builder-text-content">

</p></div>
</p></div>
<div class="builder-text-column builder-text-column-2" id="builder-section-1464813256748-column-2">
<div class="builder-text-content">
<p style="text-align: center;"><strong>Montages vidéos des différentes activités </strong></p>
<p style="text-align: center;"><a href="https://youtu.be/VTOLsdEePtQ" target="_blank">Haute-Yamaska, initiation à la danse folklorique</a></p>
<p style="text-align: center;"><a href="https://youtu.be/xbvx4WcCgq8" target="_blank"><strong>année 2016-2017 </strong></a></p>
<p style="text-align: center;"><a href="https://www.youtube.com/watch?v=JuckFZlPT6s" target="_blank">année 2016</a></p>
<p style="text-align: center;"><a href="https://www.youtube.com/watch?v=x3u2mBduTYY&amp;feature=youtu.be" target="_blank">année 2015</a></p>
<p style="text-align: center;"><a href="https://www.youtube.com/watch?v=KQxUDN6tsrw" target="_blank">APRFAE : 5 ans déjà!</a></p>
<p style="text-align: center;"><a href="https://www.youtube.com/watch?v=NhOjqlZupps" target="_blank">année 2014</a></p>
<p style="text-align: center;"><a href="https://www.youtube.com/watch?v=sPauYVkt4aI" target="_blank">année 2013</a></p>
<p style="text-align: center;"><a href="https://www.youtube.com/watch?v=SzIK5tcoTfo" target="_blank">année 2012</a></p>
<p style="text-align: center;"><a href="https://www.youtube.com/watch?v=hs3vx_OvHlE" target="_blank">année 2011</a></p>
<p style="text-align: center;"><a href="https://www.youtube.com/watch?v=F7M8OHAXNO4" target="_blank">année 2010</a></p>
</p></div>
</p></div>
<div class="builder-text-column builder-text-column-3" id="builder-section-1464813256748-column-3">
<div class="builder-text-content">

</p></div>
</p></div>
</p></div>
</section>

<p>Montages vidéos des différentes activités Haute-Yamaska, initiation à la danse folklorique année 2016-2017  année 2016 année 2015 APRFAE : 5 ans déjà! année 2014 année 2013 année 2012 année 2011 année 2010</p>

<!-- This site is optimized with the Yoast SEO plugin v17.3 - https://yoast.com/wordpress/plugins/seo/ -->
<title>Photos et vidéos - Association de personnes retraitées de la FAE</title>
<meta name="robots" content="noindex, follow, max-snippet:-1, max-image-preview:large, max-video-preview:-1" />
<meta property="og:locale" content="fr_FR" />
<meta property="og:type" content="article" />
<meta property="og:title" content="Photos et vidéos - Association de personnes retraitées de la FAE" />
<meta property="og:description" content="Montages vidéos des différentes activités Haute-Yamaska, initiation à la danse folklorique année 2016-2017  année 2016 année 2015 APRFAE : 5 ans déjà! année 2014 année 2013 année 2012 année 2011 année 2010" />
<meta property="og:url" content="https://www.capri-matique.com/client/aprfae5/photos-et-videos/" />
<meta property="og:site_name" content="Association de personnes retraitées de la FAE" />
<meta property="article:modified_time" content="2018-03-27T20:47:24+00:00" />
<meta name="twitter:card" content="summary" />
<script type="application/ld+json" class="yoast-schema-graph">{"@context":"https://schema.org","@graph":[{"@type":"WebSite","@id":"https://www.capri-matique.com/client/aprfae5/#website","url":"https://www.capri-matique.com/client/aprfae5/","name":"Association de personnes retrait\u00e9es de la FAE","description":"L&#039;association qui nous unit","potentialAction":[{"@type":"SearchAction","target":{"@type":"EntryPoint","urlTemplate":"https://www.capri-matique.com/client/aprfae5/?s={search_term_string}"},"query-input":"required name=search_term_string"}],"inLanguage":"fr-FR"},{"@type":"WebPage","@id":"https://www.capri-matique.com/client/aprfae5/photos-et-videos/#webpage","url":"https://www.capri-matique.com/client/aprfae5/photos-et-videos/","name":"Photos et vid\u00e9os - Association de personnes retrait\u00e9es de la FAE","isPartOf":{"@id":"https://www.capri-matique.com/client/aprfae5/#website"},"datePublished":"2016-06-01T20:38:38+00:00","dateModified":"2018-03-27T20:47:24+00:00","breadcrumb":{"@id":"https://www.capri-matique.com/client/aprfae5/photos-et-videos/#breadcrumb"},"inLanguage":"fr-FR","potentialAction":[{"@type":"ReadAction","target":["https://www.capri-matique.com/client/aprfae5/photos-et-videos/"]}]},{"@type":"BreadcrumbList","@id":"https://www.capri-matique.com/client/aprfae5/photos-et-videos/#breadcrumb","itemListElement":[{"@type":"ListItem","position":1,"name":"Accueil","item":"https://www.capri-matique.com/client/aprfae5/"},{"@type":"ListItem","position":2,"name":"Photos et vid\u00e9os"}]}]}</script>
<!-- / Yoast SEO plugin. -->

Photos et vidéos - Association de personnes retraitées de la FAE

Montages vidéos des différentes activités Haute-Yamaska, initiation à la danse folklorique année 2016-2017  année 2016 année 2015 APRFAE : 5 ans déjà! année 2014 année 2013 année 2012 année 2011 année 2010

Association de personnes retraitées de la FAE
