{"id":810,"date":"2016-06-01T20:38:38","date_gmt":"2016-06-01T20:38:38","guid":{"rendered":"https:\/\/capri-matique.com\/client\/aprfae5\/?page_id=8"},"modified":"2020-04-06T10:14:29","modified_gmt":"2020-04-06T14:14:29","slug":"outaouais","status":"publish","type":"page","link":"https:\/\/www.capri-matique.com\/client\/aprfae5\/avantages-et-rabais\/outaouais\/","title":{"rendered":"Outaouais"},"content":{"rendered":"<section id=\"builder-section-1475004228493\" class=\"builder-section-first builder-section builder-section-panels builder-section-last accordion-mode\" style=\"background-size: cover; background-repeat: no-repeat;background-position: center center;\">\n<div class=\"builder-section-content\">\n<div class=\"ttfmp-accordion-container\" data-height-style=\"\"  data-start-collapsed=\"false\">\n<div id=\"ttfmp-panels-item-title-1475004228515\" class=\"ttfmp-panels-item-title\">\n\t<\/div>\n<div id=\"ttfmp-panels-item-content-1475004228515\" class=\"ttfmp-panels-item-content\">\n<p>OUTAOUAIS<\/p>\n<p>Afin de b\u00e9n\u00e9ficier des rabais, assurez-vous d\u2019avoir toujours votre carte de membre de l\u2019APRFAE avec vous.<\/p>\n<ol>\n<li>MAGASINAGE\u00a0:<\/li>\n<\/ol>\n<ul>\n<li>rabais de 25\u00a0% dans tous les magasins de B\u00e9tonel-Dulux du Qu\u00e9bec, sur les peintures et vernis. Notez que vous devez pr\u00e9senter votre carte de membre ou de membre-associ\u00e9 de l\u2019APRFAE, et on vous demande de mentionner le num\u00e9ro de l\u2019entente\u00a0: 31297174, ce qui acc\u00e9l\u00e9rera le processus d\u2019achat. Notez que lorsque vous demanderez le rabais, il faut sp\u00e9cifier qu\u2019il y a un espace entre les lettres APR et FAE (comme dans le logo de l\u2019association).<\/li>\n<\/ul>\n<ol start=\"2\">\n<li>RESTAURANTS\u00a0:<\/li>\n<\/ol>\n<ul>\n<li>10% de rabais sur pr\u00e9sentation de votre carte de membre chez <em>D\u00e9lectable<\/em>, La cuisine de Lucie <a href=\"mailto:delectable@videotron.ca\">delectable@videotron.ca<\/a>, 819-643-5292 (Amuse-gueules, soupes, salades, plats principaux et desserts). Tous les plats sont faits maison et livraison \u00e0 domicile disponible.<\/li>\n<\/ul>\n<ol start=\"3\">\n<li>SANT\u00c9\u00a0:<\/li>\n<\/ol>\n<ul>\n<li>25\u00a0% de rabais sur pr\u00e9sentation de votre carte de membre chez Massoth\u00e9rapie Danielle et Andr\u00e9 <a href=\"http:\/\/www.massospa.ca\/\">massospa.ca<\/a>, 819-243-6417 ou 819-775-6417 (massage californien, su\u00e9dois, r\u00e9flexologie, kunye, n\u00e9o-reichien, pranashakti, pierres chaudes, reiki, bois de cristal).<\/li>\n<\/ul>\n<ol start=\"4\">\n<li>SERVICES<\/li>\n<\/ol>\n<ul>\n<li>10\u00a0% de rabais sur pr\u00e9sentation de votre carte de membre Service d\u2019imp\u00f4ts Entreprises PNM (30\u00a0ans d\u2019exp\u00e9rience), <u><a href=\"mailto:pnmentreprises@videotron.ca\">pnmentreprises@videotron.ca<\/a><\/u>, 819-246-7109 (Fax: 819-246-7109)<\/li>\n<li>15\u00a0% de rabais sur toutes coupes de cheveux, coloration, mise en plis, traitement de cheveux ou produits ainsi que sur consultation, 613-203-4740, demandez Tabatha<strong><em>.<\/em> <\/strong>Elle se d\u00e9place \u00e0 domicile.<\/li>\n<\/ul>\n<p>\u00a0<\/p>\n<\/div><\/div>\n<\/p><\/div>\n<\/section>\n","protected":false},"excerpt":{"rendered":"<p>OUTAOUAIS Afin de b\u00e9n\u00e9ficier des rabais, assurez-vous d\u2019avoir toujours votre carte de membre de l\u2019APRFAE avec vous. MAGASINAGE\u00a0: rabais de 25\u00a0% dans tous les magasins de B\u00e9tonel-Dulux du Qu\u00e9bec, sur les peintures et vernis. Notez que vous devez pr\u00e9senter votre carte de membre ou de membre-associ\u00e9 de l\u2019APRFAE, et on vous demande de mentionner le &hellip;<\/p>\n","protected":false},"author":2,"featured_media":0,"parent":794,"menu_order":0,"comment_status":"closed","ping_status":"closed","template":"template-builder.php","meta":{"footnotes":""},"class_list":["post-810","page","type-page","status-publish","hentry"],"yoast_head":"<!-- This site is optimized with the Yoast SEO plugin v17.3 - https:\/\/yoast.com\/wordpress\/plugins\/seo\/ -->\n<title>Outaouais - Association de personnes retrait\u00e9es de la FAE<\/title>\n<meta name=\"robots\" content=\"noindex, follow, max-snippet:-1, max-image-preview:large, max-video-preview:-1\" \/>\n<meta property=\"og:locale\" content=\"fr_FR\" \/>\n<meta property=\"og:type\" content=\"article\" \/>\n<meta property=\"og:title\" content=\"Outaouais - Association de personnes retrait\u00e9es de la FAE\" \/>\n<meta property=\"og:description\" content=\"OUTAOUAIS Afin de b\u00e9n\u00e9ficier des rabais, assurez-vous d\u2019avoir toujours votre carte de membre de l\u2019APRFAE avec vous. MAGASINAGE\u00a0: rabais de 25\u00a0% dans tous les magasins de B\u00e9tonel-Dulux du Qu\u00e9bec, sur les peintures et vernis. Notez que vous devez pr\u00e9senter votre carte de membre ou de membre-associ\u00e9 de l\u2019APRFAE, et on vous demande de mentionner le &hellip;\" \/>\n<meta property=\"og:url\" content=\"https:\/\/www.capri-matique.com\/client\/aprfae5\/avantages-et-rabais\/outaouais\/\" \/>\n<meta property=\"og:site_name\" content=\"Association de personnes retrait\u00e9es de la FAE\" \/>\n<meta property=\"article:modified_time\" content=\"2020-04-06T14:14:29+00:00\" \/>\n<meta name=\"twitter:card\" content=\"summary\" \/>\n<meta name=\"twitter:label1\" content=\"Dur\u00e9e de lecture estim\u00e9e\" \/>\n\t<meta name=\"twitter:data1\" content=\"1 minute\" \/>\n<script type=\"application\/ld+json\" class=\"yoast-schema-graph\">{\"@context\":\"https:\/\/schema.org\",\"@graph\":[{\"@type\":\"WebSite\",\"@id\":\"https:\/\/www.capri-matique.com\/client\/aprfae5\/#website\",\"url\":\"https:\/\/www.capri-matique.com\/client\/aprfae5\/\",\"name\":\"Association de personnes retrait\\u00e9es de la FAE\",\"description\":\"L&#039;association qui nous unit\",\"potentialAction\":[{\"@type\":\"SearchAction\",\"target\":{\"@type\":\"EntryPoint\",\"urlTemplate\":\"https:\/\/www.capri-matique.com\/client\/aprfae5\/?s={search_term_string}\"},\"query-input\":\"required name=search_term_string\"}],\"inLanguage\":\"fr-FR\"},{\"@type\":\"WebPage\",\"@id\":\"https:\/\/www.capri-matique.com\/client\/aprfae5\/avantages-et-rabais\/outaouais\/#webpage\",\"url\":\"https:\/\/www.capri-matique.com\/client\/aprfae5\/avantages-et-rabais\/outaouais\/\",\"name\":\"Outaouais - Association de personnes retrait\\u00e9es de la FAE\",\"isPartOf\":{\"@id\":\"https:\/\/www.capri-matique.com\/client\/aprfae5\/#website\"},\"datePublished\":\"2016-06-01T20:38:38+00:00\",\"dateModified\":\"2020-04-06T14:14:29+00:00\",\"breadcrumb\":{\"@id\":\"https:\/\/www.capri-matique.com\/client\/aprfae5\/avantages-et-rabais\/outaouais\/#breadcrumb\"},\"inLanguage\":\"fr-FR\",\"potentialAction\":[{\"@type\":\"ReadAction\",\"target\":[\"https:\/\/www.capri-matique.com\/client\/aprfae5\/avantages-et-rabais\/outaouais\/\"]}]},{\"@type\":\"BreadcrumbList\",\"@id\":\"https:\/\/www.capri-matique.com\/client\/aprfae5\/avantages-et-rabais\/outaouais\/#breadcrumb\",\"itemListElement\":[{\"@type\":\"ListItem\",\"position\":1,\"name\":\"Accueil\",\"item\":\"https:\/\/www.capri-matique.com\/client\/aprfae5\/\"},{\"@type\":\"ListItem\",\"position\":2,\"name\":\"Avantages et rabais\",\"item\":\"https:\/\/www.capri-matique.com\/client\/aprfae5\/avantages-et-rabais\/\"},{\"@type\":\"ListItem\",\"position\":3,\"name\":\"Outaouais\"}]}]}<\/script>\n<!-- \/ Yoast SEO plugin. -->","yoast_head_json":{"title":"Outaouais - Association de personnes retrait\u00e9es de la FAE","robots":{"index":"noindex","follow":"follow","max-snippet":"max-snippet:-1","max-image-preview":"max-image-preview:large","max-video-preview":"max-video-preview:-1"},"og_locale":"fr_FR","og_type":"article","og_title":"Outaouais - Association de personnes retrait\u00e9es de la FAE","og_description":"OUTAOUAIS Afin de b\u00e9n\u00e9ficier des rabais, assurez-vous d\u2019avoir toujours votre carte de membre de l\u2019APRFAE avec vous. MAGASINAGE\u00a0: rabais de 25\u00a0% dans tous les magasins de B\u00e9tonel-Dulux du Qu\u00e9bec, sur les peintures et vernis. Notez que vous devez pr\u00e9senter votre carte de membre ou de membre-associ\u00e9 de l\u2019APRFAE, et on vous demande de mentionner le &hellip;","og_url":"https:\/\/www.capri-matique.com\/client\/aprfae5\/avantages-et-rabais\/outaouais\/","og_site_name":"Association de personnes retrait\u00e9es de la FAE","article_modified_time":"2020-04-06T14:14:29+00:00","twitter_card":"summary","twitter_misc":{"Dur\u00e9e de lecture estim\u00e9e":"1 minute"},"schema":{"@context":"https:\/\/schema.org","@graph":[{"@type":"WebSite","@id":"https:\/\/www.capri-matique.com\/client\/aprfae5\/#website","url":"https:\/\/www.capri-matique.com\/client\/aprfae5\/","name":"Association de personnes retrait\u00e9es de la FAE","description":"L&#039;association qui nous unit","potentialAction":[{"@type":"SearchAction","target":{"@type":"EntryPoint","urlTemplate":"https:\/\/www.capri-matique.com\/client\/aprfae5\/?s={search_term_string}"},"query-input":"required name=search_term_string"}],"inLanguage":"fr-FR"},{"@type":"WebPage","@id":"https:\/\/www.capri-matique.com\/client\/aprfae5\/avantages-et-rabais\/outaouais\/#webpage","url":"https:\/\/www.capri-matique.com\/client\/aprfae5\/avantages-et-rabais\/outaouais\/","name":"Outaouais - Association de personnes retrait\u00e9es de la FAE","isPartOf":{"@id":"https:\/\/www.capri-matique.com\/client\/aprfae5\/#website"},"datePublished":"2016-06-01T20:38:38+00:00","dateModified":"2020-04-06T14:14:29+00:00","breadcrumb":{"@id":"https:\/\/www.capri-matique.com\/client\/aprfae5\/avantages-et-rabais\/outaouais\/#breadcrumb"},"inLanguage":"fr-FR","potentialAction":[{"@type":"ReadAction","target":["https:\/\/www.capri-matique.com\/client\/aprfae5\/avantages-et-rabais\/outaouais\/"]}]},{"@type":"BreadcrumbList","@id":"https:\/\/www.capri-matique.com\/client\/aprfae5\/avantages-et-rabais\/outaouais\/#breadcrumb","itemListElement":[{"@type":"ListItem","position":1,"name":"Accueil","item":"https:\/\/www.capri-matique.com\/client\/aprfae5\/"},{"@type":"ListItem","position":2,"name":"Avantages et rabais","item":"https:\/\/www.capri-matique.com\/client\/aprfae5\/avantages-et-rabais\/"},{"@type":"ListItem","position":3,"name":"Outaouais"}]}]}},"_links":{"self":[{"href":"https:\/\/www.capri-matique.com\/client\/aprfae5\/wp-json\/wp\/v2\/pages\/810","targetHints":{"allow":["GET"]}}],"collection":[{"href":"https:\/\/www.capri-matique.com\/client\/aprfae5\/wp-json\/wp\/v2\/pages"}],"about":[{"href":"https:\/\/www.capri-matique.com\/client\/aprfae5\/wp-json\/wp\/v2\/types\/page"}],"author":[{"embeddable":true,"href":"https:\/\/www.capri-matique.com\/client\/aprfae5\/wp-json\/wp\/v2\/users\/2"}],"replies":[{"embeddable":true,"href":"https:\/\/www.capri-matique.com\/client\/aprfae5\/wp-json\/wp\/v2\/comments?post=810"}],"version-history":[{"count":15,"href":"https:\/\/www.capri-matique.com\/client\/aprfae5\/wp-json\/wp\/v2\/pages\/810\/revisions"}],"predecessor-version":[{"id":6033,"href":"https:\/\/www.capri-matique.com\/client\/aprfae5\/wp-json\/wp\/v2\/pages\/810\/revisions\/6033"}],"up":[{"embeddable":true,"href":"https:\/\/www.capri-matique.com\/client\/aprfae5\/wp-json\/wp\/v2\/pages\/794"}],"wp:attachment":[{"href":"https:\/\/www.capri-matique.com\/client\/aprfae5\/wp-json\/wp\/v2\/media?parent=810"}],"curies":[{"name":"wp","href":"https:\/\/api.w.org\/{rel}","templated":true}]}}