{"id":7550,"date":"2022-03-15T21:11:20","date_gmt":"2022-03-16T01:11:20","guid":{"rendered":"https:\/\/capri-matique.com\/client\/aprfae5\/?page_id=7550"},"modified":"2024-04-15T11:02:56","modified_gmt":"2024-04-15T15:02:56","slug":"inscriptions-activites","status":"publish","type":"page","link":"https:\/\/www.capri-matique.com\/client\/aprfae5\/inscriptions-activites\/","title":{"rendered":"inscriptions-activites"},"content":{"rendered":"<div class=\"activityTemplateRow\" role=\"option\" data-uid=\"762dd95c-e1ba-4354-ba8e-b9b2f5d8fddd\" aria-selected=\"false\">\n<div class=\"row\">\n<div class=\"colGrid colGrid12_9\">\n<div data-bind=\"text: ActivityLabel\">\n<div data-bind=\"text: ActivityLabel\">\n<div data-bind=\"text: ActivityLabel\">\n<div data-bind=\"text: ActivityLabel\">\n<div data-bind=\"text: ActivityLabel\">\n<div data-bind=\"text: ActivityLabel\">\n<div data-bind=\"text: ActivityLabel\">\n<div data-bind=\"text: ActivityLabel\">\n<div data-bind=\"text: ActivityLabel\">\n<div data-bind=\"text: ActivityLabel\"><strong>UNE CHALEUREUSE RENCONTRE AVEC LA MAISON CHEZ DORIS<\/strong><\/div>\n<\/div>\n<\/div>\n<\/div>\n<\/div>\n<\/div>\n<\/div>\n<\/div>\n<\/div>\n<\/div>\n<\/div>\n<\/div>\n<\/div>\n<div data-bind=\"text: ActivityLabel\">\n<div class=\"activityTemplateRow\" role=\"option\" data-uid=\"762dd95c-e1ba-4354-ba8e-b9b2f5d8fddd\" aria-selected=\"false\">\n<div data-bind=\"text: ActivityLabel\">\n<div data-bind=\"text: ActivityLabel\">\n<div data-bind=\"text: ActivityLabel\">\n<div data-bind=\"text: ActivityLabel\">\n<div class=\"activityTemplateRow\" role=\"option\" data-uid=\"762dd95c-e1ba-4354-ba8e-b9b2f5d8fddd\" aria-selected=\"false\">\n<div class=\"row\">\n<div class=\"colGrid colGrid12_9\">\n<div data-bind=\"text: ActivityLabel\">\n<div data-bind=\"text: ActivityLabel\">\n<div class=\"activityTemplateRow\" role=\"option\" data-uid=\"762dd95c-e1ba-4354-ba8e-b9b2f5d8fddd\" aria-selected=\"false\">\n<div class=\"row\">\n<div class=\"colGrid colGrid12_9\">\n<div data-bind=\"text: ActivityLabel\"><span style=\"color: #000000;\"><strong style=\"font-family: verdana, geneva, sans-serif; font-size: 12pt;\"><strong style=\"font-family: Telex, 'Helvetica Neue', Helvetica, Arial, sans-serif; font-size: 1.5rem;\"><span style=\"font-family: verdana, geneva, sans-serif; font-size: 12pt;\">date: 24 avril 2024<\/span><br \/>\n<\/strong><\/strong><\/span><\/div>\n<\/div>\n<\/div>\n<\/div>\n<div data-bind=\"text: ActivityLabel\">\n<div data-bind=\"text: ActivityLabel\"><span style=\"color: #000000;\"><strong><span style=\"font-family: verdana, geneva, sans-serif; font-size: 12pt;\">heure: 13h00<\/span><\/strong><\/span><\/div>\n<div data-bind=\"text: ActivityLabel\"><span style=\"color: #000000;\"><a style=\"color: #000000;\" href=\"https:\/\/capri-matique.com\/client\/aprfae5\/events\/une-chaleureuse-rencontre-avec-la-maison-chez-doris\/\" target=\"_blank\" rel=\"noopener\"><span style=\"font-family: verdana, geneva, sans-serif; font-size: 12pt;\"><strong>plus de d\u00e9tai<\/strong><\/span><span style=\"font-family: verdana, geneva, sans-serif; font-size: 12pt;\"><strong>l<\/strong><\/span><\/a><\/span><\/div>\n<div data-bind=\"text: ActivityLabel\"><a href=\"https:\/\/capri-matique.com\/client\/aprfae5\/events\/une-chaleureuse-rencontre-avec-la-maison-chez-doris\/\" target=\"_blank\" rel=\"noopener\"><span style=\"color: #ffffff; background-color: #8b1d20;\"><span style=\"font-family: 'Varela Round', 'Helvetica Neue', Helvetica, Arial, sans-serif; font-size: 2.2rem; letter-spacing: 1px; text-align: center; background-color: #8b1d20;\"><span style=\"color: #8b1d20;\"><span style=\"color: #ffffff; font-family: verdana, geneva, sans-serif;\">Inscription<\/span><\/span><\/span><\/span><\/a><\/div>\n<\/div>\n<\/div>\n<\/div>\n<\/div>\n<\/div>\n<\/div>\n<\/div>\n<\/div>\n<\/div>\n<\/div>\n<\/div>\n<\/div>\n<div data-bind=\"text: ActivityLabel\"><\/div>\n<div data-bind=\"text: ActivityLabel\">\n<div class=\"activityTemplateRow\" role=\"option\" data-uid=\"762dd95c-e1ba-4354-ba8e-b9b2f5d8fddd\" aria-selected=\"false\">\n<div class=\"row\">\n<div class=\"colGrid colGrid12_9\">\n<div data-bind=\"text: ActivityLabel\">\n<div data-bind=\"text: ActivityLabel\">\n<div data-bind=\"text: ActivityLabel\">\n<div data-bind=\"text: ActivityLabel\">\n<div data-bind=\"text: ActivityLabel\">\n<div data-bind=\"text: ActivityLabel\">\n<div data-bind=\"text: ActivityLabel\">\n<div data-bind=\"text: ActivityLabel\">\n<div data-bind=\"text: ActivityLabel\">\n<div data-bind=\"text: ActivityLabel\"><strong>INITIATION \u00c0 LA DANSE FOLKLORIQUE HAUTE-YAMASKA ET D\u00ceNER<\/strong><\/div>\n<\/div>\n<\/div>\n<\/div>\n<\/div>\n<\/div>\n<\/div>\n<\/div>\n<\/div>\n<\/div>\n<\/div>\n<\/div>\n<\/div>\n<div data-bind=\"text: ActivityLabel\">\n<div class=\"activityTemplateRow\" role=\"option\" data-uid=\"762dd95c-e1ba-4354-ba8e-b9b2f5d8fddd\" aria-selected=\"false\">\n<div data-bind=\"text: ActivityLabel\">\n<div data-bind=\"text: ActivityLabel\">\n<div data-bind=\"text: ActivityLabel\">\n<div data-bind=\"text: ActivityLabel\">\n<div class=\"activityTemplateRow\" role=\"option\" data-uid=\"762dd95c-e1ba-4354-ba8e-b9b2f5d8fddd\" aria-selected=\"false\">\n<div class=\"row\">\n<div class=\"colGrid colGrid12_9\">\n<div data-bind=\"text: ActivityLabel\">\n<div data-bind=\"text: ActivityLabel\">\n<div class=\"activityTemplateRow\" role=\"option\" data-uid=\"762dd95c-e1ba-4354-ba8e-b9b2f5d8fddd\" aria-selected=\"false\">\n<div class=\"row\">\n<div class=\"colGrid colGrid12_9\">\n<div data-bind=\"text: ActivityLabel\"><span style=\"color: #000000;\"><strong style=\"font-family: verdana, geneva, sans-serif; font-size: 12pt;\"><strong style=\"font-family: Telex, 'Helvetica Neue', Helvetica, Arial, sans-serif; font-size: 1.5rem;\"><span style=\"font-family: verdana, geneva, sans-serif; font-size: 12pt;\">date: 25 avril 2024<\/span><br \/>\n<\/strong><\/strong><\/span><\/div>\n<\/div>\n<\/div>\n<\/div>\n<div data-bind=\"text: ActivityLabel\">\n<div data-bind=\"text: ActivityLabel\"><span style=\"color: #000000;\"><strong><span style=\"font-family: verdana, geneva, sans-serif; font-size: 12pt;\">heure: 10h00<\/span><\/strong><\/span><\/div>\n<div data-bind=\"text: ActivityLabel\"><span style=\"color: #000000;\"><a style=\"color: #000000;\" href=\"https:\/\/capri-matique.com\/client\/aprfae5\/events\/initiation-a-la-danse-folklorique-haute-yamaska-et-diner\/\" target=\"_blank\" rel=\"noopener\"><span style=\"font-family: verdana, geneva, sans-serif; font-size: 12pt;\"><strong>plus de d\u00e9tai<\/strong><\/span><span style=\"font-family: verdana, geneva, sans-serif; font-size: 12pt;\"><strong>l<\/strong><\/span><\/a><\/span><\/div>\n<div data-bind=\"text: ActivityLabel\"><a href=\"https:\/\/capri-matique.com\/client\/aprfae5\/events\/initiation-a-la-danse-folklorique-haute-yamaska-et-diner\/\" target=\"_blank\" rel=\"noopener\"><span style=\"color: #ffffff; background-color: #8b1d20;\"><span style=\"font-family: 'Varela Round', 'Helvetica Neue', Helvetica, Arial, sans-serif; font-size: 2.2rem; letter-spacing: 1px; text-align: center; background-color: #8b1d20;\"><span style=\"color: #8b1d20;\"><span style=\"color: #ffffff; font-family: verdana, geneva, sans-serif;\">Inscription<\/span><\/span><\/span><\/span><\/a><\/div>\n<\/div>\n<\/div>\n<\/div>\n<\/div>\n<\/div>\n<\/div>\n<\/div>\n<\/div>\n<\/div>\n<\/div>\n<\/div>\n<\/div>\n<\/div>\n<div class=\"activityTemplateRow\" role=\"option\" data-uid=\"762dd95c-e1ba-4354-ba8e-b9b2f5d8fddd\" aria-selected=\"false\">\n<div data-bind=\"text: ActivityLabel\">\n<hr class=\"ttfmake-hr\" style=\"border-style: double; border-top-width: 6px;\" \/>\n<\/div>\n<div class=\"row\">\n<div class=\"colGrid colGrid12_9\">\n<div data-bind=\"text: ActivityLabel\">\n<div data-bind=\"text: ActivityLabel\"><\/div>\n<\/div>\n<\/div>\n<\/div>\n<div class=\"row\">\n<div class=\"col-xs-12 col-sm-12\"><\/div>\n<\/div>\n<\/div>\n<div class=\"activityTemplateRow\" role=\"option\" data-uid=\"92251f44-8011-48e7-9926-af1fd1848a41\" aria-selected=\"false\">\n<div class=\"row\">\n<div class=\"colGrid colGrid12_3\"><\/div>\n<\/div>\n<div class=\"row\">\n<div class=\"col-xs-12 col-sm-12\"><\/div>\n<\/div>\n<\/div>\n<div class=\"activityTemplateRow\" role=\"option\" data-uid=\"46c914f2-26b6-424f-8ed3-89be0fa5f090\" aria-selected=\"false\">\n<div class=\"row\">\n<div class=\"col-xs-12 col-sm-12\">\n<div class=\"details\"><\/div>\n<\/div>\n<\/div>\n<\/div>\n","protected":false},"excerpt":{"rendered":"<p>UNE CHALEUREUSE RENCONTRE AVEC LA MAISON CHEZ DORIS date: 24 avril 2024 heure: 13h00 plus de d\u00e9tail Inscription INITIATION \u00c0 LA DANSE FOLKLORIQUE HAUTE-YAMASKA ET D\u00ceNER date: 25 avril 2024 heure: 10h00 plus de d\u00e9tail Inscription<\/p>\n","protected":false},"author":2,"featured_media":0,"parent":0,"menu_order":0,"comment_status":"closed","ping_status":"closed","template":"","meta":{"footnotes":""},"class_list":["post-7550","page","type-page","status-publish","hentry"],"yoast_head":"<!-- This site is optimized with the Yoast SEO plugin v17.3 - https:\/\/yoast.com\/wordpress\/plugins\/seo\/ -->\n<title>inscriptions-activites - Association de personnes retrait\u00e9es de la FAE<\/title>\n<meta name=\"robots\" content=\"noindex, follow, max-snippet:-1, max-image-preview:large, max-video-preview:-1\" \/>\n<meta property=\"og:locale\" content=\"fr_FR\" \/>\n<meta property=\"og:type\" content=\"article\" \/>\n<meta property=\"og:title\" content=\"inscriptions-activites - Association de personnes retrait\u00e9es de la FAE\" \/>\n<meta property=\"og:description\" content=\"UNE CHALEUREUSE RENCONTRE AVEC LA MAISON CHEZ DORIS date: 24 avril 2024 heure: 13h00 plus de d\u00e9tail Inscription INITIATION \u00c0 LA DANSE FOLKLORIQUE HAUTE-YAMASKA ET D\u00ceNER date: 25 avril 2024 heure: 10h00 plus de d\u00e9tail Inscription\" \/>\n<meta property=\"og:url\" content=\"https:\/\/www.capri-matique.com\/client\/aprfae5\/inscriptions-activites\/\" \/>\n<meta property=\"og:site_name\" content=\"Association de personnes retrait\u00e9es de la FAE\" \/>\n<meta property=\"article:modified_time\" content=\"2024-04-15T15:02:56+00:00\" \/>\n<meta name=\"twitter:card\" content=\"summary\" \/>\n<meta name=\"twitter:label1\" content=\"Dur\u00e9e de lecture estim\u00e9e\" \/>\n\t<meta name=\"twitter:data1\" content=\"1 minute\" \/>\n<script type=\"application\/ld+json\" class=\"yoast-schema-graph\">{\"@context\":\"https:\/\/schema.org\",\"@graph\":[{\"@type\":\"WebSite\",\"@id\":\"https:\/\/www.capri-matique.com\/client\/aprfae5\/#website\",\"url\":\"https:\/\/www.capri-matique.com\/client\/aprfae5\/\",\"name\":\"Association de personnes retrait\\u00e9es de la FAE\",\"description\":\"L&#039;association qui nous unit\",\"potentialAction\":[{\"@type\":\"SearchAction\",\"target\":{\"@type\":\"EntryPoint\",\"urlTemplate\":\"https:\/\/www.capri-matique.com\/client\/aprfae5\/?s={search_term_string}\"},\"query-input\":\"required name=search_term_string\"}],\"inLanguage\":\"fr-FR\"},{\"@type\":\"WebPage\",\"@id\":\"https:\/\/www.capri-matique.com\/client\/aprfae5\/inscriptions-activites\/#webpage\",\"url\":\"https:\/\/www.capri-matique.com\/client\/aprfae5\/inscriptions-activites\/\",\"name\":\"inscriptions-activites - Association de personnes retrait\\u00e9es de la FAE\",\"isPartOf\":{\"@id\":\"https:\/\/www.capri-matique.com\/client\/aprfae5\/#website\"},\"datePublished\":\"2022-03-16T01:11:20+00:00\",\"dateModified\":\"2024-04-15T15:02:56+00:00\",\"breadcrumb\":{\"@id\":\"https:\/\/www.capri-matique.com\/client\/aprfae5\/inscriptions-activites\/#breadcrumb\"},\"inLanguage\":\"fr-FR\",\"potentialAction\":[{\"@type\":\"ReadAction\",\"target\":[\"https:\/\/www.capri-matique.com\/client\/aprfae5\/inscriptions-activites\/\"]}]},{\"@type\":\"BreadcrumbList\",\"@id\":\"https:\/\/www.capri-matique.com\/client\/aprfae5\/inscriptions-activites\/#breadcrumb\",\"itemListElement\":[{\"@type\":\"ListItem\",\"position\":1,\"name\":\"Accueil\",\"item\":\"https:\/\/www.capri-matique.com\/client\/aprfae5\/\"},{\"@type\":\"ListItem\",\"position\":2,\"name\":\"inscriptions-activites\"}]}]}<\/script>\n<!-- \/ Yoast SEO plugin. -->","yoast_head_json":{"title":"inscriptions-activites - Association de personnes retrait\u00e9es de la FAE","robots":{"index":"noindex","follow":"follow","max-snippet":"max-snippet:-1","max-image-preview":"max-image-preview:large","max-video-preview":"max-video-preview:-1"},"og_locale":"fr_FR","og_type":"article","og_title":"inscriptions-activites - Association de personnes retrait\u00e9es de la FAE","og_description":"UNE CHALEUREUSE RENCONTRE AVEC LA MAISON CHEZ DORIS date: 24 avril 2024 heure: 13h00 plus de d\u00e9tail Inscription INITIATION \u00c0 LA DANSE FOLKLORIQUE HAUTE-YAMASKA ET D\u00ceNER date: 25 avril 2024 heure: 10h00 plus de d\u00e9tail Inscription","og_url":"https:\/\/www.capri-matique.com\/client\/aprfae5\/inscriptions-activites\/","og_site_name":"Association de personnes retrait\u00e9es de la FAE","article_modified_time":"2024-04-15T15:02:56+00:00","twitter_card":"summary","twitter_misc":{"Dur\u00e9e de lecture estim\u00e9e":"1 minute"},"schema":{"@context":"https:\/\/schema.org","@graph":[{"@type":"WebSite","@id":"https:\/\/www.capri-matique.com\/client\/aprfae5\/#website","url":"https:\/\/www.capri-matique.com\/client\/aprfae5\/","name":"Association de personnes retrait\u00e9es de la FAE","description":"L&#039;association qui nous unit","potentialAction":[{"@type":"SearchAction","target":{"@type":"EntryPoint","urlTemplate":"https:\/\/www.capri-matique.com\/client\/aprfae5\/?s={search_term_string}"},"query-input":"required name=search_term_string"}],"inLanguage":"fr-FR"},{"@type":"WebPage","@id":"https:\/\/www.capri-matique.com\/client\/aprfae5\/inscriptions-activites\/#webpage","url":"https:\/\/www.capri-matique.com\/client\/aprfae5\/inscriptions-activites\/","name":"inscriptions-activites - Association de personnes retrait\u00e9es de la FAE","isPartOf":{"@id":"https:\/\/www.capri-matique.com\/client\/aprfae5\/#website"},"datePublished":"2022-03-16T01:11:20+00:00","dateModified":"2024-04-15T15:02:56+00:00","breadcrumb":{"@id":"https:\/\/www.capri-matique.com\/client\/aprfae5\/inscriptions-activites\/#breadcrumb"},"inLanguage":"fr-FR","potentialAction":[{"@type":"ReadAction","target":["https:\/\/www.capri-matique.com\/client\/aprfae5\/inscriptions-activites\/"]}]},{"@type":"BreadcrumbList","@id":"https:\/\/www.capri-matique.com\/client\/aprfae5\/inscriptions-activites\/#breadcrumb","itemListElement":[{"@type":"ListItem","position":1,"name":"Accueil","item":"https:\/\/www.capri-matique.com\/client\/aprfae5\/"},{"@type":"ListItem","position":2,"name":"inscriptions-activites"}]}]}},"_links":{"self":[{"href":"https:\/\/www.capri-matique.com\/client\/aprfae5\/wp-json\/wp\/v2\/pages\/7550","targetHints":{"allow":["GET"]}}],"collection":[{"href":"https:\/\/www.capri-matique.com\/client\/aprfae5\/wp-json\/wp\/v2\/pages"}],"about":[{"href":"https:\/\/www.capri-matique.com\/client\/aprfae5\/wp-json\/wp\/v2\/types\/page"}],"author":[{"embeddable":true,"href":"https:\/\/www.capri-matique.com\/client\/aprfae5\/wp-json\/wp\/v2\/users\/2"}],"replies":[{"embeddable":true,"href":"https:\/\/www.capri-matique.com\/client\/aprfae5\/wp-json\/wp\/v2\/comments?post=7550"}],"version-history":[{"count":82,"href":"https:\/\/www.capri-matique.com\/client\/aprfae5\/wp-json\/wp\/v2\/pages\/7550\/revisions"}],"predecessor-version":[{"id":9063,"href":"https:\/\/www.capri-matique.com\/client\/aprfae5\/wp-json\/wp\/v2\/pages\/7550\/revisions\/9063"}],"wp:attachment":[{"href":"https:\/\/www.capri-matique.com\/client\/aprfae5\/wp-json\/wp\/v2\/media?parent=7550"}],"curies":[{"name":"wp","href":"https:\/\/api.w.org\/{rel}","templated":true}]}}