{"id":6890,"date":"2020-05-06T20:12:50","date_gmt":"2020-05-07T00:12:50","guid":{"rendered":"https:\/\/capri-matique.com\/client\/aprfae5\/?page_id=6320"},"modified":"2021-01-22T10:57:24","modified_gmt":"2021-01-22T15:57:24","slug":"sociopolitique","status":"publish","type":"page","link":"https:\/\/www.capri-matique.com\/client\/aprfae5\/statutaires\/sociopolitique\/","title":{"rendered":"Comit\u00e9 d&#8217;action sociopolitique"},"content":{"rendered":"<section id=\"builder-section-1475010671909\" class=\"builder-section-first builder-section builder-section-panels builder-section-last accordion-mode\" style=\"background-size: cover; background-repeat: no-repeat;background-position: center center;\">\n<div class=\"builder-section-content\">\n<div class=\"ttfmp-accordion-container\" data-height-style=\"\"  data-start-collapsed=\"false\">\n<div id=\"ttfmp-panels-item-title-1475010671919\" class=\"ttfmp-panels-item-title\">\n\t<\/div>\n<div id=\"ttfmp-panels-item-content-1475010671919\" class=\"ttfmp-panels-item-content\">\n<h2><span style=\"color: #000000;\">Le comit\u00e9 d&#8217;action sociopolitique 2020-2021 est form\u00e9 de:<\/span><\/h2>\n<ul>\n<li><span style=\"color: #000000;\">Siham Abou Nasr<\/span><\/li>\n<li><span style=\"color: #000000;\">Ren\u00e9 Nault<\/span><\/li>\n<li><span style=\"color: #000000;\">Christian Page<\/span><\/li>\n<li><span style=\"color: #000000;\">Badi\u00e2a Sekfali<\/span><\/li>\n<li><span style=\"color: #000000;\">Jos\u00e9e White<\/span><\/li>\n<li><span style=\"color: #000000;\">Jocelyne Dupuis, responsable politique<\/span><\/li>\n<\/ul>\n<p><span style=\"color: #000000; text-decoration: underline;\">Son mandat<\/span><br \/><span style=\"color: #000000;\">Le Comit\u00e9 d\u2019action sociopolitique, sous la responsabilit\u00e9 d\u2019un membre du Conseil d\u2019administration, conseille l\u2019Association sur des sujets d\u2019ordre sociopolitique. Il se r\u00e9unit au moins trois (3) fois par ann\u00e9e. Le comit\u00e9 doit:<\/span><br \/><span style=\"color: #000000;\">a) nommer, parmi ses membres, une personne porte-parole ;<\/span><br \/><span style=\"color: #000000;\">b) produire des analyses sur des sujets d\u00e9cid\u00e9s par les instances de l\u2019Association et formuler des recommandations ;<\/span><br \/><span style=\"color: #000000;\">c) participer \u00e0 la formation et \u00e0 l\u2019information des membres ;<\/span><br \/><span style=\"color: #000000;\">d) pouvoir, de sa propre initiative, soumettre, s\u2019il y a lieu, au Comit\u00e9 ex\u00e9cutif des questions \u00e0 d\u00e9battre et des analyses ;<\/span><br \/><span style=\"color: #000000;\">e) avoir le pouvoir d\u2019\u00e9tablir, dans le respect des grandes orientations politiques, des buts et des moyens de l\u2019Association, certaines relations avec les milieux populaire et communautaire ;<\/span><br \/><span style=\"color: #000000;\">f) participer au r\u00e9seau sociopolitique de la FAE.<\/span><\/p>\n<\/div><\/div>\n<\/p><\/div>\n<\/section>\n","protected":false},"excerpt":{"rendered":"<p>Le comit\u00e9 d&#8217;action sociopolitique 2020-2021 est form\u00e9 de: Siham Abou Nasr Ren\u00e9 Nault Christian Page Badi\u00e2a Sekfali Jos\u00e9e White Jocelyne Dupuis, responsable politique Son mandatLe Comit\u00e9 d\u2019action sociopolitique, sous la responsabilit\u00e9 d\u2019un membre du Conseil d\u2019administration, conseille l\u2019Association sur des sujets d\u2019ordre sociopolitique. Il se r\u00e9unit au moins trois (3) fois par ann\u00e9e. Le comit\u00e9 &hellip;<\/p>\n","protected":false},"author":2,"featured_media":0,"parent":556,"menu_order":0,"comment_status":"closed","ping_status":"closed","template":"template-builder.php","meta":{"footnotes":""},"class_list":["post-6890","page","type-page","status-publish","hentry"],"yoast_head":"<!-- This site is optimized with the Yoast SEO plugin v17.3 - https:\/\/yoast.com\/wordpress\/plugins\/seo\/ -->\n<title>Comit\u00e9 d&#039;action sociopolitique - Association de personnes retrait\u00e9es de la FAE<\/title>\n<meta name=\"robots\" content=\"noindex, follow, max-snippet:-1, max-image-preview:large, max-video-preview:-1\" \/>\n<meta property=\"og:locale\" content=\"fr_FR\" \/>\n<meta property=\"og:type\" content=\"article\" \/>\n<meta property=\"og:title\" content=\"Comit\u00e9 d&#039;action sociopolitique - Association de personnes retrait\u00e9es de la FAE\" \/>\n<meta property=\"og:description\" content=\"Le comit\u00e9 d&#8217;action sociopolitique 2020-2021 est form\u00e9 de: Siham Abou Nasr Ren\u00e9 Nault Christian Page Badi\u00e2a Sekfali Jos\u00e9e White Jocelyne Dupuis, responsable politique Son mandatLe Comit\u00e9 d\u2019action sociopolitique, sous la responsabilit\u00e9 d\u2019un membre du Conseil d\u2019administration, conseille l\u2019Association sur des sujets d\u2019ordre sociopolitique. Il se r\u00e9unit au moins trois (3) fois par ann\u00e9e. Le comit\u00e9 &hellip;\" \/>\n<meta property=\"og:url\" content=\"https:\/\/www.capri-matique.com\/client\/aprfae5\/statutaires\/sociopolitique\/\" \/>\n<meta property=\"og:site_name\" content=\"Association de personnes retrait\u00e9es de la FAE\" \/>\n<meta property=\"article:modified_time\" content=\"2021-01-22T15:57:24+00:00\" \/>\n<meta name=\"twitter:card\" content=\"summary\" \/>\n<meta name=\"twitter:label1\" content=\"Dur\u00e9e de lecture estim\u00e9e\" \/>\n\t<meta name=\"twitter:data1\" content=\"1 minute\" \/>\n<script type=\"application\/ld+json\" class=\"yoast-schema-graph\">{\"@context\":\"https:\/\/schema.org\",\"@graph\":[{\"@type\":\"WebSite\",\"@id\":\"https:\/\/www.capri-matique.com\/client\/aprfae5\/#website\",\"url\":\"https:\/\/www.capri-matique.com\/client\/aprfae5\/\",\"name\":\"Association de personnes retrait\\u00e9es de la FAE\",\"description\":\"L&#039;association qui nous unit\",\"potentialAction\":[{\"@type\":\"SearchAction\",\"target\":{\"@type\":\"EntryPoint\",\"urlTemplate\":\"https:\/\/www.capri-matique.com\/client\/aprfae5\/?s={search_term_string}\"},\"query-input\":\"required name=search_term_string\"}],\"inLanguage\":\"fr-FR\"},{\"@type\":\"WebPage\",\"@id\":\"https:\/\/www.capri-matique.com\/client\/aprfae5\/statutaires\/sociopolitique\/#webpage\",\"url\":\"https:\/\/www.capri-matique.com\/client\/aprfae5\/statutaires\/sociopolitique\/\",\"name\":\"Comit\\u00e9 d'action sociopolitique - Association de personnes retrait\\u00e9es de la FAE\",\"isPartOf\":{\"@id\":\"https:\/\/www.capri-matique.com\/client\/aprfae5\/#website\"},\"datePublished\":\"2020-05-07T00:12:50+00:00\",\"dateModified\":\"2021-01-22T15:57:24+00:00\",\"breadcrumb\":{\"@id\":\"https:\/\/www.capri-matique.com\/client\/aprfae5\/statutaires\/sociopolitique\/#breadcrumb\"},\"inLanguage\":\"fr-FR\",\"potentialAction\":[{\"@type\":\"ReadAction\",\"target\":[\"https:\/\/www.capri-matique.com\/client\/aprfae5\/statutaires\/sociopolitique\/\"]}]},{\"@type\":\"BreadcrumbList\",\"@id\":\"https:\/\/www.capri-matique.com\/client\/aprfae5\/statutaires\/sociopolitique\/#breadcrumb\",\"itemListElement\":[{\"@type\":\"ListItem\",\"position\":1,\"name\":\"Accueil\",\"item\":\"https:\/\/www.capri-matique.com\/client\/aprfae5\/\"},{\"@type\":\"ListItem\",\"position\":2,\"name\":\"Comit\\u00e9s statutaires\",\"item\":\"https:\/\/www.capri-matique.com\/client\/aprfae5\/statutaires\/\"},{\"@type\":\"ListItem\",\"position\":3,\"name\":\"Comit\\u00e9 d&#8217;action sociopolitique\"}]}]}<\/script>\n<!-- \/ Yoast SEO plugin. -->","yoast_head_json":{"title":"Comit\u00e9 d'action sociopolitique - Association de personnes retrait\u00e9es de la FAE","robots":{"index":"noindex","follow":"follow","max-snippet":"max-snippet:-1","max-image-preview":"max-image-preview:large","max-video-preview":"max-video-preview:-1"},"og_locale":"fr_FR","og_type":"article","og_title":"Comit\u00e9 d'action sociopolitique - Association de personnes retrait\u00e9es de la FAE","og_description":"Le comit\u00e9 d&#8217;action sociopolitique 2020-2021 est form\u00e9 de: Siham Abou Nasr Ren\u00e9 Nault Christian Page Badi\u00e2a Sekfali Jos\u00e9e White Jocelyne Dupuis, responsable politique Son mandatLe Comit\u00e9 d\u2019action sociopolitique, sous la responsabilit\u00e9 d\u2019un membre du Conseil d\u2019administration, conseille l\u2019Association sur des sujets d\u2019ordre sociopolitique. Il se r\u00e9unit au moins trois (3) fois par ann\u00e9e. Le comit\u00e9 &hellip;","og_url":"https:\/\/www.capri-matique.com\/client\/aprfae5\/statutaires\/sociopolitique\/","og_site_name":"Association de personnes retrait\u00e9es de la FAE","article_modified_time":"2021-01-22T15:57:24+00:00","twitter_card":"summary","twitter_misc":{"Dur\u00e9e de lecture estim\u00e9e":"1 minute"},"schema":{"@context":"https:\/\/schema.org","@graph":[{"@type":"WebSite","@id":"https:\/\/www.capri-matique.com\/client\/aprfae5\/#website","url":"https:\/\/www.capri-matique.com\/client\/aprfae5\/","name":"Association de personnes retrait\u00e9es de la FAE","description":"L&#039;association qui nous unit","potentialAction":[{"@type":"SearchAction","target":{"@type":"EntryPoint","urlTemplate":"https:\/\/www.capri-matique.com\/client\/aprfae5\/?s={search_term_string}"},"query-input":"required name=search_term_string"}],"inLanguage":"fr-FR"},{"@type":"WebPage","@id":"https:\/\/www.capri-matique.com\/client\/aprfae5\/statutaires\/sociopolitique\/#webpage","url":"https:\/\/www.capri-matique.com\/client\/aprfae5\/statutaires\/sociopolitique\/","name":"Comit\u00e9 d'action sociopolitique - Association de personnes retrait\u00e9es de la FAE","isPartOf":{"@id":"https:\/\/www.capri-matique.com\/client\/aprfae5\/#website"},"datePublished":"2020-05-07T00:12:50+00:00","dateModified":"2021-01-22T15:57:24+00:00","breadcrumb":{"@id":"https:\/\/www.capri-matique.com\/client\/aprfae5\/statutaires\/sociopolitique\/#breadcrumb"},"inLanguage":"fr-FR","potentialAction":[{"@type":"ReadAction","target":["https:\/\/www.capri-matique.com\/client\/aprfae5\/statutaires\/sociopolitique\/"]}]},{"@type":"BreadcrumbList","@id":"https:\/\/www.capri-matique.com\/client\/aprfae5\/statutaires\/sociopolitique\/#breadcrumb","itemListElement":[{"@type":"ListItem","position":1,"name":"Accueil","item":"https:\/\/www.capri-matique.com\/client\/aprfae5\/"},{"@type":"ListItem","position":2,"name":"Comit\u00e9s statutaires","item":"https:\/\/www.capri-matique.com\/client\/aprfae5\/statutaires\/"},{"@type":"ListItem","position":3,"name":"Comit\u00e9 d&#8217;action sociopolitique"}]}]}},"_links":{"self":[{"href":"https:\/\/www.capri-matique.com\/client\/aprfae5\/wp-json\/wp\/v2\/pages\/6890","targetHints":{"allow":["GET"]}}],"collection":[{"href":"https:\/\/www.capri-matique.com\/client\/aprfae5\/wp-json\/wp\/v2\/pages"}],"about":[{"href":"https:\/\/www.capri-matique.com\/client\/aprfae5\/wp-json\/wp\/v2\/types\/page"}],"author":[{"embeddable":true,"href":"https:\/\/www.capri-matique.com\/client\/aprfae5\/wp-json\/wp\/v2\/users\/2"}],"replies":[{"embeddable":true,"href":"https:\/\/www.capri-matique.com\/client\/aprfae5\/wp-json\/wp\/v2\/comments?post=6890"}],"version-history":[{"count":4,"href":"https:\/\/www.capri-matique.com\/client\/aprfae5\/wp-json\/wp\/v2\/pages\/6890\/revisions"}],"predecessor-version":[{"id":6899,"href":"https:\/\/www.capri-matique.com\/client\/aprfae5\/wp-json\/wp\/v2\/pages\/6890\/revisions\/6899"}],"up":[{"embeddable":true,"href":"https:\/\/www.capri-matique.com\/client\/aprfae5\/wp-json\/wp\/v2\/pages\/556"}],"wp:attachment":[{"href":"https:\/\/www.capri-matique.com\/client\/aprfae5\/wp-json\/wp\/v2\/media?parent=6890"}],"curies":[{"name":"wp","href":"https:\/\/api.w.org\/{rel}","templated":true}]}}

Comité d&#8217;action sociopolitique

<section id="builder-section-1475010671909" class="builder-section-first builder-section builder-section-panels builder-section-last accordion-mode" style="background-size: cover; background-repeat: no-repeat;background-position: center center;">
<div class="builder-section-content">
<div class="ttfmp-accordion-container" data-height-style=""  data-start-collapsed="false">
<div id="ttfmp-panels-item-title-1475010671919" class="ttfmp-panels-item-title">
	</div>
<div id="ttfmp-panels-item-content-1475010671919" class="ttfmp-panels-item-content">
<h2><span style="color: #000000;">Le comité d&#8217;action sociopolitique 2020-2021 est formé de:</span></h2>
<ul>
<li><span style="color: #000000;">Siham Abou Nasr</span></li>
<li><span style="color: #000000;">René Nault</span></li>
<li><span style="color: #000000;">Christian Page</span></li>
<li><span style="color: #000000;">Badiâa Sekfali</span></li>
<li><span style="color: #000000;">Josée White</span></li>
<li><span style="color: #000000;">Jocelyne Dupuis, responsable politique</span></li>
</ul>
<p><span style="color: #000000; text-decoration: underline;">Son mandat</span><br /><span style="color: #000000;">Le Comité d’action sociopolitique, sous la responsabilité d’un membre du Conseil d’administration, conseille l’Association sur des sujets d’ordre sociopolitique. Il se réunit au moins trois (3) fois par année. Le comité doit:</span><br /><span style="color: #000000;">a) nommer, parmi ses membres, une personne porte-parole ;</span><br /><span style="color: #000000;">b) produire des analyses sur des sujets décidés par les instances de l’Association et formuler des recommandations ;</span><br /><span style="color: #000000;">c) participer à la formation et à l’information des membres ;</span><br /><span style="color: #000000;">d) pouvoir, de sa propre initiative, soumettre, s’il y a lieu, au Comité exécutif des questions à débattre et des analyses ;</span><br /><span style="color: #000000;">e) avoir le pouvoir d’établir, dans le respect des grandes orientations politiques, des buts et des moyens de l’Association, certaines relations avec les milieux populaire et communautaire ;</span><br /><span style="color: #000000;">f) participer au réseau sociopolitique de la FAE.</span></p>
</div></div>
</p></div>
</section>

<p>Le comité d&#8217;action sociopolitique 2020-2021 est formé de: Siham Abou Nasr René Nault Christian Page Badiâa Sekfali Josée White Jocelyne Dupuis, responsable politique Son mandatLe Comité d’action sociopolitique, sous la responsabilité d’un membre du Conseil d’administration, conseille l’Association sur des sujets d’ordre sociopolitique. Il se réunit au moins trois (3) fois par année. Le comité &hellip;</p>

<!-- This site is optimized with the Yoast SEO plugin v17.3 - https://yoast.com/wordpress/plugins/seo/ -->
<title>Comité d&#039;action sociopolitique - Association de personnes retraitées de la FAE</title>
<meta name="robots" content="noindex, follow, max-snippet:-1, max-image-preview:large, max-video-preview:-1" />
<meta property="og:locale" content="fr_FR" />
<meta property="og:type" content="article" />
<meta property="og:title" content="Comité d&#039;action sociopolitique - Association de personnes retraitées de la FAE" />
<meta property="og:description" content="Le comité d&#8217;action sociopolitique 2020-2021 est formé de: Siham Abou Nasr René Nault Christian Page Badiâa Sekfali Josée White Jocelyne Dupuis, responsable politique Son mandatLe Comité d’action sociopolitique, sous la responsabilité d’un membre du Conseil d’administration, conseille l’Association sur des sujets d’ordre sociopolitique. Il se réunit au moins trois (3) fois par année. Le comité &hellip;" />
<meta property="og:url" content="https://www.capri-matique.com/client/aprfae5/statutaires/sociopolitique/" />
<meta property="og:site_name" content="Association de personnes retraitées de la FAE" />
<meta property="article:modified_time" content="2021-01-22T15:57:24+00:00" />
<meta name="twitter:card" content="summary" />
<meta name="twitter:label1" content="Durée de lecture estimée" />
	<meta name="twitter:data1" content="1 minute" />
<script type="application/ld+json" class="yoast-schema-graph">{"@context":"https://schema.org","@graph":[{"@type":"WebSite","@id":"https://www.capri-matique.com/client/aprfae5/#website","url":"https://www.capri-matique.com/client/aprfae5/","name":"Association de personnes retrait\u00e9es de la FAE","description":"L&#039;association qui nous unit","potentialAction":[{"@type":"SearchAction","target":{"@type":"EntryPoint","urlTemplate":"https://www.capri-matique.com/client/aprfae5/?s={search_term_string}"},"query-input":"required name=search_term_string"}],"inLanguage":"fr-FR"},{"@type":"WebPage","@id":"https://www.capri-matique.com/client/aprfae5/statutaires/sociopolitique/#webpage","url":"https://www.capri-matique.com/client/aprfae5/statutaires/sociopolitique/","name":"Comit\u00e9 d'action sociopolitique - Association de personnes retrait\u00e9es de la FAE","isPartOf":{"@id":"https://www.capri-matique.com/client/aprfae5/#website"},"datePublished":"2020-05-07T00:12:50+00:00","dateModified":"2021-01-22T15:57:24+00:00","breadcrumb":{"@id":"https://www.capri-matique.com/client/aprfae5/statutaires/sociopolitique/#breadcrumb"},"inLanguage":"fr-FR","potentialAction":[{"@type":"ReadAction","target":["https://www.capri-matique.com/client/aprfae5/statutaires/sociopolitique/"]}]},{"@type":"BreadcrumbList","@id":"https://www.capri-matique.com/client/aprfae5/statutaires/sociopolitique/#breadcrumb","itemListElement":[{"@type":"ListItem","position":1,"name":"Accueil","item":"https://www.capri-matique.com/client/aprfae5/"},{"@type":"ListItem","position":2,"name":"Comit\u00e9s statutaires","item":"https://www.capri-matique.com/client/aprfae5/statutaires/"},{"@type":"ListItem","position":3,"name":"Comit\u00e9 d&#8217;action sociopolitique"}]}]}</script>
<!-- / Yoast SEO plugin. -->

Comité d'action sociopolitique - Association de personnes retraitées de la FAE

Le comité d&#8217;action sociopolitique 2020-2021 est formé de: Siham Abou Nasr René Nault Christian Page Badiâa Sekfali Josée White Jocelyne Dupuis, responsable politique Son mandatLe Comité d’action sociopolitique, sous la responsabilité d’un membre du Conseil d’administration, conseille l’Association sur des sujets d’ordre sociopolitique. Il se réunit au moins trois (3) fois par année. Le comité &hellip;

Association de personnes retraitées de la FAE

Comités statutaires
