{"id":6769,"date":"2020-05-06T20:12:50","date_gmt":"2020-05-07T00:12:50","guid":{"rendered":"https:\/\/capri-matique.com\/client\/aprfae5\/?page_id=6320"},"modified":"2021-01-06T17:02:20","modified_gmt":"2021-01-06T22:02:20","slug":"comite-statuts","status":"publish","type":"page","link":"https:\/\/www.capri-matique.com\/client\/aprfae5\/statutaires\/comite-statuts\/","title":{"rendered":"Comit\u00e9 des statuts"},"content":{"rendered":"<section id=\"builder-section-1475010671909\" class=\"builder-section-first builder-section builder-section-panels builder-section-last accordion-mode\" style=\"background-size: cover; background-repeat: no-repeat;background-position: center center;\">\n<div class=\"builder-section-content\">\n<div class=\"ttfmp-accordion-container\" data-height-style=\"\"  data-start-collapsed=\"false\">\n<div id=\"ttfmp-panels-item-title-1475010671919\" class=\"ttfmp-panels-item-title\">\n\t<\/div>\n<div id=\"ttfmp-panels-item-content-1475010671919\" class=\"ttfmp-panels-item-content\">\n<h2><span style=\"color: #000000;\">Le comit\u00e9 des statuts 2020-2021 est form\u00e9 de :<\/span><\/h2>\n<ul>\n<li><span style=\"color: #000000;\">Siham Abou Nasr<\/span><\/li>\n<li><span style=\"color: #000000;\">Jean Lavall\u00e9e<\/span><\/li>\n<li><span style=\"color: #000000;\">Andr\u00e9 Patry<\/span><\/li>\n<li><span style=\"color: #000000;\">Jacques Dupont, responsable politique<\/span><\/li>\n<\/ul>\n<p><span style=\"color: #000000; text-decoration: underline;\">Son mandat<\/span><br \/><span style=\"color: #000000;\">Le Comit\u00e9 des statuts, sous la responsabilit\u00e9 de la 1re vice-pr\u00e9sidence, conseille l\u2019Association sur les sujets li\u00e9s aux statuts. Il se r\u00e9unit au moins une fois par ann\u00e9e. Le comit\u00e9 doit :<\/span><br \/><span style=\"color: #000000;\">a) nommer, parmi ses membres, une personne porte-parole ;<\/span><br \/><span style=\"color: #000000;\">b) \u00e9tudier toute proposition de modification aux statuts, tout probl\u00e8me d\u2019interpr\u00e9tation ou d\u2019application et donner son avis au Conseil d\u2019administration ;<\/span><br \/><span style=\"color: #000000;\">c) r\u00e9pondre \u00e0 toute demande particuli\u00e8re des instances de l\u2019Association ;<\/span><br \/><span style=\"color: #000000;\">d) faire au Conseil d\u2019administration toute suggestion ou recommandation susceptible d\u2019am\u00e9liorer les pr\u00e9sents statuts ou le fonctionnement des instances de l\u2019Association ;<\/span><br \/><span style=\"color: #000000;\">e) soumettre au Conseil d\u2019administration les concordances qui s\u2019imposent.<\/span><\/p>\n<\/div><\/div>\n<\/p><\/div>\n<\/section>\n","protected":false},"excerpt":{"rendered":"<p>Le comit\u00e9 des statuts 2020-2021 est form\u00e9 de : Siham Abou Nasr Jean Lavall\u00e9e Andr\u00e9 Patry Jacques Dupont, responsable politique Son mandatLe Comit\u00e9 des statuts, sous la responsabilit\u00e9 de la 1re vice-pr\u00e9sidence, conseille l\u2019Association sur les sujets li\u00e9s aux statuts. Il se r\u00e9unit au moins une fois par ann\u00e9e. Le comit\u00e9 doit :a) nommer, parmi &hellip;<\/p>\n","protected":false},"author":2,"featured_media":0,"parent":556,"menu_order":0,"comment_status":"closed","ping_status":"closed","template":"template-builder.php","meta":{"footnotes":""},"class_list":["post-6769","page","type-page","status-publish","hentry"],"yoast_head":"<!-- This site is optimized with the Yoast SEO plugin v17.3 - https:\/\/yoast.com\/wordpress\/plugins\/seo\/ -->\n<title>Comit\u00e9 des statuts - Association de personnes retrait\u00e9es de la FAE<\/title>\n<meta name=\"robots\" content=\"noindex, follow, max-snippet:-1, max-image-preview:large, max-video-preview:-1\" \/>\n<meta property=\"og:locale\" content=\"fr_FR\" \/>\n<meta property=\"og:type\" content=\"article\" \/>\n<meta property=\"og:title\" content=\"Comit\u00e9 des statuts - Association de personnes retrait\u00e9es de la FAE\" \/>\n<meta property=\"og:description\" content=\"Le comit\u00e9 des statuts 2020-2021 est form\u00e9 de : Siham Abou Nasr Jean Lavall\u00e9e Andr\u00e9 Patry Jacques Dupont, responsable politique Son mandatLe Comit\u00e9 des statuts, sous la responsabilit\u00e9 de la 1re vice-pr\u00e9sidence, conseille l\u2019Association sur les sujets li\u00e9s aux statuts. Il se r\u00e9unit au moins une fois par ann\u00e9e. Le comit\u00e9 doit :a) nommer, parmi &hellip;\" \/>\n<meta property=\"og:url\" content=\"https:\/\/www.capri-matique.com\/client\/aprfae5\/statutaires\/comite-statuts\/\" \/>\n<meta property=\"og:site_name\" content=\"Association de personnes retrait\u00e9es de la FAE\" \/>\n<meta property=\"article:modified_time\" content=\"2021-01-06T22:02:20+00:00\" \/>\n<meta name=\"twitter:card\" content=\"summary\" \/>\n<meta name=\"twitter:label1\" content=\"Dur\u00e9e de lecture estim\u00e9e\" \/>\n\t<meta name=\"twitter:data1\" content=\"1 minute\" \/>\n<script type=\"application\/ld+json\" class=\"yoast-schema-graph\">{\"@context\":\"https:\/\/schema.org\",\"@graph\":[{\"@type\":\"WebSite\",\"@id\":\"https:\/\/www.capri-matique.com\/client\/aprfae5\/#website\",\"url\":\"https:\/\/www.capri-matique.com\/client\/aprfae5\/\",\"name\":\"Association de personnes retrait\\u00e9es de la FAE\",\"description\":\"L&#039;association qui nous unit\",\"potentialAction\":[{\"@type\":\"SearchAction\",\"target\":{\"@type\":\"EntryPoint\",\"urlTemplate\":\"https:\/\/www.capri-matique.com\/client\/aprfae5\/?s={search_term_string}\"},\"query-input\":\"required name=search_term_string\"}],\"inLanguage\":\"fr-FR\"},{\"@type\":\"WebPage\",\"@id\":\"https:\/\/www.capri-matique.com\/client\/aprfae5\/statutaires\/comite-statuts\/#webpage\",\"url\":\"https:\/\/www.capri-matique.com\/client\/aprfae5\/statutaires\/comite-statuts\/\",\"name\":\"Comit\\u00e9 des statuts - Association de personnes retrait\\u00e9es de la FAE\",\"isPartOf\":{\"@id\":\"https:\/\/www.capri-matique.com\/client\/aprfae5\/#website\"},\"datePublished\":\"2020-05-07T00:12:50+00:00\",\"dateModified\":\"2021-01-06T22:02:20+00:00\",\"breadcrumb\":{\"@id\":\"https:\/\/www.capri-matique.com\/client\/aprfae5\/statutaires\/comite-statuts\/#breadcrumb\"},\"inLanguage\":\"fr-FR\",\"potentialAction\":[{\"@type\":\"ReadAction\",\"target\":[\"https:\/\/www.capri-matique.com\/client\/aprfae5\/statutaires\/comite-statuts\/\"]}]},{\"@type\":\"BreadcrumbList\",\"@id\":\"https:\/\/www.capri-matique.com\/client\/aprfae5\/statutaires\/comite-statuts\/#breadcrumb\",\"itemListElement\":[{\"@type\":\"ListItem\",\"position\":1,\"name\":\"Accueil\",\"item\":\"https:\/\/www.capri-matique.com\/client\/aprfae5\/\"},{\"@type\":\"ListItem\",\"position\":2,\"name\":\"Comit\\u00e9s statutaires\",\"item\":\"https:\/\/www.capri-matique.com\/client\/aprfae5\/statutaires\/\"},{\"@type\":\"ListItem\",\"position\":3,\"name\":\"Comit\\u00e9 des statuts\"}]}]}<\/script>\n<!-- \/ Yoast SEO plugin. -->","yoast_head_json":{"title":"Comit\u00e9 des statuts - Association de personnes retrait\u00e9es de la FAE","robots":{"index":"noindex","follow":"follow","max-snippet":"max-snippet:-1","max-image-preview":"max-image-preview:large","max-video-preview":"max-video-preview:-1"},"og_locale":"fr_FR","og_type":"article","og_title":"Comit\u00e9 des statuts - Association de personnes retrait\u00e9es de la FAE","og_description":"Le comit\u00e9 des statuts 2020-2021 est form\u00e9 de : Siham Abou Nasr Jean Lavall\u00e9e Andr\u00e9 Patry Jacques Dupont, responsable politique Son mandatLe Comit\u00e9 des statuts, sous la responsabilit\u00e9 de la 1re vice-pr\u00e9sidence, conseille l\u2019Association sur les sujets li\u00e9s aux statuts. Il se r\u00e9unit au moins une fois par ann\u00e9e. Le comit\u00e9 doit :a) nommer, parmi &hellip;","og_url":"https:\/\/www.capri-matique.com\/client\/aprfae5\/statutaires\/comite-statuts\/","og_site_name":"Association de personnes retrait\u00e9es de la FAE","article_modified_time":"2021-01-06T22:02:20+00:00","twitter_card":"summary","twitter_misc":{"Dur\u00e9e de lecture estim\u00e9e":"1 minute"},"schema":{"@context":"https:\/\/schema.org","@graph":[{"@type":"WebSite","@id":"https:\/\/www.capri-matique.com\/client\/aprfae5\/#website","url":"https:\/\/www.capri-matique.com\/client\/aprfae5\/","name":"Association de personnes retrait\u00e9es de la FAE","description":"L&#039;association qui nous unit","potentialAction":[{"@type":"SearchAction","target":{"@type":"EntryPoint","urlTemplate":"https:\/\/www.capri-matique.com\/client\/aprfae5\/?s={search_term_string}"},"query-input":"required name=search_term_string"}],"inLanguage":"fr-FR"},{"@type":"WebPage","@id":"https:\/\/www.capri-matique.com\/client\/aprfae5\/statutaires\/comite-statuts\/#webpage","url":"https:\/\/www.capri-matique.com\/client\/aprfae5\/statutaires\/comite-statuts\/","name":"Comit\u00e9 des statuts - Association de personnes retrait\u00e9es de la FAE","isPartOf":{"@id":"https:\/\/www.capri-matique.com\/client\/aprfae5\/#website"},"datePublished":"2020-05-07T00:12:50+00:00","dateModified":"2021-01-06T22:02:20+00:00","breadcrumb":{"@id":"https:\/\/www.capri-matique.com\/client\/aprfae5\/statutaires\/comite-statuts\/#breadcrumb"},"inLanguage":"fr-FR","potentialAction":[{"@type":"ReadAction","target":["https:\/\/www.capri-matique.com\/client\/aprfae5\/statutaires\/comite-statuts\/"]}]},{"@type":"BreadcrumbList","@id":"https:\/\/www.capri-matique.com\/client\/aprfae5\/statutaires\/comite-statuts\/#breadcrumb","itemListElement":[{"@type":"ListItem","position":1,"name":"Accueil","item":"https:\/\/www.capri-matique.com\/client\/aprfae5\/"},{"@type":"ListItem","position":2,"name":"Comit\u00e9s statutaires","item":"https:\/\/www.capri-matique.com\/client\/aprfae5\/statutaires\/"},{"@type":"ListItem","position":3,"name":"Comit\u00e9 des statuts"}]}]}},"_links":{"self":[{"href":"https:\/\/www.capri-matique.com\/client\/aprfae5\/wp-json\/wp\/v2\/pages\/6769","targetHints":{"allow":["GET"]}}],"collection":[{"href":"https:\/\/www.capri-matique.com\/client\/aprfae5\/wp-json\/wp\/v2\/pages"}],"about":[{"href":"https:\/\/www.capri-matique.com\/client\/aprfae5\/wp-json\/wp\/v2\/types\/page"}],"author":[{"embeddable":true,"href":"https:\/\/www.capri-matique.com\/client\/aprfae5\/wp-json\/wp\/v2\/users\/2"}],"replies":[{"embeddable":true,"href":"https:\/\/www.capri-matique.com\/client\/aprfae5\/wp-json\/wp\/v2\/comments?post=6769"}],"version-history":[{"count":4,"href":"https:\/\/www.capri-matique.com\/client\/aprfae5\/wp-json\/wp\/v2\/pages\/6769\/revisions"}],"predecessor-version":[{"id":6785,"href":"https:\/\/www.capri-matique.com\/client\/aprfae5\/wp-json\/wp\/v2\/pages\/6769\/revisions\/6785"}],"up":[{"embeddable":true,"href":"https:\/\/www.capri-matique.com\/client\/aprfae5\/wp-json\/wp\/v2\/pages\/556"}],"wp:attachment":[{"href":"https:\/\/www.capri-matique.com\/client\/aprfae5\/wp-json\/wp\/v2\/media?parent=6769"}],"curies":[{"name":"wp","href":"https:\/\/api.w.org\/{rel}","templated":true}]}}

Comité des statuts

<section id="builder-section-1475010671909" class="builder-section-first builder-section builder-section-panels builder-section-last accordion-mode" style="background-size: cover; background-repeat: no-repeat;background-position: center center;">
<div class="builder-section-content">
<div class="ttfmp-accordion-container" data-height-style=""  data-start-collapsed="false">
<div id="ttfmp-panels-item-title-1475010671919" class="ttfmp-panels-item-title">
	</div>
<div id="ttfmp-panels-item-content-1475010671919" class="ttfmp-panels-item-content">
<h2><span style="color: #000000;">Le comité des statuts 2020-2021 est formé de :</span></h2>
<ul>
<li><span style="color: #000000;">Siham Abou Nasr</span></li>
<li><span style="color: #000000;">Jean Lavallée</span></li>
<li><span style="color: #000000;">André Patry</span></li>
<li><span style="color: #000000;">Jacques Dupont, responsable politique</span></li>
</ul>
<p><span style="color: #000000; text-decoration: underline;">Son mandat</span><br /><span style="color: #000000;">Le Comité des statuts, sous la responsabilité de la 1re vice-présidence, conseille l’Association sur les sujets liés aux statuts. Il se réunit au moins une fois par année. Le comité doit :</span><br /><span style="color: #000000;">a) nommer, parmi ses membres, une personne porte-parole ;</span><br /><span style="color: #000000;">b) étudier toute proposition de modification aux statuts, tout problème d’interprétation ou d’application et donner son avis au Conseil d’administration ;</span><br /><span style="color: #000000;">c) répondre à toute demande particulière des instances de l’Association ;</span><br /><span style="color: #000000;">d) faire au Conseil d’administration toute suggestion ou recommandation susceptible d’améliorer les présents statuts ou le fonctionnement des instances de l’Association ;</span><br /><span style="color: #000000;">e) soumettre au Conseil d’administration les concordances qui s’imposent.</span></p>
</div></div>
</p></div>
</section>

<p>Le comité des statuts 2020-2021 est formé de : Siham Abou Nasr Jean Lavallée André Patry Jacques Dupont, responsable politique Son mandatLe Comité des statuts, sous la responsabilité de la 1re vice-présidence, conseille l’Association sur les sujets liés aux statuts. Il se réunit au moins une fois par année. Le comité doit :a) nommer, parmi &hellip;</p>

<!-- This site is optimized with the Yoast SEO plugin v17.3 - https://yoast.com/wordpress/plugins/seo/ -->
<title>Comité des statuts - Association de personnes retraitées de la FAE</title>
<meta name="robots" content="noindex, follow, max-snippet:-1, max-image-preview:large, max-video-preview:-1" />
<meta property="og:locale" content="fr_FR" />
<meta property="og:type" content="article" />
<meta property="og:title" content="Comité des statuts - Association de personnes retraitées de la FAE" />
<meta property="og:description" content="Le comité des statuts 2020-2021 est formé de : Siham Abou Nasr Jean Lavallée André Patry Jacques Dupont, responsable politique Son mandatLe Comité des statuts, sous la responsabilité de la 1re vice-présidence, conseille l’Association sur les sujets liés aux statuts. Il se réunit au moins une fois par année. Le comité doit :a) nommer, parmi &hellip;" />
<meta property="og:url" content="https://www.capri-matique.com/client/aprfae5/statutaires/comite-statuts/" />
<meta property="og:site_name" content="Association de personnes retraitées de la FAE" />
<meta property="article:modified_time" content="2021-01-06T22:02:20+00:00" />
<meta name="twitter:card" content="summary" />
<meta name="twitter:label1" content="Durée de lecture estimée" />
	<meta name="twitter:data1" content="1 minute" />
<script type="application/ld+json" class="yoast-schema-graph">{"@context":"https://schema.org","@graph":[{"@type":"WebSite","@id":"https://www.capri-matique.com/client/aprfae5/#website","url":"https://www.capri-matique.com/client/aprfae5/","name":"Association de personnes retrait\u00e9es de la FAE","description":"L&#039;association qui nous unit","potentialAction":[{"@type":"SearchAction","target":{"@type":"EntryPoint","urlTemplate":"https://www.capri-matique.com/client/aprfae5/?s={search_term_string}"},"query-input":"required name=search_term_string"}],"inLanguage":"fr-FR"},{"@type":"WebPage","@id":"https://www.capri-matique.com/client/aprfae5/statutaires/comite-statuts/#webpage","url":"https://www.capri-matique.com/client/aprfae5/statutaires/comite-statuts/","name":"Comit\u00e9 des statuts - Association de personnes retrait\u00e9es de la FAE","isPartOf":{"@id":"https://www.capri-matique.com/client/aprfae5/#website"},"datePublished":"2020-05-07T00:12:50+00:00","dateModified":"2021-01-06T22:02:20+00:00","breadcrumb":{"@id":"https://www.capri-matique.com/client/aprfae5/statutaires/comite-statuts/#breadcrumb"},"inLanguage":"fr-FR","potentialAction":[{"@type":"ReadAction","target":["https://www.capri-matique.com/client/aprfae5/statutaires/comite-statuts/"]}]},{"@type":"BreadcrumbList","@id":"https://www.capri-matique.com/client/aprfae5/statutaires/comite-statuts/#breadcrumb","itemListElement":[{"@type":"ListItem","position":1,"name":"Accueil","item":"https://www.capri-matique.com/client/aprfae5/"},{"@type":"ListItem","position":2,"name":"Comit\u00e9s statutaires","item":"https://www.capri-matique.com/client/aprfae5/statutaires/"},{"@type":"ListItem","position":3,"name":"Comit\u00e9 des statuts"}]}]}</script>
<!-- / Yoast SEO plugin. -->

Comité des statuts - Association de personnes retraitées de la FAE

Le comité des statuts 2020-2021 est formé de : Siham Abou Nasr Jean Lavallée André Patry Jacques Dupont, responsable politique Son mandatLe Comité des statuts, sous la responsabilité de la 1re vice-présidence, conseille l’Association sur les sujets liés aux statuts. Il se réunit au moins une fois par année. Le comité doit :a) nommer, parmi &hellip;

Association de personnes retraitées de la FAE

Comités statutaires
