{"id":6760,"date":"2020-05-06T20:12:50","date_gmt":"2020-05-07T00:12:50","guid":{"rendered":"https:\/\/capri-matique.com\/client\/aprfae5\/?page_id=6320"},"modified":"2021-04-23T09:09:08","modified_gmt":"2021-04-23T13:09:08","slug":"comite-condition-des-femmes","status":"publish","type":"page","link":"https:\/\/www.capri-matique.com\/client\/aprfae5\/statutaires\/comite-condition-des-femmes\/","title":{"rendered":"Comit\u00e9 de la condition des femmes"},"content":{"rendered":"<section id=\"builder-section-1475010671909\" class=\"builder-section-first builder-section builder-section-panels builder-section-last accordion-mode\" style=\"background-size: cover; background-repeat: no-repeat;background-position: center center;\">\n<div class=\"builder-section-content\">\n<div class=\"ttfmp-accordion-container\" data-height-style=\"\"  data-start-collapsed=\"false\">\n<div id=\"ttfmp-panels-item-title-1475010671919\" class=\"ttfmp-panels-item-title\">\n\t<\/div>\n<div id=\"ttfmp-panels-item-content-1475010671919\" class=\"ttfmp-panels-item-content\">\n<p>\u00a0<\/p>\n<h2 style=\"text-align: justify;\"><span style=\"color: #000000; font-size: 16pt;\">Le comit\u00e9 de la condition des femmes (CCF) 2020-2021 est form\u00e9 de :<\/span><\/h2>\n<ul>\n<li><span style=\"color: #000000;\">Michelle Giard<\/span><\/li>\n<li><span style=\"color: #000000;\">Christine Lord<\/span><\/li>\n<li><span style=\"color: #000000;\">Marie-Andr\u00e9e Nantel<\/span><\/li>\n<li><span style=\"color: #000000;\">Maryse V\u00e9zina<\/span><\/li>\n<li><span style=\"color: #000000;\">Jos\u00e9e White<\/span><\/li>\n<li><span style=\"color: #000000;\">Martine Roberge, responsable politique<\/span><\/li>\n<\/ul>\n<p><span style=\"color: #000000;\"><u>Son mandat<\/u><\/span><\/p>\n<p><span style=\"color: #000000;\">Le Comit\u00e9 de la condition des femmes, sous la responsabilit\u00e9 d\u2019une femme du Conseil d\u2019administration, conseille l\u2019Association sur des sujets li\u00e9s \u00e0 la condition des femmes. Il se r\u00e9unit au moins trois\u00a0(3)\u00a0fois par ann\u00e9e. Le comit\u00e9 doit\u00a0:<\/span><\/p>\n<ol>\n<li><span style=\"color: #000000;\">nommer, parmi ses membres, une personne porte-parole\u00a0;<\/span><\/li>\n<li><span style=\"color: #000000;\">produire des analyses sur les sujets d\u00e9cid\u00e9s par les instances de l\u2019Association et formuler des recommandations\u00a0;<\/span><\/li>\n<li><span style=\"color: #000000;\">participer \u00e0 l\u2019information et \u00e0 la formation des membres\u00a0;<\/span><\/li>\n<li><span style=\"color: #000000;\">pouvoir, de sa propre initiative, soumettre au Comit\u00e9 ex\u00e9cutif des questions \u00e0 d\u00e9battre et des analyses\u00a0;<\/span><\/li>\n<li><span style=\"color: #000000;\">avoir le pouvoir d\u2019\u00e9tablir, dans le respect des grandes orientations politiques, des buts et des moyens de l\u2019Association, certaines relations avec le milieu populaire et communautaire\u00a0;<\/span><\/li>\n<li><span style=\"color: #000000;\">participer au Comit\u00e9 de la condition des femmes de la FAE\u00a0;<\/span><\/li>\n<li><span style=\"color: #000000;\">participer au r\u00e9seau des femmes de la FAE.<\/span><\/li>\n<\/ol>\n<\/div><\/div>\n<\/p><\/div>\n<\/section>\n","protected":false},"excerpt":{"rendered":"<p>\u00a0 Le comit\u00e9 de la condition des femmes (CCF) 2020-2021 est form\u00e9 de : Michelle Giard Christine Lord Marie-Andr\u00e9e Nantel Maryse V\u00e9zina Jos\u00e9e White Martine Roberge, responsable politique Son mandat Le Comit\u00e9 de la condition des femmes, sous la responsabilit\u00e9 d\u2019une femme du Conseil d\u2019administration, conseille l\u2019Association sur des sujets li\u00e9s \u00e0 la condition des &hellip;<\/p>\n","protected":false},"author":2,"featured_media":0,"parent":556,"menu_order":0,"comment_status":"closed","ping_status":"closed","template":"template-builder.php","meta":{"footnotes":""},"class_list":["post-6760","page","type-page","status-publish","hentry"],"yoast_head":"<!-- This site is optimized with the Yoast SEO plugin v17.3 - https:\/\/yoast.com\/wordpress\/plugins\/seo\/ -->\n<title>Comit\u00e9 de la condition des femmes - Association de personnes retrait\u00e9es de la FAE<\/title>\n<meta name=\"robots\" content=\"noindex, follow, max-snippet:-1, max-image-preview:large, max-video-preview:-1\" \/>\n<meta property=\"og:locale\" content=\"fr_FR\" \/>\n<meta property=\"og:type\" content=\"article\" \/>\n<meta property=\"og:title\" content=\"Comit\u00e9 de la condition des femmes - Association de personnes retrait\u00e9es de la FAE\" \/>\n<meta property=\"og:description\" content=\"\u00a0 Le comit\u00e9 de la condition des femmes (CCF) 2020-2021 est form\u00e9 de : Michelle Giard Christine Lord Marie-Andr\u00e9e Nantel Maryse V\u00e9zina Jos\u00e9e White Martine Roberge, responsable politique Son mandat Le Comit\u00e9 de la condition des femmes, sous la responsabilit\u00e9 d\u2019une femme du Conseil d\u2019administration, conseille l\u2019Association sur des sujets li\u00e9s \u00e0 la condition des &hellip;\" \/>\n<meta property=\"og:url\" content=\"https:\/\/www.capri-matique.com\/client\/aprfae5\/statutaires\/comite-condition-des-femmes\/\" \/>\n<meta property=\"og:site_name\" content=\"Association de personnes retrait\u00e9es de la FAE\" \/>\n<meta property=\"article:modified_time\" content=\"2021-04-23T13:09:08+00:00\" \/>\n<meta name=\"twitter:card\" content=\"summary\" \/>\n<meta name=\"twitter:label1\" content=\"Dur\u00e9e de lecture estim\u00e9e\" \/>\n\t<meta name=\"twitter:data1\" content=\"1 minute\" \/>\n<script type=\"application\/ld+json\" class=\"yoast-schema-graph\">{\"@context\":\"https:\/\/schema.org\",\"@graph\":[{\"@type\":\"WebSite\",\"@id\":\"https:\/\/www.capri-matique.com\/client\/aprfae5\/#website\",\"url\":\"https:\/\/www.capri-matique.com\/client\/aprfae5\/\",\"name\":\"Association de personnes retrait\\u00e9es de la FAE\",\"description\":\"L&#039;association qui nous unit\",\"potentialAction\":[{\"@type\":\"SearchAction\",\"target\":{\"@type\":\"EntryPoint\",\"urlTemplate\":\"https:\/\/www.capri-matique.com\/client\/aprfae5\/?s={search_term_string}\"},\"query-input\":\"required name=search_term_string\"}],\"inLanguage\":\"fr-FR\"},{\"@type\":\"WebPage\",\"@id\":\"https:\/\/www.capri-matique.com\/client\/aprfae5\/statutaires\/comite-condition-des-femmes\/#webpage\",\"url\":\"https:\/\/www.capri-matique.com\/client\/aprfae5\/statutaires\/comite-condition-des-femmes\/\",\"name\":\"Comit\\u00e9 de la condition des femmes - Association de personnes retrait\\u00e9es de la FAE\",\"isPartOf\":{\"@id\":\"https:\/\/www.capri-matique.com\/client\/aprfae5\/#website\"},\"datePublished\":\"2020-05-07T00:12:50+00:00\",\"dateModified\":\"2021-04-23T13:09:08+00:00\",\"breadcrumb\":{\"@id\":\"https:\/\/www.capri-matique.com\/client\/aprfae5\/statutaires\/comite-condition-des-femmes\/#breadcrumb\"},\"inLanguage\":\"fr-FR\",\"potentialAction\":[{\"@type\":\"ReadAction\",\"target\":[\"https:\/\/www.capri-matique.com\/client\/aprfae5\/statutaires\/comite-condition-des-femmes\/\"]}]},{\"@type\":\"BreadcrumbList\",\"@id\":\"https:\/\/www.capri-matique.com\/client\/aprfae5\/statutaires\/comite-condition-des-femmes\/#breadcrumb\",\"itemListElement\":[{\"@type\":\"ListItem\",\"position\":1,\"name\":\"Accueil\",\"item\":\"https:\/\/www.capri-matique.com\/client\/aprfae5\/\"},{\"@type\":\"ListItem\",\"position\":2,\"name\":\"Comit\\u00e9s statutaires\",\"item\":\"https:\/\/www.capri-matique.com\/client\/aprfae5\/statutaires\/\"},{\"@type\":\"ListItem\",\"position\":3,\"name\":\"Comit\\u00e9 de la condition des femmes\"}]}]}<\/script>\n<!-- \/ Yoast SEO plugin. -->","yoast_head_json":{"title":"Comit\u00e9 de la condition des femmes - Association de personnes retrait\u00e9es de la FAE","robots":{"index":"noindex","follow":"follow","max-snippet":"max-snippet:-1","max-image-preview":"max-image-preview:large","max-video-preview":"max-video-preview:-1"},"og_locale":"fr_FR","og_type":"article","og_title":"Comit\u00e9 de la condition des femmes - Association de personnes retrait\u00e9es de la FAE","og_description":"\u00a0 Le comit\u00e9 de la condition des femmes (CCF) 2020-2021 est form\u00e9 de : Michelle Giard Christine Lord Marie-Andr\u00e9e Nantel Maryse V\u00e9zina Jos\u00e9e White Martine Roberge, responsable politique Son mandat Le Comit\u00e9 de la condition des femmes, sous la responsabilit\u00e9 d\u2019une femme du Conseil d\u2019administration, conseille l\u2019Association sur des sujets li\u00e9s \u00e0 la condition des &hellip;","og_url":"https:\/\/www.capri-matique.com\/client\/aprfae5\/statutaires\/comite-condition-des-femmes\/","og_site_name":"Association de personnes retrait\u00e9es de la FAE","article_modified_time":"2021-04-23T13:09:08+00:00","twitter_card":"summary","twitter_misc":{"Dur\u00e9e de lecture estim\u00e9e":"1 minute"},"schema":{"@context":"https:\/\/schema.org","@graph":[{"@type":"WebSite","@id":"https:\/\/www.capri-matique.com\/client\/aprfae5\/#website","url":"https:\/\/www.capri-matique.com\/client\/aprfae5\/","name":"Association de personnes retrait\u00e9es de la FAE","description":"L&#039;association qui nous unit","potentialAction":[{"@type":"SearchAction","target":{"@type":"EntryPoint","urlTemplate":"https:\/\/www.capri-matique.com\/client\/aprfae5\/?s={search_term_string}"},"query-input":"required name=search_term_string"}],"inLanguage":"fr-FR"},{"@type":"WebPage","@id":"https:\/\/www.capri-matique.com\/client\/aprfae5\/statutaires\/comite-condition-des-femmes\/#webpage","url":"https:\/\/www.capri-matique.com\/client\/aprfae5\/statutaires\/comite-condition-des-femmes\/","name":"Comit\u00e9 de la condition des femmes - Association de personnes retrait\u00e9es de la FAE","isPartOf":{"@id":"https:\/\/www.capri-matique.com\/client\/aprfae5\/#website"},"datePublished":"2020-05-07T00:12:50+00:00","dateModified":"2021-04-23T13:09:08+00:00","breadcrumb":{"@id":"https:\/\/www.capri-matique.com\/client\/aprfae5\/statutaires\/comite-condition-des-femmes\/#breadcrumb"},"inLanguage":"fr-FR","potentialAction":[{"@type":"ReadAction","target":["https:\/\/www.capri-matique.com\/client\/aprfae5\/statutaires\/comite-condition-des-femmes\/"]}]},{"@type":"BreadcrumbList","@id":"https:\/\/www.capri-matique.com\/client\/aprfae5\/statutaires\/comite-condition-des-femmes\/#breadcrumb","itemListElement":[{"@type":"ListItem","position":1,"name":"Accueil","item":"https:\/\/www.capri-matique.com\/client\/aprfae5\/"},{"@type":"ListItem","position":2,"name":"Comit\u00e9s statutaires","item":"https:\/\/www.capri-matique.com\/client\/aprfae5\/statutaires\/"},{"@type":"ListItem","position":3,"name":"Comit\u00e9 de la condition des femmes"}]}]}},"_links":{"self":[{"href":"https:\/\/www.capri-matique.com\/client\/aprfae5\/wp-json\/wp\/v2\/pages\/6760","targetHints":{"allow":["GET"]}}],"collection":[{"href":"https:\/\/www.capri-matique.com\/client\/aprfae5\/wp-json\/wp\/v2\/pages"}],"about":[{"href":"https:\/\/www.capri-matique.com\/client\/aprfae5\/wp-json\/wp\/v2\/types\/page"}],"author":[{"embeddable":true,"href":"https:\/\/www.capri-matique.com\/client\/aprfae5\/wp-json\/wp\/v2\/users\/2"}],"replies":[{"embeddable":true,"href":"https:\/\/www.capri-matique.com\/client\/aprfae5\/wp-json\/wp\/v2\/comments?post=6760"}],"version-history":[{"count":12,"href":"https:\/\/www.capri-matique.com\/client\/aprfae5\/wp-json\/wp\/v2\/pages\/6760\/revisions"}],"predecessor-version":[{"id":7021,"href":"https:\/\/www.capri-matique.com\/client\/aprfae5\/wp-json\/wp\/v2\/pages\/6760\/revisions\/7021"}],"up":[{"embeddable":true,"href":"https:\/\/www.capri-matique.com\/client\/aprfae5\/wp-json\/wp\/v2\/pages\/556"}],"wp:attachment":[{"href":"https:\/\/www.capri-matique.com\/client\/aprfae5\/wp-json\/wp\/v2\/media?parent=6760"}],"curies":[{"name":"wp","href":"https:\/\/api.w.org\/{rel}","templated":true}]}}

Comité de la condition des femmes

<section id="builder-section-1475010671909" class="builder-section-first builder-section builder-section-panels builder-section-last accordion-mode" style="background-size: cover; background-repeat: no-repeat;background-position: center center;">
<div class="builder-section-content">
<div class="ttfmp-accordion-container" data-height-style=""  data-start-collapsed="false">
<div id="ttfmp-panels-item-title-1475010671919" class="ttfmp-panels-item-title">
	</div>
<div id="ttfmp-panels-item-content-1475010671919" class="ttfmp-panels-item-content">
<p> </p>
<h2 style="text-align: justify;"><span style="color: #000000; font-size: 16pt;">Le comité de la condition des femmes (CCF) 2020-2021 est formé de :</span></h2>
<ul>
<li><span style="color: #000000;">Michelle Giard</span></li>
<li><span style="color: #000000;">Christine Lord</span></li>
<li><span style="color: #000000;">Marie-Andrée Nantel</span></li>
<li><span style="color: #000000;">Maryse Vézina</span></li>
<li><span style="color: #000000;">Josée White</span></li>
<li><span style="color: #000000;">Martine Roberge, responsable politique</span></li>
</ul>
<p><span style="color: #000000;"><u>Son mandat</u></span></p>
<p><span style="color: #000000;">Le Comité de la condition des femmes, sous la responsabilité d’une femme du Conseil d’administration, conseille l’Association sur des sujets liés à la condition des femmes. Il se réunit au moins trois (3) fois par année. Le comité doit :</span></p>
<ol>
<li><span style="color: #000000;">nommer, parmi ses membres, une personne porte-parole ;</span></li>
<li><span style="color: #000000;">produire des analyses sur les sujets décidés par les instances de l’Association et formuler des recommandations ;</span></li>
<li><span style="color: #000000;">participer à l’information et à la formation des membres ;</span></li>
<li><span style="color: #000000;">pouvoir, de sa propre initiative, soumettre au Comité exécutif des questions à débattre et des analyses ;</span></li>
<li><span style="color: #000000;">avoir le pouvoir d’établir, dans le respect des grandes orientations politiques, des buts et des moyens de l’Association, certaines relations avec le milieu populaire et communautaire ;</span></li>
<li><span style="color: #000000;">participer au Comité de la condition des femmes de la FAE ;</span></li>
<li><span style="color: #000000;">participer au réseau des femmes de la FAE.</span></li>
</ol>
</div></div>
</p></div>
</section>

<p>  Le comité de la condition des femmes (CCF) 2020-2021 est formé de : Michelle Giard Christine Lord Marie-Andrée Nantel Maryse Vézina Josée White Martine Roberge, responsable politique Son mandat Le Comité de la condition des femmes, sous la responsabilité d’une femme du Conseil d’administration, conseille l’Association sur des sujets liés à la condition des &hellip;</p>

<!-- This site is optimized with the Yoast SEO plugin v17.3 - https://yoast.com/wordpress/plugins/seo/ -->
<title>Comité de la condition des femmes - Association de personnes retraitées de la FAE</title>
<meta name="robots" content="noindex, follow, max-snippet:-1, max-image-preview:large, max-video-preview:-1" />
<meta property="og:locale" content="fr_FR" />
<meta property="og:type" content="article" />
<meta property="og:title" content="Comité de la condition des femmes - Association de personnes retraitées de la FAE" />
<meta property="og:description" content="  Le comité de la condition des femmes (CCF) 2020-2021 est formé de : Michelle Giard Christine Lord Marie-Andrée Nantel Maryse Vézina Josée White Martine Roberge, responsable politique Son mandat Le Comité de la condition des femmes, sous la responsabilité d’une femme du Conseil d’administration, conseille l’Association sur des sujets liés à la condition des &hellip;" />
<meta property="og:url" content="https://www.capri-matique.com/client/aprfae5/statutaires/comite-condition-des-femmes/" />
<meta property="og:site_name" content="Association de personnes retraitées de la FAE" />
<meta property="article:modified_time" content="2021-04-23T13:09:08+00:00" />
<meta name="twitter:card" content="summary" />
<meta name="twitter:label1" content="Durée de lecture estimée" />
	<meta name="twitter:data1" content="1 minute" />
<script type="application/ld+json" class="yoast-schema-graph">{"@context":"https://schema.org","@graph":[{"@type":"WebSite","@id":"https://www.capri-matique.com/client/aprfae5/#website","url":"https://www.capri-matique.com/client/aprfae5/","name":"Association de personnes retrait\u00e9es de la FAE","description":"L&#039;association qui nous unit","potentialAction":[{"@type":"SearchAction","target":{"@type":"EntryPoint","urlTemplate":"https://www.capri-matique.com/client/aprfae5/?s={search_term_string}"},"query-input":"required name=search_term_string"}],"inLanguage":"fr-FR"},{"@type":"WebPage","@id":"https://www.capri-matique.com/client/aprfae5/statutaires/comite-condition-des-femmes/#webpage","url":"https://www.capri-matique.com/client/aprfae5/statutaires/comite-condition-des-femmes/","name":"Comit\u00e9 de la condition des femmes - Association de personnes retrait\u00e9es de la FAE","isPartOf":{"@id":"https://www.capri-matique.com/client/aprfae5/#website"},"datePublished":"2020-05-07T00:12:50+00:00","dateModified":"2021-04-23T13:09:08+00:00","breadcrumb":{"@id":"https://www.capri-matique.com/client/aprfae5/statutaires/comite-condition-des-femmes/#breadcrumb"},"inLanguage":"fr-FR","potentialAction":[{"@type":"ReadAction","target":["https://www.capri-matique.com/client/aprfae5/statutaires/comite-condition-des-femmes/"]}]},{"@type":"BreadcrumbList","@id":"https://www.capri-matique.com/client/aprfae5/statutaires/comite-condition-des-femmes/#breadcrumb","itemListElement":[{"@type":"ListItem","position":1,"name":"Accueil","item":"https://www.capri-matique.com/client/aprfae5/"},{"@type":"ListItem","position":2,"name":"Comit\u00e9s statutaires","item":"https://www.capri-matique.com/client/aprfae5/statutaires/"},{"@type":"ListItem","position":3,"name":"Comit\u00e9 de la condition des femmes"}]}]}</script>
<!-- / Yoast SEO plugin. -->

Comité de la condition des femmes - Association de personnes retraitées de la FAE

Le comité de la condition des femmes (CCF) 2020-2021 est formé de : Michelle Giard Christine Lord Marie-Andrée Nantel Maryse Vézina Josée White Martine Roberge, responsable politique Son mandat Le Comité de la condition des femmes, sous la responsabilité d’une femme du Conseil d’administration, conseille l’Association sur des sujets liés à la condition des &hellip;

Association de personnes retraitées de la FAE

Comités statutaires
