{"id":556,"date":"2016-06-01T20:38:38","date_gmt":"2016-06-01T20:38:38","guid":{"rendered":"https:\/\/capri-matique.com\/client\/aprfae5\/?page_id=8"},"modified":"2021-01-22T10:55:26","modified_gmt":"2021-01-22T15:55:26","slug":"statutaires","status":"publish","type":"page","link":"https:\/\/www.capri-matique.com\/client\/aprfae5\/statutaires\/","title":{"rendered":"Comit\u00e9s statutaires"},"content":{"rendered":"<section id=\"builder-section-1475007929637\" class=\"builder-section-first builder-section builder-section-panels builder-section-last accordion-mode\" style=\"background-size: cover; background-repeat: no-repeat;background-position: center center;\">\n<div class=\"builder-section-content\">\n<div class=\"ttfmp-accordion-container\" data-height-style=\"\"  data-start-collapsed=\"false\">\n<div id=\"ttfmp-panels-item-title-1475007929637\" class=\"ttfmp-panels-item-title\">\n\t<\/div>\n<div id=\"ttfmp-panels-item-content-1475007929637\" class=\"ttfmp-panels-item-content\">\n<p><span style=\"color: #800000;\"><strong>LES COMIT\u00c9S STATUTAIRES DE L&#8217;APRFAE<\/strong><\/span><\/p>\n<p><span style=\"color: #800000;\">L\u2019Association comprend six (6) comit\u00e9s statutaires :<\/span><\/p>\n<p><span style=\"color: #800000;\">\u2022 <a href=\"https:\/\/capri-matique.com\/client\/aprfae5\/statutaires\/comite-des-finances\/\" target=\"_blank\" rel=\"noopener noreferrer\">Comit\u00e9 des finances ;<\/a><\/span><br \/><span style=\"color: #800000;\">\u2022<a href=\"https:\/\/capri-matique.com\/client\/aprfae5\/statutaires\/comite-statuts\/\" target=\"_blank\" rel=\"noopener noreferrer\"> Comit\u00e9 des statuts ;<\/a><\/span><br \/><span style=\"color: #800000;\">\u2022<a href=\"https:\/\/capri-matique.com\/client\/aprfae5\/statutaires\/comite-des-elections\/\" target=\"_blank\" rel=\"noopener noreferrer\"> Comit\u00e9 des \u00e9lections ;<\/a><\/span><br \/><span style=\"color: #800000;\">\u2022<a href=\"https:\/\/capri-matique.com\/client\/aprfae5\/statutaires\/comite-condition-des-femmes\/\" target=\"_blank\" rel=\"noopener noreferrer\"> Comit\u00e9 de la condition des femmes ;<\/a><\/span><br \/><span style=\"color: #800000;\">\u2022<a href=\"https:\/\/capri-matique.com\/client\/aprfae5\/statutaires\/sociopolitique\/\" target=\"_blank\" rel=\"noopener noreferrer\"> Comit\u00e9 d\u2019action sociopolitique ;<\/a><\/span><br \/><span style=\"color: #800000;\">\u2022<a style=\"color: #800000;\" href=\"https:\/\/capri-matique.com\/client\/aprfae5\/statutaires\/comite-de-lenvironnement\/\" target=\"_blank\" rel=\"noopener noreferrer\"> Comit\u00e9 de l\u2019environnement.<\/a><\/span><\/p>\n<p><span style=\"color: #800000;\"><strong>COMPOSITION<\/strong><\/span><\/p>\n<p style=\"text-align: justify;\"><span style=\"color: #800000;\">Les comit\u00e9s des finances, des statuts et des \u00e9lections sont compos\u00e9s d\u2019un maximum de trois (3) membres r\u00e9guliers. Les comit\u00e9s de la condition des femmes, d\u2019action sociopolitique et de l\u2019environnement sont compos\u00e9s d\u2019un maximum de cinq (5) membres r\u00e9guliers.<\/span><\/p>\n<p style=\"text-align: justify;\"><span style=\"color: #800000;\">Le nombre maximum de membres dans chacun des comit\u00e9s n&#8217;inclut pas les membres du Comit\u00e9 ex\u00e9cutif s\u2019ils sont pr\u00e9sents.<\/span><\/p>\n<\/div><\/div>\n<\/p><\/div>\n<\/section>\n","protected":false},"excerpt":{"rendered":"<p>LES COMIT\u00c9S STATUTAIRES DE L&#8217;APRFAE L\u2019Association comprend six (6) comit\u00e9s statutaires : \u2022 Comit\u00e9 des finances ;\u2022 Comit\u00e9 des statuts ;\u2022 Comit\u00e9 des \u00e9lections ;\u2022 Comit\u00e9 de la condition des femmes ;\u2022 Comit\u00e9 d\u2019action sociopolitique ;\u2022 Comit\u00e9 de l\u2019environnement. COMPOSITION Les comit\u00e9s des finances, des statuts et des \u00e9lections sont compos\u00e9s d\u2019un maximum de trois &hellip;<\/p>\n","protected":false},"author":2,"featured_media":0,"parent":0,"menu_order":0,"comment_status":"closed","ping_status":"closed","template":"template-builder.php","meta":{"footnotes":""},"class_list":["post-556","page","type-page","status-publish","hentry"],"yoast_head":"<!-- This site is optimized with the Yoast SEO plugin v17.3 - https:\/\/yoast.com\/wordpress\/plugins\/seo\/ -->\n<title>Comit\u00e9s statutaires - Association de personnes retrait\u00e9es de la FAE<\/title>\n<meta name=\"robots\" content=\"noindex, follow, max-snippet:-1, max-image-preview:large, max-video-preview:-1\" \/>\n<meta property=\"og:locale\" content=\"fr_FR\" \/>\n<meta property=\"og:type\" content=\"article\" \/>\n<meta property=\"og:title\" content=\"Comit\u00e9s statutaires - Association de personnes retrait\u00e9es de la FAE\" \/>\n<meta property=\"og:description\" content=\"LES COMIT\u00c9S STATUTAIRES DE L&#8217;APRFAE L\u2019Association comprend six (6) comit\u00e9s statutaires : \u2022 Comit\u00e9 des finances ;\u2022 Comit\u00e9 des statuts ;\u2022 Comit\u00e9 des \u00e9lections ;\u2022 Comit\u00e9 de la condition des femmes ;\u2022 Comit\u00e9 d\u2019action sociopolitique ;\u2022 Comit\u00e9 de l\u2019environnement. COMPOSITION Les comit\u00e9s des finances, des statuts et des \u00e9lections sont compos\u00e9s d\u2019un maximum de trois &hellip;\" \/>\n<meta property=\"og:url\" content=\"https:\/\/www.capri-matique.com\/client\/aprfae5\/statutaires\/\" \/>\n<meta property=\"og:site_name\" content=\"Association de personnes retrait\u00e9es de la FAE\" \/>\n<meta property=\"article:modified_time\" content=\"2021-01-22T15:55:26+00:00\" \/>\n<meta name=\"twitter:card\" content=\"summary\" \/>\n<meta name=\"twitter:label1\" content=\"Dur\u00e9e de lecture estim\u00e9e\" \/>\n\t<meta name=\"twitter:data1\" content=\"1 minute\" \/>\n<script type=\"application\/ld+json\" class=\"yoast-schema-graph\">{\"@context\":\"https:\/\/schema.org\",\"@graph\":[{\"@type\":\"WebSite\",\"@id\":\"https:\/\/www.capri-matique.com\/client\/aprfae5\/#website\",\"url\":\"https:\/\/www.capri-matique.com\/client\/aprfae5\/\",\"name\":\"Association de personnes retrait\\u00e9es de la FAE\",\"description\":\"L&#039;association qui nous unit\",\"potentialAction\":[{\"@type\":\"SearchAction\",\"target\":{\"@type\":\"EntryPoint\",\"urlTemplate\":\"https:\/\/www.capri-matique.com\/client\/aprfae5\/?s={search_term_string}\"},\"query-input\":\"required name=search_term_string\"}],\"inLanguage\":\"fr-FR\"},{\"@type\":\"WebPage\",\"@id\":\"https:\/\/www.capri-matique.com\/client\/aprfae5\/statutaires\/#webpage\",\"url\":\"https:\/\/www.capri-matique.com\/client\/aprfae5\/statutaires\/\",\"name\":\"Comit\\u00e9s statutaires - Association de personnes retrait\\u00e9es de la FAE\",\"isPartOf\":{\"@id\":\"https:\/\/www.capri-matique.com\/client\/aprfae5\/#website\"},\"datePublished\":\"2016-06-01T20:38:38+00:00\",\"dateModified\":\"2021-01-22T15:55:26+00:00\",\"breadcrumb\":{\"@id\":\"https:\/\/www.capri-matique.com\/client\/aprfae5\/statutaires\/#breadcrumb\"},\"inLanguage\":\"fr-FR\",\"potentialAction\":[{\"@type\":\"ReadAction\",\"target\":[\"https:\/\/www.capri-matique.com\/client\/aprfae5\/statutaires\/\"]}]},{\"@type\":\"BreadcrumbList\",\"@id\":\"https:\/\/www.capri-matique.com\/client\/aprfae5\/statutaires\/#breadcrumb\",\"itemListElement\":[{\"@type\":\"ListItem\",\"position\":1,\"name\":\"Accueil\",\"item\":\"https:\/\/www.capri-matique.com\/client\/aprfae5\/\"},{\"@type\":\"ListItem\",\"position\":2,\"name\":\"Comit\\u00e9s statutaires\"}]}]}<\/script>\n<!-- \/ Yoast SEO plugin. -->","yoast_head_json":{"title":"Comit\u00e9s statutaires - Association de personnes retrait\u00e9es de la FAE","robots":{"index":"noindex","follow":"follow","max-snippet":"max-snippet:-1","max-image-preview":"max-image-preview:large","max-video-preview":"max-video-preview:-1"},"og_locale":"fr_FR","og_type":"article","og_title":"Comit\u00e9s statutaires - Association de personnes retrait\u00e9es de la FAE","og_description":"LES COMIT\u00c9S STATUTAIRES DE L&#8217;APRFAE L\u2019Association comprend six (6) comit\u00e9s statutaires : \u2022 Comit\u00e9 des finances ;\u2022 Comit\u00e9 des statuts ;\u2022 Comit\u00e9 des \u00e9lections ;\u2022 Comit\u00e9 de la condition des femmes ;\u2022 Comit\u00e9 d\u2019action sociopolitique ;\u2022 Comit\u00e9 de l\u2019environnement. COMPOSITION Les comit\u00e9s des finances, des statuts et des \u00e9lections sont compos\u00e9s d\u2019un maximum de trois &hellip;","og_url":"https:\/\/www.capri-matique.com\/client\/aprfae5\/statutaires\/","og_site_name":"Association de personnes retrait\u00e9es de la FAE","article_modified_time":"2021-01-22T15:55:26+00:00","twitter_card":"summary","twitter_misc":{"Dur\u00e9e de lecture estim\u00e9e":"1 minute"},"schema":{"@context":"https:\/\/schema.org","@graph":[{"@type":"WebSite","@id":"https:\/\/www.capri-matique.com\/client\/aprfae5\/#website","url":"https:\/\/www.capri-matique.com\/client\/aprfae5\/","name":"Association de personnes retrait\u00e9es de la FAE","description":"L&#039;association qui nous unit","potentialAction":[{"@type":"SearchAction","target":{"@type":"EntryPoint","urlTemplate":"https:\/\/www.capri-matique.com\/client\/aprfae5\/?s={search_term_string}"},"query-input":"required name=search_term_string"}],"inLanguage":"fr-FR"},{"@type":"WebPage","@id":"https:\/\/www.capri-matique.com\/client\/aprfae5\/statutaires\/#webpage","url":"https:\/\/www.capri-matique.com\/client\/aprfae5\/statutaires\/","name":"Comit\u00e9s statutaires - Association de personnes retrait\u00e9es de la FAE","isPartOf":{"@id":"https:\/\/www.capri-matique.com\/client\/aprfae5\/#website"},"datePublished":"2016-06-01T20:38:38+00:00","dateModified":"2021-01-22T15:55:26+00:00","breadcrumb":{"@id":"https:\/\/www.capri-matique.com\/client\/aprfae5\/statutaires\/#breadcrumb"},"inLanguage":"fr-FR","potentialAction":[{"@type":"ReadAction","target":["https:\/\/www.capri-matique.com\/client\/aprfae5\/statutaires\/"]}]},{"@type":"BreadcrumbList","@id":"https:\/\/www.capri-matique.com\/client\/aprfae5\/statutaires\/#breadcrumb","itemListElement":[{"@type":"ListItem","position":1,"name":"Accueil","item":"https:\/\/www.capri-matique.com\/client\/aprfae5\/"},{"@type":"ListItem","position":2,"name":"Comit\u00e9s statutaires"}]}]}},"_links":{"self":[{"href":"https:\/\/www.capri-matique.com\/client\/aprfae5\/wp-json\/wp\/v2\/pages\/556","targetHints":{"allow":["GET"]}}],"collection":[{"href":"https:\/\/www.capri-matique.com\/client\/aprfae5\/wp-json\/wp\/v2\/pages"}],"about":[{"href":"https:\/\/www.capri-matique.com\/client\/aprfae5\/wp-json\/wp\/v2\/types\/page"}],"author":[{"embeddable":true,"href":"https:\/\/www.capri-matique.com\/client\/aprfae5\/wp-json\/wp\/v2\/users\/2"}],"replies":[{"embeddable":true,"href":"https:\/\/www.capri-matique.com\/client\/aprfae5\/wp-json\/wp\/v2\/comments?post=556"}],"version-history":[{"count":63,"href":"https:\/\/www.capri-matique.com\/client\/aprfae5\/wp-json\/wp\/v2\/pages\/556\/revisions"}],"predecessor-version":[{"id":6898,"href":"https:\/\/www.capri-matique.com\/client\/aprfae5\/wp-json\/wp\/v2\/pages\/556\/revisions\/6898"}],"wp:attachment":[{"href":"https:\/\/www.capri-matique.com\/client\/aprfae5\/wp-json\/wp\/v2\/media?parent=556"}],"curies":[{"name":"wp","href":"https:\/\/api.w.org\/{rel}","templated":true}]}}