{"id":5282,"date":"2019-12-14T16:16:01","date_gmt":"2019-12-14T21:16:01","guid":{"rendered":"https:\/\/capri-matique.com\/client\/aprfae5\/?page_id=5282"},"modified":"2019-12-14T16:42:51","modified_gmt":"2019-12-14T21:42:51","slug":"retour-au-travail","status":"publish","type":"page","link":"https:\/\/www.capri-matique.com\/client\/aprfae5\/retour-au-travail\/","title":{"rendered":"Retour au travail"},"content":{"rendered":"<section id=\"builder-section-1475010671909\" class=\"builder-section-first builder-section builder-section-panels builder-section-last accordion-mode\" style=\"background-size: cover; background-repeat: no-repeat;background-position: center center;\">\n<div class=\"builder-section-content\">\n<div class=\"ttfmp-accordion-container\" data-height-style=\"\"  data-start-collapsed=\"false\">\n<div id=\"ttfmp-panels-item-title-1475010671919\" class=\"ttfmp-panels-item-title\">\n\t<\/div>\n<div id=\"ttfmp-panels-item-content-1475010671919\" class=\"ttfmp-panels-item-content\">\n<p><span style=\"font-family: verdana,geneva,sans-serif; font-size: 14pt;\">Le Guide sur le retour au travail des personnes retrait\u00e9es, un outil attendu!<\/span><\/p>\n<p style=\"text-align: justify;\"><span style=\"font-family: verdana,geneva,sans-serif; font-size: 12pt;\">L\u2019Association de personnes retrait\u00e9es de la FAE (APRFAE) a produit, conjointement avec la FAE, un outil pour aider les enseignantes et enseignants retrait\u00e9s \u00e0 voir plus clair dans leur situation lorsqu\u2019ils choisissent de retourner en classe. <\/span><span style=\"font-family: verdana,geneva,sans-serif; font-size: 12pt;\">S\u2019appuyant sur des sources pertinentes et le t\u00e9moignage de plusieurs enseignantes et enseignants qui ont exp\u00e9riment\u00e9 un retour au travail, le Guide a n\u00e9cessit\u00e9 l\u2019expertise de nombreux collaborateurs ainsi que plusieurs mois de r\u00e9flexion. <\/span><span style=\"font-family: verdana,geneva,sans-serif; font-size: 12pt;\">Ce guide permet non seulement de faire le tour de la question, mais fournit une mine de r\u00e9f\u00e9rences durables consign\u00e9es en quelques pages. Un outil pr\u00e9cieux qui, nous l\u2019esp\u00e9rons, r\u00e9pondra \u00e0 toutes les questions des enseignantes et enseignants retrait\u00e9s qui songent \u00e0 un retour au travail.<\/span><\/p>\n<p style=\"text-align: justify;\"><span style=\"font-family: verdana,geneva,sans-serif; font-size: 12pt;\">Plusieurs th\u00e8mes sont abord\u00e9s tels que :<\/span><br \/><span style=\"font-family: verdana,geneva,sans-serif; font-size: 12pt;\">\u2022 Les assurances;<\/span><br \/><span style=\"font-family: verdana,geneva,sans-serif; font-size: 12pt;\">\u2022 Les r\u00e9gimes de retraite;<\/span><br \/><span style=\"font-family: verdana,geneva,sans-serif; font-size: 12pt;\">\u2022 Les pr\u00e9l\u00e8vements \u00e0 la source;<\/span><br \/><span style=\"font-family: verdana,geneva,sans-serif; font-size: 12pt;\">\u2022 Vos droits;<\/span><br \/><span style=\"font-family: verdana,geneva,sans-serif; font-size: 12pt;\">\u2022 La fiscalit\u00e9;<\/span><br \/><span style=\"font-family: verdana,geneva,sans-serif; font-size: 12pt;\">\u2022 La strat\u00e9gie financi\u00e8re;<\/span><br \/><span style=\"font-family: verdana,geneva,sans-serif; font-size: 12pt;\">\u2022 Etc.<\/span><\/p>\n<p style=\"text-align: justify;\"><span style=\"font-family: verdana,geneva,sans-serif; font-size: 12pt;\">Il contient de plus un aide-m\u00e9moire et des liens vers diff\u00e9rents tableaux mis \u00e0 jour r\u00e9guli\u00e8rement ou vers des pages qui vous permettront d\u2019approfondir certaines notions.<\/span><\/p>\n<p style=\"text-align: justify;\"><span style=\"font-family: verdana,geneva,sans-serif; font-size: 12pt;\">Pour consulter le Guide dans sa version pdf, cliquez ici.<\/span><\/p>\n<p><a href=\"https:\/\/capri-matique.com\/client\/aprfae5\/wp-content\/uploads\/2019\/12\/Guide-retour-au-travail-des-personnnes-retraite\u0301es-final4.pdf\" target=\"_blank\" rel=\"noopener noreferrer\"><img fetchpriority=\"high\" decoding=\"async\" class=\"aligncenter wp-image-5268 size-medium\" src=\"https:\/\/capri-matique.com\/client\/aprfae5\/wp-content\/uploads\/2019\/12\/Photo-Guide-230x300.png\" alt=\"\" width=\"230\" height=\"300\" srcset=\"https:\/\/www.capri-matique.com\/client\/aprfae5\/wp-content\/uploads\/2019\/12\/Photo-Guide-230x300.png 230w, https:\/\/www.capri-matique.com\/client\/aprfae5\/wp-content\/uploads\/2019\/12\/Photo-Guide.png 542w\" sizes=\"(max-width: 230px) 100vw, 230px\" \/><\/a><\/p>\n<p style=\"text-align: justify;\"><span style=\"font-family: verdana,geneva,sans-serif; font-size: 12pt;\">Les membres de l\u2019APRFAE peuvent, sur demande, recevoir le guide en version \u00e9lectronique \u00e0 leur adresse courriel.<\/span><\/p>\n<p style=\"text-align: justify;\"><span style=\"font-family: verdana,geneva,sans-serif; font-size: 12pt;\">Une version imprim\u00e9e est disponible pour les personnes retrait\u00e9es membres des syndicats affili\u00e9s \u00e0 la F\u00e9d\u00e9ration autonome de l\u2019enseignement (FAE) et qui sont retourn\u00e9es au travail. Il suffit de contacter le syndicat local.<\/span><\/p>\n<p style=\"text-align: justify;\"><span style=\"font-family: verdana,geneva,sans-serif; font-size: 12pt;\">Tous les droits du contenu de ce guide sont prot\u00e9g\u00e9s. <strong>Il est donc strictement interdit de transmettre, reproduire ou adapter, en tout ou en partie, ce document.<\/strong><\/span><\/p>\n<\/div><\/div>\n<\/p><\/div>\n<\/section>\n","protected":false},"excerpt":{"rendered":"<p>Le Guide sur le retour au travail des personnes retrait\u00e9es, un outil attendu! L\u2019Association de personnes retrait\u00e9es de la FAE (APRFAE) a produit, conjointement avec la FAE, un outil pour aider les enseignantes et enseignants retrait\u00e9s \u00e0 voir plus clair dans leur situation lorsqu\u2019ils choisissent de retourner en classe. S\u2019appuyant sur des sources pertinentes et &hellip;<\/p>\n","protected":false},"author":2,"featured_media":0,"parent":0,"menu_order":0,"comment_status":"closed","ping_status":"closed","template":"template-builder.php","meta":{"footnotes":""},"class_list":["post-5282","page","type-page","status-publish","hentry"],"yoast_head":"<!-- This site is optimized with the Yoast SEO plugin v17.3 - https:\/\/yoast.com\/wordpress\/plugins\/seo\/ -->\n<title>Retour au travail - Association de personnes retrait\u00e9es de la FAE<\/title>\n<meta name=\"robots\" content=\"noindex, follow, max-snippet:-1, max-image-preview:large, max-video-preview:-1\" \/>\n<meta property=\"og:locale\" content=\"fr_FR\" \/>\n<meta property=\"og:type\" content=\"article\" \/>\n<meta property=\"og:title\" content=\"Retour au travail - Association de personnes retrait\u00e9es de la FAE\" \/>\n<meta property=\"og:description\" content=\"Le Guide sur le retour au travail des personnes retrait\u00e9es, un outil attendu! L\u2019Association de personnes retrait\u00e9es de la FAE (APRFAE) a produit, conjointement avec la FAE, un outil pour aider les enseignantes et enseignants retrait\u00e9s \u00e0 voir plus clair dans leur situation lorsqu\u2019ils choisissent de retourner en classe. S\u2019appuyant sur des sources pertinentes et &hellip;\" \/>\n<meta property=\"og:url\" content=\"https:\/\/www.capri-matique.com\/client\/aprfae5\/retour-au-travail\/\" \/>\n<meta property=\"og:site_name\" content=\"Association de personnes retrait\u00e9es de la FAE\" \/>\n<meta property=\"article:modified_time\" content=\"2019-12-14T21:42:51+00:00\" \/>\n<meta property=\"og:image\" content=\"https:\/\/capri-matique.com\/client\/aprfae5\/wp-content\/uploads\/2019\/12\/Photo-Guide-230x300.png\" \/>\n<meta name=\"twitter:card\" content=\"summary\" \/>\n<meta name=\"twitter:label1\" content=\"Dur\u00e9e de lecture estim\u00e9e\" \/>\n\t<meta name=\"twitter:data1\" content=\"2 minutes\" \/>\n<script type=\"application\/ld+json\" class=\"yoast-schema-graph\">{\"@context\":\"https:\/\/schema.org\",\"@graph\":[{\"@type\":\"WebSite\",\"@id\":\"https:\/\/www.capri-matique.com\/client\/aprfae5\/#website\",\"url\":\"https:\/\/www.capri-matique.com\/client\/aprfae5\/\",\"name\":\"Association de personnes retrait\\u00e9es de la FAE\",\"description\":\"L&#039;association qui nous unit\",\"potentialAction\":[{\"@type\":\"SearchAction\",\"target\":{\"@type\":\"EntryPoint\",\"urlTemplate\":\"https:\/\/www.capri-matique.com\/client\/aprfae5\/?s={search_term_string}\"},\"query-input\":\"required name=search_term_string\"}],\"inLanguage\":\"fr-FR\"},{\"@type\":\"ImageObject\",\"@id\":\"https:\/\/www.capri-matique.com\/client\/aprfae5\/retour-au-travail\/#primaryimage\",\"inLanguage\":\"fr-FR\",\"url\":\"https:\/\/capri-matique.com\/client\/aprfae5\/wp-content\/uploads\/2019\/12\/Photo-Guide-230x300.png\",\"contentUrl\":\"https:\/\/capri-matique.com\/client\/aprfae5\/wp-content\/uploads\/2019\/12\/Photo-Guide-230x300.png\"},{\"@type\":\"WebPage\",\"@id\":\"https:\/\/www.capri-matique.com\/client\/aprfae5\/retour-au-travail\/#webpage\",\"url\":\"https:\/\/www.capri-matique.com\/client\/aprfae5\/retour-au-travail\/\",\"name\":\"Retour au travail - Association de personnes retrait\\u00e9es de la FAE\",\"isPartOf\":{\"@id\":\"https:\/\/www.capri-matique.com\/client\/aprfae5\/#website\"},\"primaryImageOfPage\":{\"@id\":\"https:\/\/www.capri-matique.com\/client\/aprfae5\/retour-au-travail\/#primaryimage\"},\"datePublished\":\"2019-12-14T21:16:01+00:00\",\"dateModified\":\"2019-12-14T21:42:51+00:00\",\"breadcrumb\":{\"@id\":\"https:\/\/www.capri-matique.com\/client\/aprfae5\/retour-au-travail\/#breadcrumb\"},\"inLanguage\":\"fr-FR\",\"potentialAction\":[{\"@type\":\"ReadAction\",\"target\":[\"https:\/\/www.capri-matique.com\/client\/aprfae5\/retour-au-travail\/\"]}]},{\"@type\":\"BreadcrumbList\",\"@id\":\"https:\/\/www.capri-matique.com\/client\/aprfae5\/retour-au-travail\/#breadcrumb\",\"itemListElement\":[{\"@type\":\"ListItem\",\"position\":1,\"name\":\"Accueil\",\"item\":\"https:\/\/www.capri-matique.com\/client\/aprfae5\/\"},{\"@type\":\"ListItem\",\"position\":2,\"name\":\"Retour au travail\"}]}]}<\/script>\n<!-- \/ Yoast SEO plugin. -->","yoast_head_json":{"title":"Retour au travail - Association de personnes retrait\u00e9es de la FAE","robots":{"index":"noindex","follow":"follow","max-snippet":"max-snippet:-1","max-image-preview":"max-image-preview:large","max-video-preview":"max-video-preview:-1"},"og_locale":"fr_FR","og_type":"article","og_title":"Retour au travail - Association de personnes retrait\u00e9es de la FAE","og_description":"Le Guide sur le retour au travail des personnes retrait\u00e9es, un outil attendu! L\u2019Association de personnes retrait\u00e9es de la FAE (APRFAE) a produit, conjointement avec la FAE, un outil pour aider les enseignantes et enseignants retrait\u00e9s \u00e0 voir plus clair dans leur situation lorsqu\u2019ils choisissent de retourner en classe. S\u2019appuyant sur des sources pertinentes et &hellip;","og_url":"https:\/\/www.capri-matique.com\/client\/aprfae5\/retour-au-travail\/","og_site_name":"Association de personnes retrait\u00e9es de la FAE","article_modified_time":"2019-12-14T21:42:51+00:00","og_image":[{"url":"https:\/\/capri-matique.com\/client\/aprfae5\/wp-content\/uploads\/2019\/12\/Photo-Guide-230x300.png"}],"twitter_card":"summary","twitter_misc":{"Dur\u00e9e de lecture estim\u00e9e":"2 minutes"},"schema":{"@context":"https:\/\/schema.org","@graph":[{"@type":"WebSite","@id":"https:\/\/www.capri-matique.com\/client\/aprfae5\/#website","url":"https:\/\/www.capri-matique.com\/client\/aprfae5\/","name":"Association de personnes retrait\u00e9es de la FAE","description":"L&#039;association qui nous unit","potentialAction":[{"@type":"SearchAction","target":{"@type":"EntryPoint","urlTemplate":"https:\/\/www.capri-matique.com\/client\/aprfae5\/?s={search_term_string}"},"query-input":"required name=search_term_string"}],"inLanguage":"fr-FR"},{"@type":"ImageObject","@id":"https:\/\/www.capri-matique.com\/client\/aprfae5\/retour-au-travail\/#primaryimage","inLanguage":"fr-FR","url":"https:\/\/capri-matique.com\/client\/aprfae5\/wp-content\/uploads\/2019\/12\/Photo-Guide-230x300.png","contentUrl":"https:\/\/capri-matique.com\/client\/aprfae5\/wp-content\/uploads\/2019\/12\/Photo-Guide-230x300.png"},{"@type":"WebPage","@id":"https:\/\/www.capri-matique.com\/client\/aprfae5\/retour-au-travail\/#webpage","url":"https:\/\/www.capri-matique.com\/client\/aprfae5\/retour-au-travail\/","name":"Retour au travail - Association de personnes retrait\u00e9es de la FAE","isPartOf":{"@id":"https:\/\/www.capri-matique.com\/client\/aprfae5\/#website"},"primaryImageOfPage":{"@id":"https:\/\/www.capri-matique.com\/client\/aprfae5\/retour-au-travail\/#primaryimage"},"datePublished":"2019-12-14T21:16:01+00:00","dateModified":"2019-12-14T21:42:51+00:00","breadcrumb":{"@id":"https:\/\/www.capri-matique.com\/client\/aprfae5\/retour-au-travail\/#breadcrumb"},"inLanguage":"fr-FR","potentialAction":[{"@type":"ReadAction","target":["https:\/\/www.capri-matique.com\/client\/aprfae5\/retour-au-travail\/"]}]},{"@type":"BreadcrumbList","@id":"https:\/\/www.capri-matique.com\/client\/aprfae5\/retour-au-travail\/#breadcrumb","itemListElement":[{"@type":"ListItem","position":1,"name":"Accueil","item":"https:\/\/www.capri-matique.com\/client\/aprfae5\/"},{"@type":"ListItem","position":2,"name":"Retour au travail"}]}]}},"_links":{"self":[{"href":"https:\/\/www.capri-matique.com\/client\/aprfae5\/wp-json\/wp\/v2\/pages\/5282","targetHints":{"allow":["GET"]}}],"collection":[{"href":"https:\/\/www.capri-matique.com\/client\/aprfae5\/wp-json\/wp\/v2\/pages"}],"about":[{"href":"https:\/\/www.capri-matique.com\/client\/aprfae5\/wp-json\/wp\/v2\/types\/page"}],"author":[{"embeddable":true,"href":"https:\/\/www.capri-matique.com\/client\/aprfae5\/wp-json\/wp\/v2\/users\/2"}],"replies":[{"embeddable":true,"href":"https:\/\/www.capri-matique.com\/client\/aprfae5\/wp-json\/wp\/v2\/comments?post=5282"}],"version-history":[{"count":3,"href":"https:\/\/www.capri-matique.com\/client\/aprfae5\/wp-json\/wp\/v2\/pages\/5282\/revisions"}],"predecessor-version":[{"id":5287,"href":"https:\/\/www.capri-matique.com\/client\/aprfae5\/wp-json\/wp\/v2\/pages\/5282\/revisions\/5287"}],"wp:attachment":[{"href":"https:\/\/www.capri-matique.com\/client\/aprfae5\/wp-json\/wp\/v2\/media?parent=5282"}],"curies":[{"name":"wp","href":"https:\/\/api.w.org\/{rel}","templated":true}]}}

<section id="builder-section-1475010671909" class="builder-section-first builder-section builder-section-panels builder-section-last accordion-mode" style="background-size: cover; background-repeat: no-repeat;background-position: center center;">
<div class="builder-section-content">
<div class="ttfmp-accordion-container" data-height-style=""  data-start-collapsed="false">
<div id="ttfmp-panels-item-title-1475010671919" class="ttfmp-panels-item-title">
	</div>
<div id="ttfmp-panels-item-content-1475010671919" class="ttfmp-panels-item-content">
<p><span style="font-family: verdana,geneva,sans-serif; font-size: 14pt;">Le Guide sur le retour au travail des personnes retraitées, un outil attendu!</span></p>
<p style="text-align: justify;"><span style="font-family: verdana,geneva,sans-serif; font-size: 12pt;">L’Association de personnes retraitées de la FAE (APRFAE) a produit, conjointement avec la FAE, un outil pour aider les enseignantes et enseignants retraités à voir plus clair dans leur situation lorsqu’ils choisissent de retourner en classe. </span><span style="font-family: verdana,geneva,sans-serif; font-size: 12pt;">S’appuyant sur des sources pertinentes et le témoignage de plusieurs enseignantes et enseignants qui ont expérimenté un retour au travail, le Guide a nécessité l’expertise de nombreux collaborateurs ainsi que plusieurs mois de réflexion. </span><span style="font-family: verdana,geneva,sans-serif; font-size: 12pt;">Ce guide permet non seulement de faire le tour de la question, mais fournit une mine de références durables consignées en quelques pages. Un outil précieux qui, nous l’espérons, répondra à toutes les questions des enseignantes et enseignants retraités qui songent à un retour au travail.</span></p>
<p style="text-align: justify;"><span style="font-family: verdana,geneva,sans-serif; font-size: 12pt;">Plusieurs thèmes sont abordés tels que :</span><br /><span style="font-family: verdana,geneva,sans-serif; font-size: 12pt;">• Les assurances;</span><br /><span style="font-family: verdana,geneva,sans-serif; font-size: 12pt;">• Les régimes de retraite;</span><br /><span style="font-family: verdana,geneva,sans-serif; font-size: 12pt;">• Les prélèvements à la source;</span><br /><span style="font-family: verdana,geneva,sans-serif; font-size: 12pt;">• Vos droits;</span><br /><span style="font-family: verdana,geneva,sans-serif; font-size: 12pt;">• La fiscalité;</span><br /><span style="font-family: verdana,geneva,sans-serif; font-size: 12pt;">• La stratégie financière;</span><br /><span style="font-family: verdana,geneva,sans-serif; font-size: 12pt;">• Etc.</span></p>
<p style="text-align: justify;"><span style="font-family: verdana,geneva,sans-serif; font-size: 12pt;">Il contient de plus un aide-mémoire et des liens vers différents tableaux mis à jour régulièrement ou vers des pages qui vous permettront d’approfondir certaines notions.</span></p>
<p style="text-align: justify;"><span style="font-family: verdana,geneva,sans-serif; font-size: 12pt;">Pour consulter le Guide dans sa version pdf, cliquez ici.</span></p>
<p><a href="https://capri-matique.com/client/aprfae5/wp-content/uploads/2019/12/Guide-retour-au-travail-des-personnnes-retraitées-final4.pdf" target="_blank" rel="noopener noreferrer"><img fetchpriority="high" decoding="async" class="aligncenter wp-image-5268 size-medium" src="https://capri-matique.com/client/aprfae5/wp-content/uploads/2019/12/Photo-Guide-230x300.png" alt="" width="230" height="300" srcset="https://www.capri-matique.com/client/aprfae5/wp-content/uploads/2019/12/Photo-Guide-230x300.png 230w, https://www.capri-matique.com/client/aprfae5/wp-content/uploads/2019/12/Photo-Guide.png 542w" sizes="(max-width: 230px) 100vw, 230px" /></a></p>
<p style="text-align: justify;"><span style="font-family: verdana,geneva,sans-serif; font-size: 12pt;">Les membres de l’APRFAE peuvent, sur demande, recevoir le guide en version électronique à leur adresse courriel.</span></p>
<p style="text-align: justify;"><span style="font-family: verdana,geneva,sans-serif; font-size: 12pt;">Une version imprimée est disponible pour les personnes retraitées membres des syndicats affiliés à la Fédération autonome de l’enseignement (FAE) et qui sont retournées au travail. Il suffit de contacter le syndicat local.</span></p>
<p style="text-align: justify;"><span style="font-family: verdana,geneva,sans-serif; font-size: 12pt;">Tous les droits du contenu de ce guide sont protégés. <strong>Il est donc strictement interdit de transmettre, reproduire ou adapter, en tout ou en partie, ce document.</strong></span></p>
</div></div>
</p></div>
</section>

<p>Le Guide sur le retour au travail des personnes retraitées, un outil attendu! L’Association de personnes retraitées de la FAE (APRFAE) a produit, conjointement avec la FAE, un outil pour aider les enseignantes et enseignants retraités à voir plus clair dans leur situation lorsqu’ils choisissent de retourner en classe. S’appuyant sur des sources pertinentes et &hellip;</p>

<!-- This site is optimized with the Yoast SEO plugin v17.3 - https://yoast.com/wordpress/plugins/seo/ -->
<title>Retour au travail - Association de personnes retraitées de la FAE</title>
<meta name="robots" content="noindex, follow, max-snippet:-1, max-image-preview:large, max-video-preview:-1" />
<meta property="og:locale" content="fr_FR" />
<meta property="og:type" content="article" />
<meta property="og:title" content="Retour au travail - Association de personnes retraitées de la FAE" />
<meta property="og:description" content="Le Guide sur le retour au travail des personnes retraitées, un outil attendu! L’Association de personnes retraitées de la FAE (APRFAE) a produit, conjointement avec la FAE, un outil pour aider les enseignantes et enseignants retraités à voir plus clair dans leur situation lorsqu’ils choisissent de retourner en classe. S’appuyant sur des sources pertinentes et &hellip;" />
<meta property="og:url" content="https://www.capri-matique.com/client/aprfae5/retour-au-travail/" />
<meta property="og:site_name" content="Association de personnes retraitées de la FAE" />
<meta property="article:modified_time" content="2019-12-14T21:42:51+00:00" />
<meta property="og:image" content="https://capri-matique.com/client/aprfae5/wp-content/uploads/2019/12/Photo-Guide-230x300.png" />
<meta name="twitter:card" content="summary" />
<meta name="twitter:label1" content="Durée de lecture estimée" />
	<meta name="twitter:data1" content="2 minutes" />
<script type="application/ld+json" class="yoast-schema-graph">{"@context":"https://schema.org","@graph":[{"@type":"WebSite","@id":"https://www.capri-matique.com/client/aprfae5/#website","url":"https://www.capri-matique.com/client/aprfae5/","name":"Association de personnes retrait\u00e9es de la FAE","description":"L&#039;association qui nous unit","potentialAction":[{"@type":"SearchAction","target":{"@type":"EntryPoint","urlTemplate":"https://www.capri-matique.com/client/aprfae5/?s={search_term_string}"},"query-input":"required name=search_term_string"}],"inLanguage":"fr-FR"},{"@type":"ImageObject","@id":"https://www.capri-matique.com/client/aprfae5/retour-au-travail/#primaryimage","inLanguage":"fr-FR","url":"https://capri-matique.com/client/aprfae5/wp-content/uploads/2019/12/Photo-Guide-230x300.png","contentUrl":"https://capri-matique.com/client/aprfae5/wp-content/uploads/2019/12/Photo-Guide-230x300.png"},{"@type":"WebPage","@id":"https://www.capri-matique.com/client/aprfae5/retour-au-travail/#webpage","url":"https://www.capri-matique.com/client/aprfae5/retour-au-travail/","name":"Retour au travail - Association de personnes retrait\u00e9es de la FAE","isPartOf":{"@id":"https://www.capri-matique.com/client/aprfae5/#website"},"primaryImageOfPage":{"@id":"https://www.capri-matique.com/client/aprfae5/retour-au-travail/#primaryimage"},"datePublished":"2019-12-14T21:16:01+00:00","dateModified":"2019-12-14T21:42:51+00:00","breadcrumb":{"@id":"https://www.capri-matique.com/client/aprfae5/retour-au-travail/#breadcrumb"},"inLanguage":"fr-FR","potentialAction":[{"@type":"ReadAction","target":["https://www.capri-matique.com/client/aprfae5/retour-au-travail/"]}]},{"@type":"BreadcrumbList","@id":"https://www.capri-matique.com/client/aprfae5/retour-au-travail/#breadcrumb","itemListElement":[{"@type":"ListItem","position":1,"name":"Accueil","item":"https://www.capri-matique.com/client/aprfae5/"},{"@type":"ListItem","position":2,"name":"Retour au travail"}]}]}</script>
<!-- / Yoast SEO plugin. -->

Retour au travail - Association de personnes retraitées de la FAE

Le Guide sur le retour au travail des personnes retraitées, un outil attendu! L’Association de personnes retraitées de la FAE (APRFAE) a produit, conjointement avec la FAE, un outil pour aider les enseignantes et enseignants retraités à voir plus clair dans leur situation lorsqu’ils choisissent de retourner en classe. S’appuyant sur des sources pertinentes et &hellip;

Association de personnes retraitées de la FAE
