{"id":4026,"date":"2016-06-01T20:38:38","date_gmt":"2016-06-01T20:38:38","guid":{"rendered":"https:\/\/capri-matique.com\/client\/aprfae5\/?page_id=8"},"modified":"2022-10-21T12:31:27","modified_gmt":"2022-10-21T16:31:27","slug":"beneva","status":"publish","type":"page","link":"https:\/\/www.capri-matique.com\/client\/aprfae5\/beneva\/","title":{"rendered":"Beneva"},"content":{"rendered":"<section id=\"builder-section-1475010671909\" class=\"builder-section-first builder-section builder-section-panels builder-section-next-banner parallax accordion-mode\" style=\"background-size: cover; background-repeat: no-repeat;background-position: center center;\">\n<div class=\"builder-section-content\">\n<div class=\"ttfmp-accordion-container\" data-height-style=\"\"  data-start-collapsed=\"false\">\n<div id=\"ttfmp-panels-item-title-1475010671919\" class=\"ttfmp-panels-item-title\">\n\t<\/div>\n<div id=\"ttfmp-panels-item-content-1475010671919\" class=\"ttfmp-panels-item-content\">\n<p><span style=\"font-size: 16pt;\"><strong>Beneva assurance collective\u00a0<\/strong><\/span><\/p>\n<p><a href=\"https:\/\/www.beneva.ca\/fr\/trouver-un-formulaire\/collectif\/groupes\/apr-fae\"><img fetchpriority=\"high\" decoding=\"async\" class=\"alignnone wp-image-7740\" src=\"https:\/\/capri-matique.com\/client\/aprfae5\/wp-content\/uploads\/2022\/05\/assurance-collective-300x54.jpg\" alt=\"\" width=\"1652\" height=\"300\" srcset=\"https:\/\/www.capri-matique.com\/client\/aprfae5\/wp-content\/uploads\/2022\/05\/assurance-collective-300x54.jpg 300w, https:\/\/www.capri-matique.com\/client\/aprfae5\/wp-content\/uploads\/2022\/05\/assurance-collective.jpg 826w\" sizes=\"(max-width: 1652px) 100vw, 1652px\" \/><\/a><\/p>\n<p><span style=\"font-size: 16pt;\"><strong>Beneva assurances auto, habitation et v\u00e9hicules de loisirs<\/strong><\/span><\/p>\n<p><a href=\"https:\/\/lp.beneva.ca\/economisez-450-retraites\"><img decoding=\"async\" class=\"alignnone wp-image-7730 size-full\" src=\"https:\/\/capri-matique.com\/client\/aprfae5\/wp-content\/uploads\/2022\/05\/beneva-aprfae-rabais.jpg\" alt=\"\" width=\"1652\" height=\"300\" srcset=\"https:\/\/www.capri-matique.com\/client\/aprfae5\/wp-content\/uploads\/2022\/05\/beneva-aprfae-rabais.jpg 1652w, https:\/\/www.capri-matique.com\/client\/aprfae5\/wp-content\/uploads\/2022\/05\/beneva-aprfae-rabais-300x54.jpg 300w, https:\/\/www.capri-matique.com\/client\/aprfae5\/wp-content\/uploads\/2022\/05\/beneva-aprfae-rabais-1024x186.jpg 1024w, https:\/\/www.capri-matique.com\/client\/aprfae5\/wp-content\/uploads\/2022\/05\/beneva-aprfae-rabais-1536x279.jpg 1536w\" sizes=\"(max-width: 1652px) 100vw, 1652px\" \/><\/a><\/p>\n<p><span style=\"font-size: 16pt;\"><strong>Communiqu\u00e9s<\/strong><\/span><\/p>\n<p><span style=\"font-size: 12pt;\"><strong>27 janvier 2021 &#8211; <\/strong><strong>Modifications au traitement des actes pos\u00e9s par les pharmaciens<\/strong><\/span><\/p>\n<p>Adh\u00e9rentes et adh\u00e9rents au contrat collectif d&#8217;assurance maladie compl\u00e9mentaire 109995: <a href=\"https:\/\/capri-matique.com\/client\/aprfae5\/wp-content\/uploads\/2021\/01\/2021-01-27-COMMUNIQU\u00c9-La-Capitale-sur-entente-avec-pharmaciens.pdf\" target=\"_blank\" rel=\"noopener noreferrer\">Cliquez ici<\/a> pour lire le dernier communiqu\u00e9 de Beneva touchant des modifications des frais de pharmaciens.<\/p>\n<\/div><\/div>\n<\/p><\/div>\n<\/section>\n<section id=\"builder-section-banner_69\" class=\"builder-section-prev-panels builder-section builder-section-banner builder-section-last\" style=\"background-size: cover; background-repeat: no-repeat;background-position: center center;\">\n<div class=\"builder-section-content\">\n\t\t\t\t\t\t\t<\/div>\n<\/section>\n","protected":false},"excerpt":{"rendered":"<p>Beneva assurance collective\u00a0 Beneva assurances auto, habitation et v\u00e9hicules de loisirs Communiqu\u00e9s 27 janvier 2021 &#8211; Modifications au traitement des actes pos\u00e9s par les pharmaciens Adh\u00e9rentes et adh\u00e9rents au contrat collectif d&#8217;assurance maladie compl\u00e9mentaire 109995: Cliquez ici pour lire le dernier communiqu\u00e9 de Beneva touchant des modifications des frais de pharmaciens.<\/p>\n","protected":false},"author":2,"featured_media":0,"parent":0,"menu_order":0,"comment_status":"closed","ping_status":"closed","template":"template-builder.php","meta":{"footnotes":""},"class_list":["post-4026","page","type-page","status-publish","hentry"],"yoast_head":"<!-- This site is optimized with the Yoast SEO plugin v17.3 - https:\/\/yoast.com\/wordpress\/plugins\/seo\/ -->\n<title>Beneva - Association de personnes retrait\u00e9es de la FAE<\/title>\n<meta name=\"robots\" content=\"noindex, follow, max-snippet:-1, max-image-preview:large, max-video-preview:-1\" \/>\n<meta property=\"og:locale\" content=\"fr_FR\" \/>\n<meta property=\"og:type\" content=\"article\" \/>\n<meta property=\"og:title\" content=\"Beneva - Association de personnes retrait\u00e9es de la FAE\" \/>\n<meta property=\"og:description\" content=\"Beneva assurance collective\u00a0 Beneva assurances auto, habitation et v\u00e9hicules de loisirs Communiqu\u00e9s 27 janvier 2021 &#8211; Modifications au traitement des actes pos\u00e9s par les pharmaciens Adh\u00e9rentes et adh\u00e9rents au contrat collectif d&#8217;assurance maladie compl\u00e9mentaire 109995: Cliquez ici pour lire le dernier communiqu\u00e9 de Beneva touchant des modifications des frais de pharmaciens.\" \/>\n<meta property=\"og:url\" content=\"https:\/\/www.capri-matique.com\/client\/aprfae5\/beneva\/\" \/>\n<meta property=\"og:site_name\" content=\"Association de personnes retrait\u00e9es de la FAE\" \/>\n<meta property=\"article:modified_time\" content=\"2022-10-21T16:31:27+00:00\" \/>\n<meta property=\"og:image\" content=\"https:\/\/capri-matique.com\/client\/aprfae5\/wp-content\/uploads\/2022\/05\/assurance-collective-300x54.jpg\" \/>\n<meta name=\"twitter:card\" content=\"summary\" \/>\n<script type=\"application\/ld+json\" class=\"yoast-schema-graph\">{\"@context\":\"https:\/\/schema.org\",\"@graph\":[{\"@type\":\"WebSite\",\"@id\":\"https:\/\/www.capri-matique.com\/client\/aprfae5\/#website\",\"url\":\"https:\/\/www.capri-matique.com\/client\/aprfae5\/\",\"name\":\"Association de personnes retrait\\u00e9es de la FAE\",\"description\":\"L&#039;association qui nous unit\",\"potentialAction\":[{\"@type\":\"SearchAction\",\"target\":{\"@type\":\"EntryPoint\",\"urlTemplate\":\"https:\/\/www.capri-matique.com\/client\/aprfae5\/?s={search_term_string}\"},\"query-input\":\"required name=search_term_string\"}],\"inLanguage\":\"fr-FR\"},{\"@type\":\"ImageObject\",\"@id\":\"https:\/\/www.capri-matique.com\/client\/aprfae5\/beneva\/#primaryimage\",\"inLanguage\":\"fr-FR\",\"url\":\"https:\/\/capri-matique.com\/client\/aprfae5\/wp-content\/uploads\/2022\/05\/assurance-collective-300x54.jpg\",\"contentUrl\":\"https:\/\/capri-matique.com\/client\/aprfae5\/wp-content\/uploads\/2022\/05\/assurance-collective-300x54.jpg\"},{\"@type\":\"WebPage\",\"@id\":\"https:\/\/www.capri-matique.com\/client\/aprfae5\/beneva\/#webpage\",\"url\":\"https:\/\/www.capri-matique.com\/client\/aprfae5\/beneva\/\",\"name\":\"Beneva - Association de personnes retrait\\u00e9es de la FAE\",\"isPartOf\":{\"@id\":\"https:\/\/www.capri-matique.com\/client\/aprfae5\/#website\"},\"primaryImageOfPage\":{\"@id\":\"https:\/\/www.capri-matique.com\/client\/aprfae5\/beneva\/#primaryimage\"},\"datePublished\":\"2016-06-01T20:38:38+00:00\",\"dateModified\":\"2022-10-21T16:31:27+00:00\",\"breadcrumb\":{\"@id\":\"https:\/\/www.capri-matique.com\/client\/aprfae5\/beneva\/#breadcrumb\"},\"inLanguage\":\"fr-FR\",\"potentialAction\":[{\"@type\":\"ReadAction\",\"target\":[\"https:\/\/www.capri-matique.com\/client\/aprfae5\/beneva\/\"]}]},{\"@type\":\"BreadcrumbList\",\"@id\":\"https:\/\/www.capri-matique.com\/client\/aprfae5\/beneva\/#breadcrumb\",\"itemListElement\":[{\"@type\":\"ListItem\",\"position\":1,\"name\":\"Accueil\",\"item\":\"https:\/\/www.capri-matique.com\/client\/aprfae5\/\"},{\"@type\":\"ListItem\",\"position\":2,\"name\":\"Beneva\"}]}]}<\/script>\n<!-- \/ Yoast SEO plugin. -->","yoast_head_json":{"title":"Beneva - Association de personnes retrait\u00e9es de la FAE","robots":{"index":"noindex","follow":"follow","max-snippet":"max-snippet:-1","max-image-preview":"max-image-preview:large","max-video-preview":"max-video-preview:-1"},"og_locale":"fr_FR","og_type":"article","og_title":"Beneva - Association de personnes retrait\u00e9es de la FAE","og_description":"Beneva assurance collective\u00a0 Beneva assurances auto, habitation et v\u00e9hicules de loisirs Communiqu\u00e9s 27 janvier 2021 &#8211; Modifications au traitement des actes pos\u00e9s par les pharmaciens Adh\u00e9rentes et adh\u00e9rents au contrat collectif d&#8217;assurance maladie compl\u00e9mentaire 109995: Cliquez ici pour lire le dernier communiqu\u00e9 de Beneva touchant des modifications des frais de pharmaciens.","og_url":"https:\/\/www.capri-matique.com\/client\/aprfae5\/beneva\/","og_site_name":"Association de personnes retrait\u00e9es de la FAE","article_modified_time":"2022-10-21T16:31:27+00:00","og_image":[{"url":"https:\/\/capri-matique.com\/client\/aprfae5\/wp-content\/uploads\/2022\/05\/assurance-collective-300x54.jpg"}],"twitter_card":"summary","schema":{"@context":"https:\/\/schema.org","@graph":[{"@type":"WebSite","@id":"https:\/\/www.capri-matique.com\/client\/aprfae5\/#website","url":"https:\/\/www.capri-matique.com\/client\/aprfae5\/","name":"Association de personnes retrait\u00e9es de la FAE","description":"L&#039;association qui nous unit","potentialAction":[{"@type":"SearchAction","target":{"@type":"EntryPoint","urlTemplate":"https:\/\/www.capri-matique.com\/client\/aprfae5\/?s={search_term_string}"},"query-input":"required name=search_term_string"}],"inLanguage":"fr-FR"},{"@type":"ImageObject","@id":"https:\/\/www.capri-matique.com\/client\/aprfae5\/beneva\/#primaryimage","inLanguage":"fr-FR","url":"https:\/\/capri-matique.com\/client\/aprfae5\/wp-content\/uploads\/2022\/05\/assurance-collective-300x54.jpg","contentUrl":"https:\/\/capri-matique.com\/client\/aprfae5\/wp-content\/uploads\/2022\/05\/assurance-collective-300x54.jpg"},{"@type":"WebPage","@id":"https:\/\/www.capri-matique.com\/client\/aprfae5\/beneva\/#webpage","url":"https:\/\/www.capri-matique.com\/client\/aprfae5\/beneva\/","name":"Beneva - Association de personnes retrait\u00e9es de la FAE","isPartOf":{"@id":"https:\/\/www.capri-matique.com\/client\/aprfae5\/#website"},"primaryImageOfPage":{"@id":"https:\/\/www.capri-matique.com\/client\/aprfae5\/beneva\/#primaryimage"},"datePublished":"2016-06-01T20:38:38+00:00","dateModified":"2022-10-21T16:31:27+00:00","breadcrumb":{"@id":"https:\/\/www.capri-matique.com\/client\/aprfae5\/beneva\/#breadcrumb"},"inLanguage":"fr-FR","potentialAction":[{"@type":"ReadAction","target":["https:\/\/www.capri-matique.com\/client\/aprfae5\/beneva\/"]}]},{"@type":"BreadcrumbList","@id":"https:\/\/www.capri-matique.com\/client\/aprfae5\/beneva\/#breadcrumb","itemListElement":[{"@type":"ListItem","position":1,"name":"Accueil","item":"https:\/\/www.capri-matique.com\/client\/aprfae5\/"},{"@type":"ListItem","position":2,"name":"Beneva"}]}]}},"_links":{"self":[{"href":"https:\/\/www.capri-matique.com\/client\/aprfae5\/wp-json\/wp\/v2\/pages\/4026","targetHints":{"allow":["GET"]}}],"collection":[{"href":"https:\/\/www.capri-matique.com\/client\/aprfae5\/wp-json\/wp\/v2\/pages"}],"about":[{"href":"https:\/\/www.capri-matique.com\/client\/aprfae5\/wp-json\/wp\/v2\/types\/page"}],"author":[{"embeddable":true,"href":"https:\/\/www.capri-matique.com\/client\/aprfae5\/wp-json\/wp\/v2\/users\/2"}],"replies":[{"embeddable":true,"href":"https:\/\/www.capri-matique.com\/client\/aprfae5\/wp-json\/wp\/v2\/comments?post=4026"}],"version-history":[{"count":76,"href":"https:\/\/www.capri-matique.com\/client\/aprfae5\/wp-json\/wp\/v2\/pages\/4026\/revisions"}],"predecessor-version":[{"id":8129,"href":"https:\/\/www.capri-matique.com\/client\/aprfae5\/wp-json\/wp\/v2\/pages\/4026\/revisions\/8129"}],"wp:attachment":[{"href":"https:\/\/www.capri-matique.com\/client\/aprfae5\/wp-json\/wp\/v2\/media?parent=4026"}],"curies":[{"name":"wp","href":"https:\/\/api.w.org\/{rel}","templated":true}]}}

<section id="builder-section-1475010671909" class="builder-section-first builder-section builder-section-panels builder-section-next-banner parallax accordion-mode" style="background-size: cover; background-repeat: no-repeat;background-position: center center;">
<div class="builder-section-content">
<div class="ttfmp-accordion-container" data-height-style=""  data-start-collapsed="false">
<div id="ttfmp-panels-item-title-1475010671919" class="ttfmp-panels-item-title">
	</div>
<div id="ttfmp-panels-item-content-1475010671919" class="ttfmp-panels-item-content">
<p><span style="font-size: 16pt;"><strong>Beneva assurance collective </strong></span></p>
<p><a href="https://www.beneva.ca/fr/trouver-un-formulaire/collectif/groupes/apr-fae"><img fetchpriority="high" decoding="async" class="alignnone wp-image-7740" src="https://capri-matique.com/client/aprfae5/wp-content/uploads/2022/05/assurance-collective-300x54.jpg" alt="" width="1652" height="300" srcset="https://www.capri-matique.com/client/aprfae5/wp-content/uploads/2022/05/assurance-collective-300x54.jpg 300w, https://www.capri-matique.com/client/aprfae5/wp-content/uploads/2022/05/assurance-collective.jpg 826w" sizes="(max-width: 1652px) 100vw, 1652px" /></a></p>
<p><span style="font-size: 16pt;"><strong>Beneva assurances auto, habitation et véhicules de loisirs</strong></span></p>
<p><a href="https://lp.beneva.ca/economisez-450-retraites"><img decoding="async" class="alignnone wp-image-7730 size-full" src="https://capri-matique.com/client/aprfae5/wp-content/uploads/2022/05/beneva-aprfae-rabais.jpg" alt="" width="1652" height="300" srcset="https://www.capri-matique.com/client/aprfae5/wp-content/uploads/2022/05/beneva-aprfae-rabais.jpg 1652w, https://www.capri-matique.com/client/aprfae5/wp-content/uploads/2022/05/beneva-aprfae-rabais-300x54.jpg 300w, https://www.capri-matique.com/client/aprfae5/wp-content/uploads/2022/05/beneva-aprfae-rabais-1024x186.jpg 1024w, https://www.capri-matique.com/client/aprfae5/wp-content/uploads/2022/05/beneva-aprfae-rabais-1536x279.jpg 1536w" sizes="(max-width: 1652px) 100vw, 1652px" /></a></p>
<p><span style="font-size: 16pt;"><strong>Communiqués</strong></span></p>
<p><span style="font-size: 12pt;"><strong>27 janvier 2021 &#8211; </strong><strong>Modifications au traitement des actes posés par les pharmaciens</strong></span></p>
<p>Adhérentes et adhérents au contrat collectif d&#8217;assurance maladie complémentaire 109995: <a href="https://capri-matique.com/client/aprfae5/wp-content/uploads/2021/01/2021-01-27-COMMUNIQUÉ-La-Capitale-sur-entente-avec-pharmaciens.pdf" target="_blank" rel="noopener noreferrer">Cliquez ici</a> pour lire le dernier communiqué de Beneva touchant des modifications des frais de pharmaciens.</p>
</div></div>
</p></div>
</section>
<section id="builder-section-banner_69" class="builder-section-prev-panels builder-section builder-section-banner builder-section-last" style="background-size: cover; background-repeat: no-repeat;background-position: center center;">
<div class="builder-section-content">
							</div>
</section>

<p>Beneva assurance collective  Beneva assurances auto, habitation et véhicules de loisirs Communiqués 27 janvier 2021 &#8211; Modifications au traitement des actes posés par les pharmaciens Adhérentes et adhérents au contrat collectif d&#8217;assurance maladie complémentaire 109995: Cliquez ici pour lire le dernier communiqué de Beneva touchant des modifications des frais de pharmaciens.</p>

<!-- This site is optimized with the Yoast SEO plugin v17.3 - https://yoast.com/wordpress/plugins/seo/ -->
<title>Beneva - Association de personnes retraitées de la FAE</title>
<meta name="robots" content="noindex, follow, max-snippet:-1, max-image-preview:large, max-video-preview:-1" />
<meta property="og:locale" content="fr_FR" />
<meta property="og:type" content="article" />
<meta property="og:title" content="Beneva - Association de personnes retraitées de la FAE" />
<meta property="og:description" content="Beneva assurance collective  Beneva assurances auto, habitation et véhicules de loisirs Communiqués 27 janvier 2021 &#8211; Modifications au traitement des actes posés par les pharmaciens Adhérentes et adhérents au contrat collectif d&#8217;assurance maladie complémentaire 109995: Cliquez ici pour lire le dernier communiqué de Beneva touchant des modifications des frais de pharmaciens." />
<meta property="og:url" content="https://www.capri-matique.com/client/aprfae5/beneva/" />
<meta property="og:site_name" content="Association de personnes retraitées de la FAE" />
<meta property="article:modified_time" content="2022-10-21T16:31:27+00:00" />
<meta property="og:image" content="https://capri-matique.com/client/aprfae5/wp-content/uploads/2022/05/assurance-collective-300x54.jpg" />
<meta name="twitter:card" content="summary" />
<script type="application/ld+json" class="yoast-schema-graph">{"@context":"https://schema.org","@graph":[{"@type":"WebSite","@id":"https://www.capri-matique.com/client/aprfae5/#website","url":"https://www.capri-matique.com/client/aprfae5/","name":"Association de personnes retrait\u00e9es de la FAE","description":"L&#039;association qui nous unit","potentialAction":[{"@type":"SearchAction","target":{"@type":"EntryPoint","urlTemplate":"https://www.capri-matique.com/client/aprfae5/?s={search_term_string}"},"query-input":"required name=search_term_string"}],"inLanguage":"fr-FR"},{"@type":"ImageObject","@id":"https://www.capri-matique.com/client/aprfae5/beneva/#primaryimage","inLanguage":"fr-FR","url":"https://capri-matique.com/client/aprfae5/wp-content/uploads/2022/05/assurance-collective-300x54.jpg","contentUrl":"https://capri-matique.com/client/aprfae5/wp-content/uploads/2022/05/assurance-collective-300x54.jpg"},{"@type":"WebPage","@id":"https://www.capri-matique.com/client/aprfae5/beneva/#webpage","url":"https://www.capri-matique.com/client/aprfae5/beneva/","name":"Beneva - Association de personnes retrait\u00e9es de la FAE","isPartOf":{"@id":"https://www.capri-matique.com/client/aprfae5/#website"},"primaryImageOfPage":{"@id":"https://www.capri-matique.com/client/aprfae5/beneva/#primaryimage"},"datePublished":"2016-06-01T20:38:38+00:00","dateModified":"2022-10-21T16:31:27+00:00","breadcrumb":{"@id":"https://www.capri-matique.com/client/aprfae5/beneva/#breadcrumb"},"inLanguage":"fr-FR","potentialAction":[{"@type":"ReadAction","target":["https://www.capri-matique.com/client/aprfae5/beneva/"]}]},{"@type":"BreadcrumbList","@id":"https://www.capri-matique.com/client/aprfae5/beneva/#breadcrumb","itemListElement":[{"@type":"ListItem","position":1,"name":"Accueil","item":"https://www.capri-matique.com/client/aprfae5/"},{"@type":"ListItem","position":2,"name":"Beneva"}]}]}</script>
<!-- / Yoast SEO plugin. -->

Beneva - Association de personnes retraitées de la FAE

Beneva assurance collective  Beneva assurances auto, habitation et véhicules de loisirs Communiqués 27 janvier 2021 &#8211; Modifications au traitement des actes posés par les pharmaciens Adhérentes et adhérents au contrat collectif d&#8217;assurance maladie complémentaire 109995: Cliquez ici pour lire le dernier communiqué de Beneva touchant des modifications des frais de pharmaciens.

Association de personnes retraitées de la FAE
