{"id":3464,"date":"2018-12-19T11:27:39","date_gmt":"2018-12-19T16:27:39","guid":{"rendered":"https:\/\/capri-matique.com\/client\/aprfae5\/wp-content\/uploads\/2018\/12\/20180321_155820.jpg"},"modified":"2019-12-18T15:57:15","modified_gmt":"2019-12-18T20:57:15","slug":"20180321_155820-2","status":"inherit","type":"attachment","link":"https:\/\/www.capri-matique.com\/client\/aprfae5\/image-2\/20180321_155820-2\/","title":{"rendered":""},"author":2,"featured_media":0,"comment_status":"closed","ping_status":"closed","template":"","meta":[],"class_list":["post-3464","attachment","type-attachment","status-inherit","hentry"],"yoast_head":"<!-- This site is optimized with the Yoast SEO plugin v17.3 - https:\/\/yoast.com\/wordpress\/plugins\/seo\/ -->\n<title>- Association de personnes retrait\u00e9es de la FAE<\/title>\n<meta name=\"robots\" content=\"noindex, follow, max-snippet:-1, max-image-preview:large, max-video-preview:-1\" \/>\n<meta property=\"og:locale\" content=\"fr_FR\" \/>\n<meta property=\"og:type\" content=\"article\" \/>\n<meta property=\"og:title\" content=\"- Association de personnes retrait\u00e9es de la FAE\" \/>\n<meta property=\"og:description\" content=\"Atelier-d\u00e9monstration sur les m\u00e9diums mixtes avec Lorraine S\u00e9guin 2018\" \/>\n<meta property=\"og:url\" content=\"https:\/\/www.capri-matique.com\/client\/aprfae5\/wp-content\/uploads\/2018\/12\/20180321_155820.jpg\" \/>\n<meta property=\"og:site_name\" content=\"Association de personnes retrait\u00e9es de la FAE\" \/>\n<meta property=\"article:modified_time\" content=\"2019-12-18T20:57:15+00:00\" \/>\n<meta property=\"og:image\" content=\"https:\/\/www.capri-matique.com\/client\/aprfae5\/wp-content\/uploads\/2018\/12\/20180321_155820.jpg\" \/>\n\t<meta property=\"og:image:width\" content=\"512\" \/>\n\t<meta property=\"og:image:height\" content=\"384\" \/>\n<meta name=\"twitter:card\" content=\"summary\" \/>\n<script type=\"application\/ld+json\" class=\"yoast-schema-graph\">{\"@context\":\"https:\/\/schema.org\",\"@graph\":[{\"@type\":\"WebSite\",\"@id\":\"https:\/\/www.capri-matique.com\/client\/aprfae5\/#website\",\"url\":\"https:\/\/www.capri-matique.com\/client\/aprfae5\/\",\"name\":\"Association de personnes retrait\\u00e9es de la FAE\",\"description\":\"L&#039;association qui nous unit\",\"potentialAction\":[{\"@type\":\"SearchAction\",\"target\":{\"@type\":\"EntryPoint\",\"urlTemplate\":\"https:\/\/www.capri-matique.com\/client\/aprfae5\/?s={search_term_string}\"},\"query-input\":\"required name=search_term_string\"}],\"inLanguage\":\"fr-FR\"},{\"@type\":\"WebPage\",\"@id\":\"https:\/\/www.capri-matique.com\/client\/aprfae5\/wp-content\/uploads\/2018\/12\/20180321_155820.jpg#webpage\",\"url\":\"https:\/\/www.capri-matique.com\/client\/aprfae5\/wp-content\/uploads\/2018\/12\/20180321_155820.jpg\",\"name\":\"- Association de personnes retrait\\u00e9es de la FAE\",\"isPartOf\":{\"@id\":\"https:\/\/www.capri-matique.com\/client\/aprfae5\/#website\"},\"datePublished\":\"2018-12-19T16:27:39+00:00\",\"dateModified\":\"2019-12-18T20:57:15+00:00\",\"breadcrumb\":{\"@id\":\"https:\/\/www.capri-matique.com\/client\/aprfae5\/wp-content\/uploads\/2018\/12\/20180321_155820.jpg#breadcrumb\"},\"inLanguage\":\"fr-FR\",\"potentialAction\":[{\"@type\":\"ReadAction\",\"target\":[\"https:\/\/www.capri-matique.com\/client\/aprfae5\/wp-content\/uploads\/2018\/12\/20180321_155820.jpg\"]}]},{\"@type\":\"BreadcrumbList\",\"@id\":\"https:\/\/www.capri-matique.com\/client\/aprfae5\/wp-content\/uploads\/2018\/12\/20180321_155820.jpg#breadcrumb\",\"itemListElement\":[{\"@type\":\"ListItem\",\"position\":1,\"name\":\"Accueil\",\"item\":\"https:\/\/www.capri-matique.com\/client\/aprfae5\/\"},{\"@type\":\"ListItem\",\"position\":2,\"name\":\"image 2\",\"item\":\"https:\/\/www.capri-matique.com\/client\/aprfae5\/image-2\/\"},{\"@type\":\"ListItem\",\"position\":3,\"name\":\"\"}]}]}<\/script>\n<!-- \/ Yoast SEO plugin. -->","yoast_head_json":{"title":"- Association de personnes retrait\u00e9es de la FAE","robots":{"index":"noindex","follow":"follow","max-snippet":"max-snippet:-1","max-image-preview":"max-image-preview:large","max-video-preview":"max-video-preview:-1"},"og_locale":"fr_FR","og_type":"article","og_title":"- Association de personnes retrait\u00e9es de la FAE","og_description":"Atelier-d\u00e9monstration sur les m\u00e9diums mixtes avec Lorraine S\u00e9guin 2018","og_url":"https:\/\/www.capri-matique.com\/client\/aprfae5\/wp-content\/uploads\/2018\/12\/20180321_155820.jpg","og_site_name":"Association de personnes retrait\u00e9es de la FAE","article_modified_time":"2019-12-18T20:57:15+00:00","og_image":[{"width":512,"height":384,"url":"https:\/\/www.capri-matique.com\/client\/aprfae5\/wp-content\/uploads\/2018\/12\/20180321_155820.jpg","type":"image\/jpeg"}],"twitter_card":"summary","schema":{"@context":"https:\/\/schema.org","@graph":[{"@type":"WebSite","@id":"https:\/\/www.capri-matique.com\/client\/aprfae5\/#website","url":"https:\/\/www.capri-matique.com\/client\/aprfae5\/","name":"Association de personnes retrait\u00e9es de la FAE","description":"L&#039;association qui nous unit","potentialAction":[{"@type":"SearchAction","target":{"@type":"EntryPoint","urlTemplate":"https:\/\/www.capri-matique.com\/client\/aprfae5\/?s={search_term_string}"},"query-input":"required name=search_term_string"}],"inLanguage":"fr-FR"},{"@type":"WebPage","@id":"https:\/\/www.capri-matique.com\/client\/aprfae5\/wp-content\/uploads\/2018\/12\/20180321_155820.jpg#webpage","url":"https:\/\/www.capri-matique.com\/client\/aprfae5\/wp-content\/uploads\/2018\/12\/20180321_155820.jpg","name":"- Association de personnes retrait\u00e9es de la FAE","isPartOf":{"@id":"https:\/\/www.capri-matique.com\/client\/aprfae5\/#website"},"datePublished":"2018-12-19T16:27:39+00:00","dateModified":"2019-12-18T20:57:15+00:00","breadcrumb":{"@id":"https:\/\/www.capri-matique.com\/client\/aprfae5\/wp-content\/uploads\/2018\/12\/20180321_155820.jpg#breadcrumb"},"inLanguage":"fr-FR","potentialAction":[{"@type":"ReadAction","target":["https:\/\/www.capri-matique.com\/client\/aprfae5\/wp-content\/uploads\/2018\/12\/20180321_155820.jpg"]}]},{"@type":"BreadcrumbList","@id":"https:\/\/www.capri-matique.com\/client\/aprfae5\/wp-content\/uploads\/2018\/12\/20180321_155820.jpg#breadcrumb","itemListElement":[{"@type":"ListItem","position":1,"name":"Accueil","item":"https:\/\/www.capri-matique.com\/client\/aprfae5\/"},{"@type":"ListItem","position":2,"name":"image 2","item":"https:\/\/www.capri-matique.com\/client\/aprfae5\/image-2\/"},{"@type":"ListItem","position":3,"name":""}]}]}},"description":{"rendered":"<p class=\"attachment\"><a href='https:\/\/www.capri-matique.com\/client\/aprfae5\/wp-content\/uploads\/2018\/12\/20180321_155820.jpg'><img fetchpriority=\"high\" decoding=\"async\" width=\"300\" height=\"225\" src=\"https:\/\/www.capri-matique.com\/client\/aprfae5\/wp-content\/uploads\/2018\/12\/20180321_155820-300x225.jpg\" class=\"attachment-medium size-medium\" alt=\"\" srcset=\"https:\/\/www.capri-matique.com\/client\/aprfae5\/wp-content\/uploads\/2018\/12\/20180321_155820-300x225.jpg 300w, https:\/\/www.capri-matique.com\/client\/aprfae5\/wp-content\/uploads\/2018\/12\/20180321_155820.jpg 512w\" sizes=\"(max-width: 300px) 100vw, 300px\" \/><\/a><\/p>\n"},"caption":{"rendered":"<p>Atelier-d\u00e9monstration sur les m\u00e9diums mixtes avec Lorraine S\u00e9guin 2018<\/p>\n"},"alt_text":"","media_type":"image","mime_type":"image\/jpeg","media_details":{"width":512,"height":384,"file":"2018\/12\/20180321_155820.jpg","sizes":{"thumbnail":{"file":"20180321_155820-150x150.jpg","width":150,"height":150,"mime_type":"image\/jpeg","source_url":"https:\/\/www.capri-matique.com\/client\/aprfae5\/wp-content\/uploads\/2018\/12\/20180321_155820-150x150.jpg"},"medium":{"file":"20180321_155820-300x225.jpg","width":300,"height":225,"width_query":"300","height_query":"300","mime_type":"image\/jpeg","source_url":"https:\/\/www.capri-matique.com\/client\/aprfae5\/wp-content\/uploads\/2018\/12\/20180321_155820-300x225.jpg"},"600x99999":{"source_url":"https:\/\/www.capri-matique.com\/client\/aprfae5\/wp-content\/uploads\/2018\/12\/20180321_155820.jpg"},"full":{"file":"20180321_155820.jpg","width":512,"height":384,"mime_type":"image\/jpeg","source_url":"https:\/\/www.capri-matique.com\/client\/aprfae5\/wp-content\/uploads\/2018\/12\/20180321_155820.jpg"}},"image_meta":{"aperture":"0","credit":"","camera":"","caption":"","created_timestamp":"0","copyright":"","focal_length":"0","iso":"0","shutter_speed":"0","title":"","orientation":"0","keywords":[]}},"post":723,"source_url":"https:\/\/www.capri-matique.com\/client\/aprfae5\/wp-content\/uploads\/2018\/12\/20180321_155820.jpg","_links":{"self":[{"href":"https:\/\/www.capri-matique.com\/client\/aprfae5\/wp-json\/wp\/v2\/media\/3464","targetHints":{"allow":["GET"]}}],"collection":[{"href":"https:\/\/www.capri-matique.com\/client\/aprfae5\/wp-json\/wp\/v2\/media"}],"about":[{"href":"https:\/\/www.capri-matique.com\/client\/aprfae5\/wp-json\/wp\/v2\/types\/attachment"}],"author":[{"embeddable":true,"href":"https:\/\/www.capri-matique.com\/client\/aprfae5\/wp-json\/wp\/v2\/users\/2"}],"replies":[{"embeddable":true,"href":"https:\/\/www.capri-matique.com\/client\/aprfae5\/wp-json\/wp\/v2\/comments?post=3464"}]}}

<!-- This site is optimized with the Yoast SEO plugin v17.3 - https://yoast.com/wordpress/plugins/seo/ -->
<title>- Association de personnes retraitées de la FAE</title>
<meta name="robots" content="noindex, follow, max-snippet:-1, max-image-preview:large, max-video-preview:-1" />
<meta property="og:locale" content="fr_FR" />
<meta property="og:type" content="article" />
<meta property="og:title" content="- Association de personnes retraitées de la FAE" />
<meta property="og:description" content="Atelier-démonstration sur les médiums mixtes avec Lorraine Séguin 2018" />
<meta property="og:url" content="https://www.capri-matique.com/client/aprfae5/wp-content/uploads/2018/12/20180321_155820.jpg" />
<meta property="og:site_name" content="Association de personnes retraitées de la FAE" />
<meta property="article:modified_time" content="2019-12-18T20:57:15+00:00" />
<meta property="og:image" content="https://www.capri-matique.com/client/aprfae5/wp-content/uploads/2018/12/20180321_155820.jpg" />
	<meta property="og:image:width" content="512" />
	<meta property="og:image:height" content="384" />
<meta name="twitter:card" content="summary" />
<script type="application/ld+json" class="yoast-schema-graph">{"@context":"https://schema.org","@graph":[{"@type":"WebSite","@id":"https://www.capri-matique.com/client/aprfae5/#website","url":"https://www.capri-matique.com/client/aprfae5/","name":"Association de personnes retrait\u00e9es de la FAE","description":"L&#039;association qui nous unit","potentialAction":[{"@type":"SearchAction","target":{"@type":"EntryPoint","urlTemplate":"https://www.capri-matique.com/client/aprfae5/?s={search_term_string}"},"query-input":"required name=search_term_string"}],"inLanguage":"fr-FR"},{"@type":"WebPage","@id":"https://www.capri-matique.com/client/aprfae5/wp-content/uploads/2018/12/20180321_155820.jpg#webpage","url":"https://www.capri-matique.com/client/aprfae5/wp-content/uploads/2018/12/20180321_155820.jpg","name":"- Association de personnes retrait\u00e9es de la FAE","isPartOf":{"@id":"https://www.capri-matique.com/client/aprfae5/#website"},"datePublished":"2018-12-19T16:27:39+00:00","dateModified":"2019-12-18T20:57:15+00:00","breadcrumb":{"@id":"https://www.capri-matique.com/client/aprfae5/wp-content/uploads/2018/12/20180321_155820.jpg#breadcrumb"},"inLanguage":"fr-FR","potentialAction":[{"@type":"ReadAction","target":["https://www.capri-matique.com/client/aprfae5/wp-content/uploads/2018/12/20180321_155820.jpg"]}]},{"@type":"BreadcrumbList","@id":"https://www.capri-matique.com/client/aprfae5/wp-content/uploads/2018/12/20180321_155820.jpg#breadcrumb","itemListElement":[{"@type":"ListItem","position":1,"name":"Accueil","item":"https://www.capri-matique.com/client/aprfae5/"},{"@type":"ListItem","position":2,"name":"image 2","item":"https://www.capri-matique.com/client/aprfae5/image-2/"},{"@type":"ListItem","position":3,"name":""}]}]}</script>
<!-- / Yoast SEO plugin. -->

- Association de personnes retraitées de la FAE

Atelier-démonstration sur les médiums mixtes avec Lorraine Séguin 2018

Association de personnes retraitées de la FAE

<p>Atelier-démonstration sur les médiums mixtes avec Lorraine Séguin 2018</p>
