{"version":"1.0","provider_name":"Association de personnes retrait\u00e9es de la FAE","provider_url":"https:\/\/www.capri-matique.com\/client\/aprfae5","title":"S\u00e9minaire 2022-2023 - Association de personnes retrait\u00e9es de la FAE","type":"rich","width":600,"height":338,"html":"<blockquote class=\"wp-embedded-content\" data-secret=\"8pHQ2dOyeb\"><a href=\"https:\/\/www.capri-matique.com\/client\/aprfae5\/seminaire-2022-2023\/\">S\u00e9minaire 2022-2023<\/a><\/blockquote><iframe sandbox=\"allow-scripts\" security=\"restricted\" src=\"https:\/\/www.capri-matique.com\/client\/aprfae5\/seminaire-2022-2023\/embed\/#?secret=8pHQ2dOyeb\" width=\"600\" height=\"338\" title=\"\u00ab\u00a0S\u00e9minaire 2022-2023\u00a0\u00bb &#8212; Association de personnes retrait\u00e9es de la FAE\" data-secret=\"8pHQ2dOyeb\" frameborder=\"0\" marginwidth=\"0\" marginheight=\"0\" scrolling=\"no\" class=\"wp-embedded-content\"><\/iframe><script type=\"text\/javascript\">\n\/* <![CDATA[ *\/\n\/*! This file is auto-generated *\/\n!function(d,l){\"use strict\";l.querySelector&&d.addEventListener&&\"undefined\"!=typeof URL&&(d.wp=d.wp||{},d.wp.receiveEmbedMessage||(d.wp.receiveEmbedMessage=function(e){var t=e.data;if((t||t.secret||t.message||t.value)&&!\/[^a-zA-Z0-9]\/.test(t.secret)){for(var s,r,n,a=l.querySelectorAll('iframe[data-secret=\"'+t.secret+'\"]'),o=l.querySelectorAll('blockquote[data-secret=\"'+t.secret+'\"]'),c=new RegExp(\"^https?:$\",\"i\"),i=0;i<o.length;i++)o[i].style.display=\"none\";for(i=0;i<a.length;i++)s=a[i],e.source===s.contentWindow&&(s.removeAttribute(\"style\"),\"height\"===t.message?(1e3<(r=parseInt(t.value,10))?r=1e3:~~r<200&&(r=200),s.height=r):\"link\"===t.message&&(r=new URL(s.getAttribute(\"src\")),n=new URL(t.value),c.test(n.protocol))&&n.host===r.host&&l.activeElement===s&&(d.top.location.href=t.value))}},d.addEventListener(\"message\",d.wp.receiveEmbedMessage,!1),l.addEventListener(\"DOMContentLoaded\",function(){for(var e,t,s=l.querySelectorAll(\"iframe.wp-embedded-content\"),r=0;r<s.length;r++)(t=(e=s[r]).getAttribute(\"data-secret\"))||(t=Math.random().toString(36).substring(2,12),e.src+=\"#?secret=\"+t,e.setAttribute(\"data-secret\",t)),e.contentWindow.postMessage({message:\"ready\",secret:t},\"*\")},!1)))}(window,document);\n\/* ]]> *\/\n<\/script>\n","description":"S\u00c9MINAIRES DE PLANIFICATION DE LA RETRAITE 2022-2023\u00a0 CONDITIONS Les s\u00e9minaires de planification de la retraite, sous la responsabilit\u00e9 de l\u2019APRFAE (Association de personnes retrait\u00e9es de la FAE), sont con\u00e7us pour les personnes qui songent \u00e0 prendre leur retraite d\u2019ici le 30 juin 2024 ou qui sont d\u00e9j\u00e0 inscrites dans un programme de retraite progressive. Ces &hellip;"}

Association de personnes retraitées de la FAE

Séminaire 2022-2023 - Association de personnes retraitées de la FAE

<blockquote class="wp-embedded-content" data-secret="8pHQ2dOyeb"><a href="https://www.capri-matique.com/client/aprfae5/seminaire-2022-2023/">Séminaire 2022-2023</a></blockquote><iframe sandbox="allow-scripts" security="restricted" src="https://www.capri-matique.com/client/aprfae5/seminaire-2022-2023/embed/#?secret=8pHQ2dOyeb" width="600" height="338" title="« Séminaire 2022-2023 » &#8212; Association de personnes retraitées de la FAE" data-secret="8pHQ2dOyeb" frameborder="0" marginwidth="0" marginheight="0" scrolling="no" class="wp-embedded-content"></iframe><script type="text/javascript">
/* <![CDATA[ */
/*! This file is auto-generated */
!function(d,l){"use strict";l.querySelector&&d.addEventListener&&"undefined"!=typeof URL&&(d.wp=d.wp||{},d.wp.receiveEmbedMessage||(d.wp.receiveEmbedMessage=function(e){var t=e.data;if((t||t.secret||t.message||t.value)&&!/[^a-zA-Z0-9]/.test(t.secret)){for(var s,r,n,a=l.querySelectorAll('iframe[data-secret="'+t.secret+'"]'),o=l.querySelectorAll('blockquote[data-secret="'+t.secret+'"]'),c=new RegExp("^https?:$","i"),i=0;i<o.length;i++)o[i].style.display="none";for(i=0;i<a.length;i++)s=a[i],e.source===s.contentWindow&&(s.removeAttribute("style"),"height"===t.message?(1e3<(r=parseInt(t.value,10))?r=1e3:~~r<200&&(r=200),s.height=r):"link"===t.message&&(r=new URL(s.getAttribute("src")),n=new URL(t.value),c.test(n.protocol))&&n.host===r.host&&l.activeElement===s&&(d.top.location.href=t.value))}},d.addEventListener("message",d.wp.receiveEmbedMessage,!1),l.addEventListener("DOMContentLoaded",function(){for(var e,t,s=l.querySelectorAll("iframe.wp-embedded-content"),r=0;r<s.length;r++)(t=(e=s[r]).getAttribute("data-secret"))||(t=Math.random().toString(36).substring(2,12),e.src+="#?secret="+t,e.setAttribute("data-secret",t)),e.contentWindow.postMessage({message:"ready",secret:t},"*")},!1)))}(window,document);
/* ]]> */
</script>

SÉMINAIRES DE PLANIFICATION DE LA RETRAITE 2022-2023  CONDITIONS Les séminaires de planification de la retraite, sous la responsabilité de l’APRFAE (Association de personnes retraitées de la FAE), sont conçus pour les personnes qui songent à prendre leur retraite d’ici le 30 juin 2024 ou qui sont déjà inscrites dans un programme de retraite progressive. Ces &hellip;
