{"version":"1.0","provider_name":"Association de personnes retrait\u00e9es de la FAE","provider_url":"https:\/\/www.capri-matique.com\/client\/aprfae5","title":"Nouveau responsable politique de l'APRFAE - Association de personnes retrait\u00e9es de la FAE","type":"rich","width":600,"height":338,"html":"<blockquote class=\"wp-embedded-content\" data-secret=\"00r7zRDkoz\"><a href=\"https:\/\/www.capri-matique.com\/client\/aprfae5\/nouveau-responsable-politique-de-laprfae\/\">Nouveau responsable politique de l&#8217;APRFAE<\/a><\/blockquote><iframe sandbox=\"allow-scripts\" security=\"restricted\" src=\"https:\/\/www.capri-matique.com\/client\/aprfae5\/nouveau-responsable-politique-de-laprfae\/embed\/#?secret=00r7zRDkoz\" width=\"600\" height=\"338\" title=\"\u00ab\u00a0Nouveau responsable politique de l&#8217;APRFAE\u00a0\u00bb &#8212; Association de personnes retrait\u00e9es de la FAE\" data-secret=\"00r7zRDkoz\" frameborder=\"0\" marginwidth=\"0\" marginheight=\"0\" scrolling=\"no\" class=\"wp-embedded-content\"><\/iframe><script type=\"text\/javascript\">\n\/* <![CDATA[ *\/\n\/*! This file is auto-generated *\/\n!function(d,l){\"use strict\";l.querySelector&&d.addEventListener&&\"undefined\"!=typeof URL&&(d.wp=d.wp||{},d.wp.receiveEmbedMessage||(d.wp.receiveEmbedMessage=function(e){var t=e.data;if((t||t.secret||t.message||t.value)&&!\/[^a-zA-Z0-9]\/.test(t.secret)){for(var s,r,n,a=l.querySelectorAll('iframe[data-secret=\"'+t.secret+'\"]'),o=l.querySelectorAll('blockquote[data-secret=\"'+t.secret+'\"]'),c=new RegExp(\"^https?:$\",\"i\"),i=0;i<o.length;i++)o[i].style.display=\"none\";for(i=0;i<a.length;i++)s=a[i],e.source===s.contentWindow&&(s.removeAttribute(\"style\"),\"height\"===t.message?(1e3<(r=parseInt(t.value,10))?r=1e3:~~r<200&&(r=200),s.height=r):\"link\"===t.message&&(r=new URL(s.getAttribute(\"src\")),n=new URL(t.value),c.test(n.protocol))&&n.host===r.host&&l.activeElement===s&&(d.top.location.href=t.value))}},d.addEventListener(\"message\",d.wp.receiveEmbedMessage,!1),l.addEventListener(\"DOMContentLoaded\",function(){for(var e,t,s=l.querySelectorAll(\"iframe.wp-embedded-content\"),r=0;r<s.length;r++)(t=(e=s[r]).getAttribute(\"data-secret\"))||(t=Math.random().toString(36).substring(2,12),e.src+=\"#?secret=\"+t,e.setAttribute(\"data-secret\",t)),e.contentWindow.postMessage({message:\"ready\",secret:t},\"*\")},!1)))}(window,document);\n\/* ]]> *\/\n<\/script>\n","description":"Nous tenons \u00e0 souhaiter la bienvenue \u00e0 M. Beno\u00eet Gigu\u00e8re, \u00e9lu vice-pr\u00e9sident au secr\u00e9tariat, \u00e0 la tr\u00e9sorerie et \u00e0 l\u2019administration de la FAE en juin dernier. Parmi les dossiers sous sa gouverne, il sera entre autres, responsable de l\u2019APRFAE. D\u2019abord enseignant en \u00e9thique et culture religieuse, M. Gigu\u00e8re a \u00e9t\u00e9 pr\u00e9sident du Syndicat de l\u2019enseignement &hellip;"}

Association de personnes retraitées de la FAE

Nouveau responsable politique de l'APRFAE - Association de personnes retraitées de la FAE

<blockquote class="wp-embedded-content" data-secret="00r7zRDkoz"><a href="https://www.capri-matique.com/client/aprfae5/nouveau-responsable-politique-de-laprfae/">Nouveau responsable politique de l&#8217;APRFAE</a></blockquote><iframe sandbox="allow-scripts" security="restricted" src="https://www.capri-matique.com/client/aprfae5/nouveau-responsable-politique-de-laprfae/embed/#?secret=00r7zRDkoz" width="600" height="338" title="« Nouveau responsable politique de l&#8217;APRFAE » &#8212; Association de personnes retraitées de la FAE" data-secret="00r7zRDkoz" frameborder="0" marginwidth="0" marginheight="0" scrolling="no" class="wp-embedded-content"></iframe><script type="text/javascript">
/* <![CDATA[ */
/*! This file is auto-generated */
!function(d,l){"use strict";l.querySelector&&d.addEventListener&&"undefined"!=typeof URL&&(d.wp=d.wp||{},d.wp.receiveEmbedMessage||(d.wp.receiveEmbedMessage=function(e){var t=e.data;if((t||t.secret||t.message||t.value)&&!/[^a-zA-Z0-9]/.test(t.secret)){for(var s,r,n,a=l.querySelectorAll('iframe[data-secret="'+t.secret+'"]'),o=l.querySelectorAll('blockquote[data-secret="'+t.secret+'"]'),c=new RegExp("^https?:$","i"),i=0;i<o.length;i++)o[i].style.display="none";for(i=0;i<a.length;i++)s=a[i],e.source===s.contentWindow&&(s.removeAttribute("style"),"height"===t.message?(1e3<(r=parseInt(t.value,10))?r=1e3:~~r<200&&(r=200),s.height=r):"link"===t.message&&(r=new URL(s.getAttribute("src")),n=new URL(t.value),c.test(n.protocol))&&n.host===r.host&&l.activeElement===s&&(d.top.location.href=t.value))}},d.addEventListener("message",d.wp.receiveEmbedMessage,!1),l.addEventListener("DOMContentLoaded",function(){for(var e,t,s=l.querySelectorAll("iframe.wp-embedded-content"),r=0;r<s.length;r++)(t=(e=s[r]).getAttribute("data-secret"))||(t=Math.random().toString(36).substring(2,12),e.src+="#?secret="+t,e.setAttribute("data-secret",t)),e.contentWindow.postMessage({message:"ready",secret:t},"*")},!1)))}(window,document);
/* ]]> */
</script>

Nous tenons à souhaiter la bienvenue à M. Benoît Giguère, élu vice-président au secrétariat, à la trésorerie et à l’administration de la FAE en juin dernier. Parmi les dossiers sous sa gouverne, il sera entre autres, responsable de l’APRFAE. D’abord enseignant en éthique et culture religieuse, M. Giguère a été président du Syndicat de l’enseignement &hellip;
