{"version":"1.0","provider_name":"Association de personnes retrait\u00e9es de la FAE","provider_url":"https:\/\/www.capri-matique.com\/client\/aprfae5","title":"Les droits \u00e0 la sant\u00e9 - Association de personnes retrait\u00e9es de la FAE","type":"rich","width":600,"height":338,"html":"<blockquote class=\"wp-embedded-content\" data-secret=\"V9Vt8RpkgR\"><a href=\"https:\/\/www.capri-matique.com\/client\/aprfae5\/les-droits-a-la-sante\/\">Les droits \u00e0 la sant\u00e9<\/a><\/blockquote><iframe sandbox=\"allow-scripts\" security=\"restricted\" src=\"https:\/\/www.capri-matique.com\/client\/aprfae5\/les-droits-a-la-sante\/embed\/#?secret=V9Vt8RpkgR\" width=\"600\" height=\"338\" title=\"\u00ab\u00a0Les droits \u00e0 la sant\u00e9\u00a0\u00bb &#8212; Association de personnes retrait\u00e9es de la FAE\" data-secret=\"V9Vt8RpkgR\" frameborder=\"0\" marginwidth=\"0\" marginheight=\"0\" scrolling=\"no\" class=\"wp-embedded-content\"><\/iframe><script type=\"text\/javascript\">\n\/* <![CDATA[ *\/\n\/*! This file is auto-generated *\/\n!function(d,l){\"use strict\";l.querySelector&&d.addEventListener&&\"undefined\"!=typeof URL&&(d.wp=d.wp||{},d.wp.receiveEmbedMessage||(d.wp.receiveEmbedMessage=function(e){var t=e.data;if((t||t.secret||t.message||t.value)&&!\/[^a-zA-Z0-9]\/.test(t.secret)){for(var s,r,n,a=l.querySelectorAll('iframe[data-secret=\"'+t.secret+'\"]'),o=l.querySelectorAll('blockquote[data-secret=\"'+t.secret+'\"]'),c=new RegExp(\"^https?:$\",\"i\"),i=0;i<o.length;i++)o[i].style.display=\"none\";for(i=0;i<a.length;i++)s=a[i],e.source===s.contentWindow&&(s.removeAttribute(\"style\"),\"height\"===t.message?(1e3<(r=parseInt(t.value,10))?r=1e3:~~r<200&&(r=200),s.height=r):\"link\"===t.message&&(r=new URL(s.getAttribute(\"src\")),n=new URL(t.value),c.test(n.protocol))&&n.host===r.host&&l.activeElement===s&&(d.top.location.href=t.value))}},d.addEventListener(\"message\",d.wp.receiveEmbedMessage,!1),l.addEventListener(\"DOMContentLoaded\",function(){for(var e,t,s=l.querySelectorAll(\"iframe.wp-embedded-content\"),r=0;r<s.length;r++)(t=(e=s[r]).getAttribute(\"data-secret\"))||(t=Math.random().toString(36).substring(2,12),e.src+=\"#?secret=\"+t,e.setAttribute(\"data-secret\",t)),e.contentWindow.postMessage({message:\"ready\",secret:t},\"*\")},!1)))}(window,document);\n\/* ]]> *\/\n<\/script>\n","description":"Dans un communiqu\u00e9 publi\u00e9 le 6 avril dernier, la Ligue des droits et libert\u00e9s faisait \u00e9tat des diff\u00e9rents facteurs que les gouvernements doivent prendre en consid\u00e9ration dans l\u2019\u00e9laboration de leurs politiques de sant\u00e9 publique. Pr\u00e8s d\u2019un mois plus tard, cette analyse demeure tout-\u00e0-fait pertinente et le d\u00e9roulement des \u00e9v\u00e9nements nous permet d\u2019ailleurs de mieux appr\u00e9cier &hellip;"}

Association de personnes retraitées de la FAE

Les droits à la santé - Association de personnes retraitées de la FAE

<blockquote class="wp-embedded-content" data-secret="V9Vt8RpkgR"><a href="https://www.capri-matique.com/client/aprfae5/les-droits-a-la-sante/">Les droits à la santé</a></blockquote><iframe sandbox="allow-scripts" security="restricted" src="https://www.capri-matique.com/client/aprfae5/les-droits-a-la-sante/embed/#?secret=V9Vt8RpkgR" width="600" height="338" title="« Les droits à la santé » &#8212; Association de personnes retraitées de la FAE" data-secret="V9Vt8RpkgR" frameborder="0" marginwidth="0" marginheight="0" scrolling="no" class="wp-embedded-content"></iframe><script type="text/javascript">
/* <![CDATA[ */
/*! This file is auto-generated */
!function(d,l){"use strict";l.querySelector&&d.addEventListener&&"undefined"!=typeof URL&&(d.wp=d.wp||{},d.wp.receiveEmbedMessage||(d.wp.receiveEmbedMessage=function(e){var t=e.data;if((t||t.secret||t.message||t.value)&&!/[^a-zA-Z0-9]/.test(t.secret)){for(var s,r,n,a=l.querySelectorAll('iframe[data-secret="'+t.secret+'"]'),o=l.querySelectorAll('blockquote[data-secret="'+t.secret+'"]'),c=new RegExp("^https?:$","i"),i=0;i<o.length;i++)o[i].style.display="none";for(i=0;i<a.length;i++)s=a[i],e.source===s.contentWindow&&(s.removeAttribute("style"),"height"===t.message?(1e3<(r=parseInt(t.value,10))?r=1e3:~~r<200&&(r=200),s.height=r):"link"===t.message&&(r=new URL(s.getAttribute("src")),n=new URL(t.value),c.test(n.protocol))&&n.host===r.host&&l.activeElement===s&&(d.top.location.href=t.value))}},d.addEventListener("message",d.wp.receiveEmbedMessage,!1),l.addEventListener("DOMContentLoaded",function(){for(var e,t,s=l.querySelectorAll("iframe.wp-embedded-content"),r=0;r<s.length;r++)(t=(e=s[r]).getAttribute("data-secret"))||(t=Math.random().toString(36).substring(2,12),e.src+="#?secret="+t,e.setAttribute("data-secret",t)),e.contentWindow.postMessage({message:"ready",secret:t},"*")},!1)))}(window,document);
/* ]]> */
</script>

Dans un communiqué publié le 6 avril dernier, la Ligue des droits et libertés faisait état des différents facteurs que les gouvernements doivent prendre en considération dans l’élaboration de leurs politiques de santé publique. Près d’un mois plus tard, cette analyse demeure tout-à-fait pertinente et le déroulement des événements nous permet d’ailleurs de mieux apprécier &hellip;
