{"version":"1.0","provider_name":"Association de personnes retrait\u00e9es de la FAE","provider_url":"https:\/\/www.capri-matique.com\/client\/aprfae5","title":"Journ\u00e9e mondiale de la justice sociale - Association de personnes retrait\u00e9es de la FAE","type":"rich","width":600,"height":338,"html":"<blockquote class=\"wp-embedded-content\" data-secret=\"vqkdoEGNrQ\"><a href=\"https:\/\/www.capri-matique.com\/client\/aprfae5\/journee-mondiale-de-justice-sociale\/\">Journ\u00e9e mondiale de la justice sociale<\/a><\/blockquote><iframe sandbox=\"allow-scripts\" security=\"restricted\" src=\"https:\/\/www.capri-matique.com\/client\/aprfae5\/journee-mondiale-de-justice-sociale\/embed\/#?secret=vqkdoEGNrQ\" width=\"600\" height=\"338\" title=\"\u00ab\u00a0Journ\u00e9e mondiale de la justice sociale\u00a0\u00bb &#8212; Association de personnes retrait\u00e9es de la FAE\" data-secret=\"vqkdoEGNrQ\" frameborder=\"0\" marginwidth=\"0\" marginheight=\"0\" scrolling=\"no\" class=\"wp-embedded-content\"><\/iframe><script type=\"text\/javascript\">\n\/* <![CDATA[ *\/\n\/*! This file is auto-generated *\/\n!function(d,l){\"use strict\";l.querySelector&&d.addEventListener&&\"undefined\"!=typeof URL&&(d.wp=d.wp||{},d.wp.receiveEmbedMessage||(d.wp.receiveEmbedMessage=function(e){var t=e.data;if((t||t.secret||t.message||t.value)&&!\/[^a-zA-Z0-9]\/.test(t.secret)){for(var s,r,n,a=l.querySelectorAll('iframe[data-secret=\"'+t.secret+'\"]'),o=l.querySelectorAll('blockquote[data-secret=\"'+t.secret+'\"]'),c=new RegExp(\"^https?:$\",\"i\"),i=0;i<o.length;i++)o[i].style.display=\"none\";for(i=0;i<a.length;i++)s=a[i],e.source===s.contentWindow&&(s.removeAttribute(\"style\"),\"height\"===t.message?(1e3<(r=parseInt(t.value,10))?r=1e3:~~r<200&&(r=200),s.height=r):\"link\"===t.message&&(r=new URL(s.getAttribute(\"src\")),n=new URL(t.value),c.test(n.protocol))&&n.host===r.host&&l.activeElement===s&&(d.top.location.href=t.value))}},d.addEventListener(\"message\",d.wp.receiveEmbedMessage,!1),l.addEventListener(\"DOMContentLoaded\",function(){for(var e,t,s=l.querySelectorAll(\"iframe.wp-embedded-content\"),r=0;r<s.length;r++)(t=(e=s[r]).getAttribute(\"data-secret\"))||(t=Math.random().toString(36).substring(2,12),e.src+=\"#?secret=\"+t,e.setAttribute(\"data-secret\",t)),e.contentWindow.postMessage({message:\"ready\",secret:t},\"*\")},!1)))}(window,document);\n\/* ]]> *\/\n<\/script>\n","description":"Le 20 f\u00e9vrier, dans le cadre de la Journ\u00e9e mondiale de la justice sociale, la Coalition Main rouge, en collaboration avec la campagne Engagez-vous pour le communautaire, lance un appel \u00e0 des mobilisations r\u00e9gionales unitaires.\u00a0 Apr\u00e8s plus d\u2019une d\u00e9cennie d\u2019aust\u00e9rit\u00e9, les dommages sont palpables et rien ne laisse pr\u00e9sager que les politiques n\u00e9olib\u00e9rales qui seront &hellip;"}

Association de personnes retraitées de la FAE

Journée mondiale de la justice sociale - Association de personnes retraitées de la FAE

<blockquote class="wp-embedded-content" data-secret="vqkdoEGNrQ"><a href="https://www.capri-matique.com/client/aprfae5/journee-mondiale-de-justice-sociale/">Journée mondiale de la justice sociale</a></blockquote><iframe sandbox="allow-scripts" security="restricted" src="https://www.capri-matique.com/client/aprfae5/journee-mondiale-de-justice-sociale/embed/#?secret=vqkdoEGNrQ" width="600" height="338" title="« Journée mondiale de la justice sociale » &#8212; Association de personnes retraitées de la FAE" data-secret="vqkdoEGNrQ" frameborder="0" marginwidth="0" marginheight="0" scrolling="no" class="wp-embedded-content"></iframe><script type="text/javascript">
/* <![CDATA[ */
/*! This file is auto-generated */
!function(d,l){"use strict";l.querySelector&&d.addEventListener&&"undefined"!=typeof URL&&(d.wp=d.wp||{},d.wp.receiveEmbedMessage||(d.wp.receiveEmbedMessage=function(e){var t=e.data;if((t||t.secret||t.message||t.value)&&!/[^a-zA-Z0-9]/.test(t.secret)){for(var s,r,n,a=l.querySelectorAll('iframe[data-secret="'+t.secret+'"]'),o=l.querySelectorAll('blockquote[data-secret="'+t.secret+'"]'),c=new RegExp("^https?:$","i"),i=0;i<o.length;i++)o[i].style.display="none";for(i=0;i<a.length;i++)s=a[i],e.source===s.contentWindow&&(s.removeAttribute("style"),"height"===t.message?(1e3<(r=parseInt(t.value,10))?r=1e3:~~r<200&&(r=200),s.height=r):"link"===t.message&&(r=new URL(s.getAttribute("src")),n=new URL(t.value),c.test(n.protocol))&&n.host===r.host&&l.activeElement===s&&(d.top.location.href=t.value))}},d.addEventListener("message",d.wp.receiveEmbedMessage,!1),l.addEventListener("DOMContentLoaded",function(){for(var e,t,s=l.querySelectorAll("iframe.wp-embedded-content"),r=0;r<s.length;r++)(t=(e=s[r]).getAttribute("data-secret"))||(t=Math.random().toString(36).substring(2,12),e.src+="#?secret="+t,e.setAttribute("data-secret",t)),e.contentWindow.postMessage({message:"ready",secret:t},"*")},!1)))}(window,document);
/* ]]> */
</script>

Le 20 février, dans le cadre de la Journée mondiale de la justice sociale, la Coalition Main rouge, en collaboration avec la campagne Engagez-vous pour le communautaire, lance un appel à des mobilisations régionales unitaires.  Après plus d’une décennie d’austérité, les dommages sont palpables et rien ne laisse présager que les politiques néolibérales qui seront &hellip;
