{"version":"1.0","provider_name":"Association de personnes retrait\u00e9es de la FAE","provider_url":"https:\/\/www.capri-matique.com\/client\/aprfae5","title":"S\u00e9minaire 21-25 janvier 2023 - Association de personnes retrait\u00e9es de la FAE","type":"rich","width":600,"height":338,"html":"<blockquote class=\"wp-embedded-content\" data-secret=\"u9GWkyBcEP\"><a href=\"https:\/\/www.capri-matique.com\/client\/aprfae5\/events\/seminaire-21-25-janvier-2023\/\">S\u00e9minaire 21-25 janvier 2023<\/a><\/blockquote><iframe sandbox=\"allow-scripts\" security=\"restricted\" src=\"https:\/\/www.capri-matique.com\/client\/aprfae5\/events\/seminaire-21-25-janvier-2023\/embed\/#?secret=u9GWkyBcEP\" width=\"600\" height=\"338\" title=\"\u00ab\u00a0S\u00e9minaire 21-25 janvier 2023\u00a0\u00bb &#8212; Association de personnes retrait\u00e9es de la FAE\" data-secret=\"u9GWkyBcEP\" frameborder=\"0\" marginwidth=\"0\" marginheight=\"0\" scrolling=\"no\" class=\"wp-embedded-content\"><\/iframe><script type=\"text\/javascript\">\n\/* <![CDATA[ *\/\n\/*! This file is auto-generated *\/\n!function(d,l){\"use strict\";l.querySelector&&d.addEventListener&&\"undefined\"!=typeof URL&&(d.wp=d.wp||{},d.wp.receiveEmbedMessage||(d.wp.receiveEmbedMessage=function(e){var t=e.data;if((t||t.secret||t.message||t.value)&&!\/[^a-zA-Z0-9]\/.test(t.secret)){for(var s,r,n,a=l.querySelectorAll('iframe[data-secret=\"'+t.secret+'\"]'),o=l.querySelectorAll('blockquote[data-secret=\"'+t.secret+'\"]'),c=new RegExp(\"^https?:$\",\"i\"),i=0;i<o.length;i++)o[i].style.display=\"none\";for(i=0;i<a.length;i++)s=a[i],e.source===s.contentWindow&&(s.removeAttribute(\"style\"),\"height\"===t.message?(1e3<(r=parseInt(t.value,10))?r=1e3:~~r<200&&(r=200),s.height=r):\"link\"===t.message&&(r=new URL(s.getAttribute(\"src\")),n=new URL(t.value),c.test(n.protocol))&&n.host===r.host&&l.activeElement===s&&(d.top.location.href=t.value))}},d.addEventListener(\"message\",d.wp.receiveEmbedMessage,!1),l.addEventListener(\"DOMContentLoaded\",function(){for(var e,t,s=l.querySelectorAll(\"iframe.wp-embedded-content\"),r=0;r<s.length;r++)(t=(e=s[r]).getAttribute(\"data-secret\"))||(t=Math.random().toString(36).substring(2,12),e.src+=\"#?secret=\"+t,e.setAttribute(\"data-secret\",t)),e.contentWindow.postMessage({message:\"ready\",secret:t},\"*\")},!1)))}(window,document);\n\/* ]]> *\/\n<\/script>\n","description":"21janvier 2023 23 janvier 2023 25 janvier 2023 8h30 \u00e0 12h00 18h00 \u00e0 19h30 18h00 \u00e0 19h30 Les r\u00e9gimes de retraite Les finances Les assurances Avant le 10 octobre 2022, la personne admissible qui souhaite s\u2019inscrire doit remplir le formulaire pr\u00e9sent\u00e9 dans la pr\u00e9sente page. Un accus\u00e9 de r\u00e9ception suivra imm\u00e9diatement l\u2019inscription, mais le syndicat &hellip;"}

Association de personnes retraitées de la FAE

Séminaire 21-25 janvier 2023 - Association de personnes retraitées de la FAE

<blockquote class="wp-embedded-content" data-secret="u9GWkyBcEP"><a href="https://www.capri-matique.com/client/aprfae5/events/seminaire-21-25-janvier-2023/">Séminaire 21-25 janvier 2023</a></blockquote><iframe sandbox="allow-scripts" security="restricted" src="https://www.capri-matique.com/client/aprfae5/events/seminaire-21-25-janvier-2023/embed/#?secret=u9GWkyBcEP" width="600" height="338" title="« Séminaire 21-25 janvier 2023 » &#8212; Association de personnes retraitées de la FAE" data-secret="u9GWkyBcEP" frameborder="0" marginwidth="0" marginheight="0" scrolling="no" class="wp-embedded-content"></iframe><script type="text/javascript">
/* <![CDATA[ */
/*! This file is auto-generated */
!function(d,l){"use strict";l.querySelector&&d.addEventListener&&"undefined"!=typeof URL&&(d.wp=d.wp||{},d.wp.receiveEmbedMessage||(d.wp.receiveEmbedMessage=function(e){var t=e.data;if((t||t.secret||t.message||t.value)&&!/[^a-zA-Z0-9]/.test(t.secret)){for(var s,r,n,a=l.querySelectorAll('iframe[data-secret="'+t.secret+'"]'),o=l.querySelectorAll('blockquote[data-secret="'+t.secret+'"]'),c=new RegExp("^https?:$","i"),i=0;i<o.length;i++)o[i].style.display="none";for(i=0;i<a.length;i++)s=a[i],e.source===s.contentWindow&&(s.removeAttribute("style"),"height"===t.message?(1e3<(r=parseInt(t.value,10))?r=1e3:~~r<200&&(r=200),s.height=r):"link"===t.message&&(r=new URL(s.getAttribute("src")),n=new URL(t.value),c.test(n.protocol))&&n.host===r.host&&l.activeElement===s&&(d.top.location.href=t.value))}},d.addEventListener("message",d.wp.receiveEmbedMessage,!1),l.addEventListener("DOMContentLoaded",function(){for(var e,t,s=l.querySelectorAll("iframe.wp-embedded-content"),r=0;r<s.length;r++)(t=(e=s[r]).getAttribute("data-secret"))||(t=Math.random().toString(36).substring(2,12),e.src+="#?secret="+t,e.setAttribute("data-secret",t)),e.contentWindow.postMessage({message:"ready",secret:t},"*")},!1)))}(window,document);
/* ]]> */
</script>

21janvier 2023 23 janvier 2023 25 janvier 2023 8h30 à 12h00 18h00 à 19h30 18h00 à 19h30 Les régimes de retraite Les finances Les assurances Avant le 10 octobre 2022, la personne admissible qui souhaite s’inscrire doit remplir le formulaire présenté dans la présente page. Un accusé de réception suivra immédiatement l’inscription, mais le syndicat &hellip;
