{"version":"1.0","provider_name":"Association de personnes retrait\u00e9es de la FAE","provider_url":"https:\/\/www.capri-matique.com\/client\/aprfae5","title":"Enjeux juridiques \u00e0 la retraite - Association de personnes retrait\u00e9es de la FAE","type":"rich","width":600,"height":338,"html":"<blockquote class=\"wp-embedded-content\" data-secret=\"w7T3cAqjkZ\"><a href=\"https:\/\/www.capri-matique.com\/client\/aprfae5\/events\/enjeux-juridiques-a-la-retraite\/\">Enjeux juridiques \u00e0 la retraite<\/a><\/blockquote><iframe sandbox=\"allow-scripts\" security=\"restricted\" src=\"https:\/\/www.capri-matique.com\/client\/aprfae5\/events\/enjeux-juridiques-a-la-retraite\/embed\/#?secret=w7T3cAqjkZ\" width=\"600\" height=\"338\" title=\"\u00ab\u00a0Enjeux juridiques \u00e0 la retraite\u00a0\u00bb &#8212; Association de personnes retrait\u00e9es de la FAE\" data-secret=\"w7T3cAqjkZ\" frameborder=\"0\" marginwidth=\"0\" marginheight=\"0\" scrolling=\"no\" class=\"wp-embedded-content\"><\/iframe><script type=\"text\/javascript\">\n\/* <![CDATA[ *\/\n\/*! This file is auto-generated *\/\n!function(d,l){\"use strict\";l.querySelector&&d.addEventListener&&\"undefined\"!=typeof URL&&(d.wp=d.wp||{},d.wp.receiveEmbedMessage||(d.wp.receiveEmbedMessage=function(e){var t=e.data;if((t||t.secret||t.message||t.value)&&!\/[^a-zA-Z0-9]\/.test(t.secret)){for(var s,r,n,a=l.querySelectorAll('iframe[data-secret=\"'+t.secret+'\"]'),o=l.querySelectorAll('blockquote[data-secret=\"'+t.secret+'\"]'),c=new RegExp(\"^https?:$\",\"i\"),i=0;i<o.length;i++)o[i].style.display=\"none\";for(i=0;i<a.length;i++)s=a[i],e.source===s.contentWindow&&(s.removeAttribute(\"style\"),\"height\"===t.message?(1e3<(r=parseInt(t.value,10))?r=1e3:~~r<200&&(r=200),s.height=r):\"link\"===t.message&&(r=new URL(s.getAttribute(\"src\")),n=new URL(t.value),c.test(n.protocol))&&n.host===r.host&&l.activeElement===s&&(d.top.location.href=t.value))}},d.addEventListener(\"message\",d.wp.receiveEmbedMessage,!1),l.addEventListener(\"DOMContentLoaded\",function(){for(var e,t,s=l.querySelectorAll(\"iframe.wp-embedded-content\"),r=0;r<s.length;r++)(t=(e=s[r]).getAttribute(\"data-secret\"))||(t=Math.random().toString(36).substring(2,12),e.src+=\"#?secret=\"+t,e.setAttribute(\"data-secret\",t)),e.contentWindow.postMessage({message:\"ready\",secret:t},\"*\")},!1)))}(window,document);\n\/* ]]> *\/\n<\/script>\n","description":"SESSION D\u2019INFORMATION PORTANT SUR LES ENJEUX JURIDIQUES \u00c0 LA RETRAITE &nbsp; &nbsp; En collaboration avec Alin\u00e9a Notaires, l\u2019APRFAE est fi\u00e8re de vous offrir une session d\u2019information, portant sur les enjeux juridiques \u00e0 la retraite, anim\u00e9e conjointement par mesdames Oph\u00e9lie Harbour Caroline Allard et Caroline Reilly, membres de la Chambre des Notaires du Qu\u00e9bec et de &hellip;","thumbnail_url":"https:\/\/capri-matique.com\/client\/aprfae5\/wp-content\/uploads\/2024\/03\/enjeu-juridique-1024x683.jpg"}

Association de personnes retraitées de la FAE

Enjeux juridiques à la retraite - Association de personnes retraitées de la FAE

<blockquote class="wp-embedded-content" data-secret="w7T3cAqjkZ"><a href="https://www.capri-matique.com/client/aprfae5/events/enjeux-juridiques-a-la-retraite/">Enjeux juridiques à la retraite</a></blockquote><iframe sandbox="allow-scripts" security="restricted" src="https://www.capri-matique.com/client/aprfae5/events/enjeux-juridiques-a-la-retraite/embed/#?secret=w7T3cAqjkZ" width="600" height="338" title="« Enjeux juridiques à la retraite » &#8212; Association de personnes retraitées de la FAE" data-secret="w7T3cAqjkZ" frameborder="0" marginwidth="0" marginheight="0" scrolling="no" class="wp-embedded-content"></iframe><script type="text/javascript">
/* <![CDATA[ */
/*! This file is auto-generated */
!function(d,l){"use strict";l.querySelector&&d.addEventListener&&"undefined"!=typeof URL&&(d.wp=d.wp||{},d.wp.receiveEmbedMessage||(d.wp.receiveEmbedMessage=function(e){var t=e.data;if((t||t.secret||t.message||t.value)&&!/[^a-zA-Z0-9]/.test(t.secret)){for(var s,r,n,a=l.querySelectorAll('iframe[data-secret="'+t.secret+'"]'),o=l.querySelectorAll('blockquote[data-secret="'+t.secret+'"]'),c=new RegExp("^https?:$","i"),i=0;i<o.length;i++)o[i].style.display="none";for(i=0;i<a.length;i++)s=a[i],e.source===s.contentWindow&&(s.removeAttribute("style"),"height"===t.message?(1e3<(r=parseInt(t.value,10))?r=1e3:~~r<200&&(r=200),s.height=r):"link"===t.message&&(r=new URL(s.getAttribute("src")),n=new URL(t.value),c.test(n.protocol))&&n.host===r.host&&l.activeElement===s&&(d.top.location.href=t.value))}},d.addEventListener("message",d.wp.receiveEmbedMessage,!1),l.addEventListener("DOMContentLoaded",function(){for(var e,t,s=l.querySelectorAll("iframe.wp-embedded-content"),r=0;r<s.length;r++)(t=(e=s[r]).getAttribute("data-secret"))||(t=Math.random().toString(36).substring(2,12),e.src+="#?secret="+t,e.setAttribute("data-secret",t)),e.contentWindow.postMessage({message:"ready",secret:t},"*")},!1)))}(window,document);
/* ]]> */
</script>

SESSION D’INFORMATION PORTANT SUR LES ENJEUX JURIDIQUES À LA RETRAITE &nbsp; &nbsp; En collaboration avec Alinéa Notaires, l’APRFAE est fière de vous offrir une session d’information, portant sur les enjeux juridiques à la retraite, animée conjointement par mesdames Ophélie Harbour Caroline Allard et Caroline Reilly, membres de la Chambre des Notaires du Québec et de &hellip;
