{"version":"1.0","provider_name":"Association de personnes retrait\u00e9es de la FAE","provider_url":"https:\/\/www.capri-matique.com\/client\/aprfae5","title":"Journ\u00e9e internationale des droits des femmes 2021 - Association de personnes retrait\u00e9es de la FAE","type":"rich","width":600,"height":338,"html":"<blockquote class=\"wp-embedded-content\" data-secret=\"UH9FEztHPi\"><a href=\"https:\/\/www.capri-matique.com\/client\/aprfae5\/ecoutons-les-femmes\/\">Journ\u00e9e internationale des droits des femmes 2021<\/a><\/blockquote><iframe sandbox=\"allow-scripts\" security=\"restricted\" src=\"https:\/\/www.capri-matique.com\/client\/aprfae5\/ecoutons-les-femmes\/embed\/#?secret=UH9FEztHPi\" width=\"600\" height=\"338\" title=\"\u00ab\u00a0Journ\u00e9e internationale des droits des femmes 2021\u00a0\u00bb &#8212; Association de personnes retrait\u00e9es de la FAE\" data-secret=\"UH9FEztHPi\" frameborder=\"0\" marginwidth=\"0\" marginheight=\"0\" scrolling=\"no\" class=\"wp-embedded-content\"><\/iframe><script type=\"text\/javascript\">\n\/* <![CDATA[ *\/\n\/*! This file is auto-generated *\/\n!function(d,l){\"use strict\";l.querySelector&&d.addEventListener&&\"undefined\"!=typeof URL&&(d.wp=d.wp||{},d.wp.receiveEmbedMessage||(d.wp.receiveEmbedMessage=function(e){var t=e.data;if((t||t.secret||t.message||t.value)&&!\/[^a-zA-Z0-9]\/.test(t.secret)){for(var s,r,n,a=l.querySelectorAll('iframe[data-secret=\"'+t.secret+'\"]'),o=l.querySelectorAll('blockquote[data-secret=\"'+t.secret+'\"]'),c=new RegExp(\"^https?:$\",\"i\"),i=0;i<o.length;i++)o[i].style.display=\"none\";for(i=0;i<a.length;i++)s=a[i],e.source===s.contentWindow&&(s.removeAttribute(\"style\"),\"height\"===t.message?(1e3<(r=parseInt(t.value,10))?r=1e3:~~r<200&&(r=200),s.height=r):\"link\"===t.message&&(r=new URL(s.getAttribute(\"src\")),n=new URL(t.value),c.test(n.protocol))&&n.host===r.host&&l.activeElement===s&&(d.top.location.href=t.value))}},d.addEventListener(\"message\",d.wp.receiveEmbedMessage,!1),l.addEventListener(\"DOMContentLoaded\",function(){for(var e,t,s=l.querySelectorAll(\"iframe.wp-embedded-content\"),r=0;r<s.length;r++)(t=(e=s[r]).getAttribute(\"data-secret\"))||(t=Math.random().toString(36).substring(2,12),e.src+=\"#?secret=\"+t,e.setAttribute(\"data-secret\",t)),e.contentWindow.postMessage({message:\"ready\",secret:t},\"*\")},!1)))}(window,document);\n\/* ]]> *\/\n<\/script>\n","description":"Signification du visuel du 8 mars 2021: \u00c9coutons les femmes La pand\u00e9mie de Covid-19 a un impact n\u00e9gatif sur les femmes et exacerbe les in\u00e9galit\u00e9s structurelles et syst\u00e9miques existantes caus\u00e9es par le patriarcat, le classisme, le racisme et le colonialisme. Aux premi\u00e8res lignes des services de sant\u00e9, services sociaux et \u00e9ducation, occupant de fa\u00e7on majoritaire &hellip;"}

Association de personnes retraitées de la FAE

Journée internationale des droits des femmes 2021 - Association de personnes retraitées de la FAE

<blockquote class="wp-embedded-content" data-secret="UH9FEztHPi"><a href="https://www.capri-matique.com/client/aprfae5/ecoutons-les-femmes/">Journée internationale des droits des femmes 2021</a></blockquote><iframe sandbox="allow-scripts" security="restricted" src="https://www.capri-matique.com/client/aprfae5/ecoutons-les-femmes/embed/#?secret=UH9FEztHPi" width="600" height="338" title="« Journée internationale des droits des femmes 2021 » &#8212; Association de personnes retraitées de la FAE" data-secret="UH9FEztHPi" frameborder="0" marginwidth="0" marginheight="0" scrolling="no" class="wp-embedded-content"></iframe><script type="text/javascript">
/* <![CDATA[ */
/*! This file is auto-generated */
!function(d,l){"use strict";l.querySelector&&d.addEventListener&&"undefined"!=typeof URL&&(d.wp=d.wp||{},d.wp.receiveEmbedMessage||(d.wp.receiveEmbedMessage=function(e){var t=e.data;if((t||t.secret||t.message||t.value)&&!/[^a-zA-Z0-9]/.test(t.secret)){for(var s,r,n,a=l.querySelectorAll('iframe[data-secret="'+t.secret+'"]'),o=l.querySelectorAll('blockquote[data-secret="'+t.secret+'"]'),c=new RegExp("^https?:$","i"),i=0;i<o.length;i++)o[i].style.display="none";for(i=0;i<a.length;i++)s=a[i],e.source===s.contentWindow&&(s.removeAttribute("style"),"height"===t.message?(1e3<(r=parseInt(t.value,10))?r=1e3:~~r<200&&(r=200),s.height=r):"link"===t.message&&(r=new URL(s.getAttribute("src")),n=new URL(t.value),c.test(n.protocol))&&n.host===r.host&&l.activeElement===s&&(d.top.location.href=t.value))}},d.addEventListener("message",d.wp.receiveEmbedMessage,!1),l.addEventListener("DOMContentLoaded",function(){for(var e,t,s=l.querySelectorAll("iframe.wp-embedded-content"),r=0;r<s.length;r++)(t=(e=s[r]).getAttribute("data-secret"))||(t=Math.random().toString(36).substring(2,12),e.src+="#?secret="+t,e.setAttribute("data-secret",t)),e.contentWindow.postMessage({message:"ready",secret:t},"*")},!1)))}(window,document);
/* ]]> */
</script>

Signification du visuel du 8 mars 2021: Écoutons les femmes La pandémie de Covid-19 a un impact négatif sur les femmes et exacerbe les inégalités structurelles et systémiques existantes causées par le patriarcat, le classisme, le racisme et le colonialisme. Aux premières lignes des services de santé, services sociaux et éducation, occupant de façon majoritaire &hellip;
